000
CXUS54 KEWX 011010
CF6PEZ
PRELIMINARY LOCAL CLIMATOLOGICAL DATA (WS FORM: F-6)
STATION: PLEASANTON MUNICIPAL AIRPORT
MONTH: APRIL
YEAR: 2023
LATITUDE: 28 57 N
LONGITUDE: 98 31 W
TEMPERATURE IN F: :PCPN: SNOW: WIND :SUNSHINE: SKY :PK WND
================================================================================
1 2 3 4 5 6A 6B 7 8 9 10 11 12 13 14 15 16 17 18
12Z AVG MX 2MIN
DY MAX MIN AVG DEP HDD CDD WTR SNW DPTH SPD SPD DIR MIN PSBL S-S WX SPD DR
================================================================================
1 91 65 78 M 0 13 0.00 M M 7.4 13 80 M M 3 1 21 90
2 92 69 81 M 0 16 0.00 M M 6.9 14 190 M M 5 23 190
3 96 71 84 M 0 19 0.00 M M 8.2 15 140 M M 3 23 140
4 92 71 82 M 0 17 0.00 M M 8.3 14 170 M M 2 1 21 150
5 79 56 68 M 0 3 0.01 M M 10.6 17 60 M M 8 3 26 330
6 59 51 55 M 10 0 0.54 M M 9.4 18 30 M M 10 3 22 40
7 56 53 55 M 10 0 0.32 M M 6.7 14 30 M M 10 3 20 20
8 77 55 66 M 0 1 0.00 M M 3.5 7 80 M M 7 1 M M
9 76 56 66 M 0 1 0.00 M M 4.2 8 50 M M 10 M M
10 75 58 67 M 0 2 0.00 M M 4.3 8 100 M M 7 8 M M
11 80 53 67 M 0 2 0.00 M M 4.1 12 100 M M 2 1 16 50
12 82 50 66 M 0 1 0.00 M M 2.7 8 80 M M 1 M M
13 84 52 68 M 0 3 0.00 M M 6.9 13 140 M M 2 1 20 170
14 86 64 75 M 0 10 0.00 M M 6.5 13 140 M M 5 16 140
15 94 69 82 M 0 17 0.28 M M 4.4 10 20 M M 4 1 18 50
16 79 55 67 M 0 2 0.00 M M 8.6 15 40 M M 0 24 50
17 83 47 65 M 0 0 0.00 M M 7.3 16 140 M M 1 29 140
18 84 66 75 M 0 10 0.06 M M 11.0 26 170 M M 9 33 150
19 81 71 76 M 0 11 0.00 M M 12.0 20 150 M M 9 27 150
20 89 73 81 M 0 16 0.00 M M 10.4 22 160 M M 8 29 150
21 83 63 73 M 0 8 0.61 M M 7.8 15 70 M M 5 23 40
22 84 57 71 M 0 6 0.00 M M 9.7 21 90 M M 5 1 29 90
23 70 55 63 M 2 0 1.68 M M 11.1 20 30 M M 9 3 26 90
24 73 55 64 M 1 0 0.00 M M 6.0 12 40 M M 9 1 16 120
25 83 63 73 M 0 8 0.00 M M 7.2 13 140 M M 8 22 150
26 89 71 80 M 0 15 0.00 M M 7.9 17 160 M M 6 23 150
27 85 65 75 M 0 10 0.00 M M 7.2 14 160 M M 2 21 20
28 88 62 75 M 0 10 0.00 M M 7.9 18 170 M M 6 123 39 260
29 82 53 68 M 0 3 0.00 M M 10.3 21 330 M M 0 29 330
30 91 48 70 M 0 5 0.00 M M 7.4 18 160 M M 0 23 170
================================================================================
SM 2463 1797 23 209 3.50 M 225.9 M 156
================================================================================
AV 82.1 59.9 7.5 FASTST M M 5 MAX(MPH)
MISC ----> 26 170 39 260
================================================================================
NOTES:
# LAST OF SEVERAL OCCURRENCES
COLUMN 17 PEAK WIND IN M.P.H.
PRELIMINARY LOCAL CLIMATOLOGICAL DATA (WS FORM: F-6) , PAGE 2
STATION: PLEASANTON MUNICIPAL AIRPORT
MONTH: APRIL
YEAR: 2023
LATITUDE: 28 57 N
LONGITUDE: 98 31 W
[TEMPERATURE DATA] [PRECIPITATION DATA] SYMBOLS USED IN COLUMN 16
AVERAGE MONTHLY: 71.0 TOTAL FOR MONTH: 3.50 1 = FOG OR MIST
DPTR FM NORMAL: 0.0 DPTR FM NORMAL: M 2 = FOG REDUCING VISIBILITY
HIGHEST: 96 ON 3 GRTST 24HR 1.68 ON 23-23 TO 1/4 MILE OR LESS
LOWEST: 47 ON 17 3 = THUNDER
SNOW, ICE PELLETS, HAIL 4 = ICE PELLETS
TOTAL MONTH: M 5 = HAIL
GRTST 24HR M ON M 6 = FREEZING RAIN OR DRIZZLE
GRTST DEPTH: M ON M 7 = DUSTSTORM OR SANDSTORM:
VSBY 1/2 MILE OR LESS
8 = SMOKE OR HAZE
[NO. OF DAYS WITH] [WEATHER - DAYS WITH] 9 = BLOWING SNOW
X = TORNADO
MAX 32 OR BELOW: 0 0.01 INCH OR MORE: 7
MAX 90 OR ABOVE: 6 0.10 INCH OR MORE: 5
MIN 32 OR BELOW: 0 0.50 INCH OR MORE: 3
MIN 0 OR BELOW: 0 1.00 INCH OR MORE: 1
[HDD (BASE 65) ]
TOTAL THIS MO. 23 CLEAR (SCALE 0-3) 9
DPTR FM NORMAL M PTCLDY (SCALE 4-7) 13
TOTAL FM JUL 1 1054 CLOUDY (SCALE 8-10) 8
DPTR FM NORMAL M
[CDD (BASE 65) ]
TOTAL THIS MO. 209
DPTR FM NORMAL M [PRESSURE DATA]
TOTAL FM JAN 1 538 HIGHEST SLP M ON M
DPTR FM NORMAL M LOWEST SLP M ON M
[REMARKS]
#FINAL-04-23#