000
CXUS56 KFGZ 010910
CF6PGA
PRELIMINARY LOCAL CLIMATOLOGICAL DATA (WS FORM: F-6)
STATION: PAGE AZ AIRPORT
MONTH: NOVEMBER
YEAR: 2023
LATITUDE: 36 55 N
LONGITUDE: 111 27 W
TEMPERATURE IN F: :PCPN: SNOW: WIND :SUNSHINE: SKY :PK WND
================================================================================
1 2 3 4 5 6A 6B 7 8 9 10 11 12 13 14 15 16 17 18
12Z AVG MX 2MIN
DY MAX MIN AVG DEP HDD CDD WTR SNW DPTH SPD SPD DIR MIN PSBL S-S WX SPD DR
================================================================================
1 61 36 49 -5 16 0 0.00 M M 2.1 8 350 M M 0 8 12 20
2 65 38 52 -1 13 0 0.00 M M 1.7 7 350 M M 0 8 10 40
3 70 41 56 3 9 0 0.00 M M 2.6 7 210 M M 0 8 11 360
4 71 45 58 6 7 0 0.00 M M 2.6 7 20 M M 0 8 12 10
5 67 45 56 4 9 0 0.00 M M 1.4 7 340 M M 0 10 330
6 77 45 61 10 4 0 0.00 M M 3.3 10 190 M M 0 8 15 200
7 78 53 66 15 0 1 0.00 M M 7.5 20 230 M M 0 8 37 220
8 71 46 59 9 6 0 T M M 5.9 15 30 M M 1 22 270
9 57 39 48 -2 17 0 0.00 M M 3.1 9 60 M M 0 8 14 40
10 58 33 46 -4 19 0 0.00 M M 2.3 7 70 M M 0 8 12 50
11 60 34 47 -2 18 0 0.00 M M 2.7 8 40 M M 0 14 40
12 60 34 47 -2 18 0 0.00 M M 2.2 8 30 M M 0 8 11 60
13 59 35 47 -1 18 0 0.00 M M 2.0 8 40 M M 0 16 30
14 64 39 52 4 13 0 0.00 M M 1.2 7 50 M M 0 8 10 40
15 65 44 55 8 10 0 T M M 2.6 8 50 M M 1 8 10 50
16 70 50 60 13 5 0 T M M 2.8 8 360 M M 4 11 350
17 65 45 55 9 10 0 0.00 M M 2.6 8 50 M M 1 13 350
18 62 43 53 7 12 0 0.01 M M 3.5 8 10 M M 4 8 13 290
19 52 44 48 2 17 0 0.21 M M 5.5 21 290 M M 8 1 35 300
20 58 42 50 5 15 0 0.00 M M 5.7 13 300 M M 1 20 300
21 56 37 47 2 18 0 0.00 M M 2.5 7 10 M M 0 8 11 30
22 54 35 45 1 20 0 0.00 M M 2.0 7 50 M M 0 8 12 10
23 49 35 42 -2 23 0 0.00 M M 2.0 6 60 M M 0 8 8 250
24 47 36 42 -1 23 0 0.15 M M 3.1 15 290 M M 7 18 28 290
25 46 34 40 -3 25 0 0.00 M M 3.1 8 80 M M 3 8 12 280
26 45 32 39 -3 26 0 0.00 M M 2.1 10 40 M M 4 8 15 60
27 47 28 38 -4 27 0 0.00 M M 2.8 12 50 M M 0 8 15 40
28 45 27 36 -6 29 0 0.00 M M 1.1 8 30 M M 0 8 13 40
29 46 34 40 -1 25 0 0.00 M M 1.0 8 40 M M 7 8 11 40
30 53 34 44 3 21 0 0.00 M M 2.8 10 240 M M 5 8 18 250
================================================================================
SM 1778 1163 473 1 0.37 M 85.8 M 46
================================================================================
AV 59.3 38.8 2.9 FASTST M M 2 MAX(MPH)
MISC ----> 21 290 37 220
================================================================================
NOTES:
# LAST OF SEVERAL OCCURRENCES
COLUMN 17 PEAK WIND IN M.P.H.
PRELIMINARY LOCAL CLIMATOLOGICAL DATA (WS FORM: F-6) , PAGE 2
STATION: PAGE AZ AIRPORT
MONTH: NOVEMBER
YEAR: 2023
LATITUDE: 36 55 N
LONGITUDE: 111 27 W
[TEMPERATURE DATA] [PRECIPITATION DATA] SYMBOLS USED IN COLUMN 16
AVERAGE MONTHLY: 49.0 TOTAL FOR MONTH: 0.37 1 = FOG OR MIST
DPTR FM NORMAL: 1.9 DPTR FM NORMAL: -0.04 2 = FOG REDUCING VISIBILITY
HIGHEST: 78 ON 7 GRTST 24HR 0.21 ON 19-19 TO 1/4 MILE OR LESS
LOWEST: 27 ON 28 3 = THUNDER
SNOW, ICE PELLETS, HAIL 4 = ICE PELLETS
TOTAL MONTH: M 5 = HAIL
GRTST 24HR M ON M 6 = FREEZING RAIN OR DRIZZLE
GRTST DEPTH: M ON M 7 = DUSTSTORM OR SANDSTORM:
VSBY 1/2 MILE OR LESS
8 = SMOKE OR HAZE
[NO. OF DAYS WITH] [WEATHER - DAYS WITH] 9 = BLOWING SNOW
X = TORNADO
MAX 32 OR BELOW: 0 0.01 INCH OR MORE: 3
MAX 90 OR ABOVE: 0 0.10 INCH OR MORE: 2
MIN 32 OR BELOW: 3 0.50 INCH OR MORE: 0
MIN 0 OR BELOW: 0 1.00 INCH OR MORE: 0
[HDD (BASE 65) ]
TOTAL THIS MO. 473 CLEAR (SCALE 0-3) 23
DPTR FM NORMAL -64 PTCLDY (SCALE 4-7) 7
TOTAL FM JUL 1 574 CLOUDY (SCALE 8-10) 0
DPTR FM NORMAL -149
[CDD (BASE 65) ]
TOTAL THIS MO. 1
DPTR FM NORMAL 1 [PRESSURE DATA]
TOTAL FM JAN 1 2284 HIGHEST SLP M ON M
DPTR FM NORMAL 123 LOWEST SLP 29.60 ON 7
[REMARKS]
#FINAL-11-23#