000
CXUS53 KUNR 010930
CF6PHP
PRELIMINARY LOCAL CLIMATOLOGICAL DATA (WS FORM: F-6)
STATION: PHILIP SD
MONTH: MAY
YEAR: 2023
LATITUDE: 44 3 N
LONGITUDE: 101 36 W
TEMPERATURE IN F: :PCPN: SNOW: WIND :SUNSHINE: SKY :PK WND
================================================================================
1 2 3 4 5 6A 6B 7 8 9 10 11 12 13 14 15 16 17 18
12Z AVG MX 2MIN
DY MAX MIN AVG DEP HDD CDD WTR SNW DPTH SPD SPD DIR MIN PSBL S-S WX SPD DR
================================================================================
1 64 24 44 -7 21 0 0.00 M M 6.5 13 40 M M 0 18 340
2 67 24 46 -5 19 0 0.00 M M 5.8 14 140 M M 0 20 110
3 85 38 62 11 3 0 0.00 M M 8.0 17 170 M M 0 8 27 120
4 81 42 62 10 3 0 0.00 M M 14.0 26 80 M M 0 35 70
5 75 43 59 7 6 0 0.02 M M 8.7 18 80 M M 1 27 50
6 70 43 57 4 8 0 0.44 M M 9.6 39 190 M M 4 123 50 190
7 64 41 53 0 12 0 0.35 M M 6.3 30 330 M M 7 123 45 320
8 73 44 59 6 6 0 0.00 M M 6.3 14 90 M M 4 17 90
9 79 51 65 11 0 0 0.33 M M 13.0 25 160 M M 3 1 36 150
10 78 51 65 11 0 0 0.00 M M 7.8 23 220 M M 0 29 220
11 75 57 66 11 0 1 0.63 M M 8.8 20 90 M M 6 13 29 120
12 70 58 64 9 1 0 0.84 M M 15.3 24 320 M M 9 13 31 360
13 68 54 61 5 4 0 0.05 M M 14.1 23 70 M M 10 1 28 70
14 68 47 58 2 7 0 0.08 M M 12.2 25 70 M M 6 1 32 70
15 71 44 58 2 7 0 0.00 M M 3.7 9 190 M M 0 13 200
16 75 43 59 2 6 0 0.00 M M 3.8 10 140 M M 0 13 160
17 80 46 63 6 2 0 0.00 M M 7.4 28 350 M M 2 138 36 350
18 72 44 58 0 7 0 0.00 M M 10.1 23 10 M M 1 18 30 10
19 64 35 50 -8 15 0 0.00 M M 7.3 17 340 M M 1 1 23 10
20 78 35 57 -1 8 0 0.00 M M 5.0 15 200 M M 0 23 190
21 76 43 60 1 5 0 0.00 M M 5.0 13 70 M M 0 1 17 80
22 84 47 66 7 0 1 0.00 M M 3.6 9 160 M M 1 M M
23 85 60 73 13 0 8 0.00 M M 7.9 16 150 M M 0 23 200
24 82 54 68 8 0 3 0.00 M M 11.1 24 170 M M 0 31 160
25 84 56 70 10 0 5 0.00 M M 13.0 24 150 M M 1 34 150
26 81 53 67 6 0 2 0.00 M M 15.6 28 160 M M 3 40 140
27 85 60 73 12 0 8 0.04 M M 16.2 29 160 M M 4 42 170
28 78 57 68 7 0 3 0.18 M M 6.0 15 180 M M 4 13 20 160
29 83 53 68 6 0 3 0.00 M M 5.3 16 320 M M 0 21 320
30 87 50 69 7 0 4 0.10 M M 7.3 24 70 M M 1 3 35 300
31 85 58 72 10 0 7 0.00 M M 7.9 16 110 M M 1 23 110
================================================================================
SM 2367 1455 140 45 3.06 M 272.6 M 69
================================================================================
AV 76.4 46.9 8.8 FASTST M M 2 MAX(MPH)
MISC ----> 39 190 50 190
================================================================================
NOTES:
# LAST OF SEVERAL OCCURRENCES
COLUMN 17 PEAK WIND IN M.P.H.
PRELIMINARY LOCAL CLIMATOLOGICAL DATA (WS FORM: F-6) , PAGE 2
STATION: PHILIP SD
MONTH: MAY
YEAR: 2023
LATITUDE: 44 3 N
LONGITUDE: 101 36 W
[TEMPERATURE DATA] [PRECIPITATION DATA] SYMBOLS USED IN COLUMN 16
AVERAGE MONTHLY: 61.6 TOTAL FOR MONTH: 3.06 1 = FOG OR MIST
DPTR FM NORMAL: 5.0 DPTR FM NORMAL: 0.10 2 = FOG REDUCING VISIBILITY
HIGHEST: 87 ON 30 GRTST 24HR 1.37 ON 11-12 TO 1/4 MILE OR LESS
LOWEST: 24 ON 2, 1 3 = THUNDER
SNOW, ICE PELLETS, HAIL 4 = ICE PELLETS
TOTAL MONTH: M 5 = HAIL
GRTST 24HR M ON M 6 = FREEZING RAIN OR DRIZZLE
GRTST DEPTH: M ON M 7 = DUSTSTORM OR SANDSTORM:
VSBY 1/2 MILE OR LESS
8 = SMOKE OR HAZE
[NO. OF DAYS WITH] [WEATHER - DAYS WITH] 9 = BLOWING SNOW
X = TORNADO
MAX 32 OR BELOW: 0 0.01 INCH OR MORE: 11
MAX 90 OR ABOVE: 0 0.10 INCH OR MORE: 7
MIN 32 OR BELOW: 2 0.50 INCH OR MORE: 2
MIN 0 OR BELOW: 0 1.00 INCH OR MORE: 0
[HDD (BASE 65) ]
TOTAL THIS MO. 140 CLEAR (SCALE 0-3) 21
DPTR FM NORMAL -144 PTCLDY (SCALE 4-7) 8
TOTAL FM JUL 1 6959 CLOUDY (SCALE 8-10) 2
DPTR FM NORMAL -113
[CDD (BASE 65) ]
TOTAL THIS MO. 45
DPTR FM NORMAL 20 [PRESSURE DATA]
TOTAL FM JAN 1 45 HIGHEST SLP 30.49 ON 15
DPTR FM NORMAL 19 LOWEST SLP 29.65 ON 3
[REMARKS]
#FINAL-05-23#