000
CXUS53 KUNR 010930
CF6PHP
PRELIMINARY LOCAL CLIMATOLOGICAL DATA (WS FORM: F-6)
STATION: PHILIP SD
MONTH: SEPTEMBER
YEAR: 2021
LATITUDE: 44 3 N
LONGITUDE: 101 36 W
TEMPERATURE IN F: :PCPN: SNOW: WIND :SUNSHINE: SKY :PK WND
================================================================================
1 2 3 4 5 6A 6B 7 8 9 10 11 12 13 14 15 16 17 18
12Z AVG MX 2MIN
DY MAX MIN AVG DEP HDD CDD WTR SNW DPTH SPD SPD DIR MIN PSBL S-S WX SPD DR
================================================================================
1 79 63 71 2 0 6 0.29 M M 11.3 21 180 M M 3 1 29 170
2 78 61 70 1 0 5 1.14 M M 11.7 23 360 M M 6 1 29 330
3 71 57 64 -4 1 0 0.09 M M 6.8 17 350 M M 5 13 21 350
4 80 51 66 -2 0 1 0.00 M M 3.5 12 160 M M 0 16 160
5 88 51 70 2 0 5 0.00 M M 4.7 12 130 M M 0 19 120
6 99 53 76 9 0 11 0.00 M M 6.4 17 360 M M 0 24 360
7 83 51 67 0 0 2 0.00 M M 10.8 23 360 M M 0 34 320
8 80 46 63 -4 2 0 0.00 M M 5.9 15 30 M M 0 18 30
9 88 48 68 2 0 3 0.00 M M 5.1 17 180 M M 0 24 160
10 92 52 72 6 0 7 0.00 M M 7.4 15 110 M M 0 8 22 80
11 79 59 69 3 0 4 0.00 M M 10.8 20 40 M M 0 26 40
12 78 53 66 1 0 1 0.12 M M 7.1 15 130 M M 3 3 21 130
13 74 53 64 -1 1 0 0.03 M M 6.8 25 310 M M 2 13 34 300
14 76 54 65 1 0 0 T M M 5.8 15 300 M M 3 20 310
15 88 56 72 8 0 7 0.00 M M 7.4 20 210 M M 0 26 230
16 79 49 64 1 1 0 0.00 M M 12.2 31 360 M M 1 41 350
17 72 42 57 -6 8 0 0.00 M M 10.5 21 170 M M 2 27 170
18 98 54 76 14 0 11 0.00 M M 12.8 25 220 M M 0 33 190
19 93 54 74 12 0 9 0.01 M M 13.5 48 330 M M 1 68 320
20 70 49 60 -2 5 0 0.13 M M 13.0 31 330 M M 6 1 42 350
21 70 45 58 -3 7 0 0.00 M M 7.1 17 300 M M 2 22 300
22 82 45 64 3 1 0 0.00 M M 5.1 13 190 M M 0 19 170
23 86 37 62 2 3 0 0.00 M M 9.3 20 310 M M 0 26 310
24 67 41 54 -6 11 0 0.03 M M 9.1 30 350 M M 3 44 350
25 85 36 61 2 4 0 0.00 M M 4.6 14 250 M M 0 17 120
26 93 42 68 9 0 3 0.00 M M 8.1 20 320 M M 0 26 330
27 97 44 71 13 0 6 0.00 M M 4.2 15 170 M M 0 21 180
28 96 58 77 19 0 12 0.00 M M 12.4 24 170 M M 0 33 160
29 74 52 63 6 2 0 0.10 M M 13.3 33 320 M M 6 13 43 320
30 70 52 61 4 4 0 0.00 M M 8.6 18 350 M M 9 24 30
================================================================================
SM 2465 1508 50 93 1.94 M 255.3 M 52
================================================================================
AV 82.2 50.3 8.5 FASTST M M 2 MAX(MPH)
MISC ----> 48 330 68 320
================================================================================
NOTES:
# LAST OF SEVERAL OCCURRENCES
COLUMN 17 PEAK WIND IN M.P.H.
PRELIMINARY LOCAL CLIMATOLOGICAL DATA (WS FORM: F-6) , PAGE 2
STATION: PHILIP SD
MONTH: SEPTEMBER
YEAR: 2021
LATITUDE: 44 3 N
LONGITUDE: 101 36 W
[TEMPERATURE DATA] [PRECIPITATION DATA] SYMBOLS USED IN COLUMN 16
AVERAGE MONTHLY: 66.2 TOTAL FOR MONTH: 1.94 1 = FOG OR MIST
DPTR FM NORMAL: 2.9 DPTR FM NORMAL: 0.71 2 = FOG REDUCING VISIBILITY
HIGHEST: 99 ON 6 GRTST 24HR 1.43 ON 1- 2 TO 1/4 MILE OR LESS
LOWEST: 36 ON 25 3 = THUNDER
SNOW, ICE PELLETS, HAIL 4 = ICE PELLETS
TOTAL MONTH: M 5 = HAIL
GRTST 24HR M ON M 6 = FREEZING RAIN OR DRIZZLE
GRTST DEPTH: M ON M 7 = DUSTSTORM OR SANDSTORM:
VSBY 1/2 MILE OR LESS
8 = SMOKE OR HAZE
[NO. OF DAYS WITH] [WEATHER - DAYS WITH] 9 = BLOWING SNOW
X = TORNADO
MAX 32 OR BELOW: 0 0.01 INCH OR MORE: 9
MAX 90 OR ABOVE: 7 0.10 INCH OR MORE: 5
MIN 32 OR BELOW: 0 0.50 INCH OR MORE: 1
MIN 0 OR BELOW: 0 1.00 INCH OR MORE: 1
[HDD (BASE 65) ]
TOTAL THIS MO. 50 CLEAR (SCALE 0-3) 25
DPTR FM NORMAL -88 PTCLDY (SCALE 4-7) 4
TOTAL FM JUL 1 50 CLOUDY (SCALE 8-10) 1
DPTR FM NORMAL -109
[CDD (BASE 65) ]
TOTAL THIS MO. 93
DPTR FM NORMAL 6 [PRESSURE DATA]
TOTAL FM JAN 1 1099 HIGHEST SLP 30.42 ON 21
DPTR FM NORMAL 272 LOWEST SLP 29.43 ON 19
[REMARKS]
#FINAL-09-21#