000
CXUS53 KUNR 010945
CF6PHP
PRELIMINARY LOCAL CLIMATOLOGICAL DATA (WS FORM: F-6)
STATION: PHILIP SD
MONTH: MARCH
YEAR: 2020
LATITUDE: 44 3 N
LONGITUDE: 101 36 W
TEMPERATURE IN F: :PCPN: SNOW: WIND :SUNSHINE: SKY :PK WND
================================================================================
1 2 3 4 5 6A 6B 7 8 9 10 11 12 13 14 15 16 17 18
12Z AVG MX 2MIN
DY MAX MIN AVG DEP HDD CDD WTR SNW DPTH SPD SPD DIR MIN PSBL S-S WX SPD DR
================================================================================
1 42 21 32 3 33 0 0.00 M M 13.7 30 300 M M 3 39 300
2 48 17 33 3 32 0 0.00 M M 11.8 32 310 M M 2 45 310
3 50 26 38 8 27 0 T M M 13.1 28 290 M M 4 45 290
4 67 26 47 17 18 0 T M M 12.6 38 340 M M 2 52 340
5 50 25 38 7 27 0 0.00 M M 16.4 33 330 M M 0 44 320
6 71 26 49 18 16 0 0.00 M M 5.6 15 150 M M 0 19 150
7 77 34 56 25 9 0 0.00 M M 10.0 24 240 M M 0 38 240
8 61 33 47 15 18 0 0.00 M M 12.3 30 320 M M 5 37 310
9 47 23 35 3 30 0 0.00 M M 6.8 12 330 M M 5 6 14 100
10 52 27 40 8 25 0 0.01 M M 5.4 14 210 M M 6 6 20 210
11 68 28 48 15 17 0 0.00 M M 9.2 31 350 M M 0 43 350
12 47 17 32 -1 33 0 0.00 M M 17.0 31 320 M M 3 41 320
13 41 14 28 -6 37 0 0.16 M M 12.3 26 80 M M 6 1 34 80
14 30 26 28 -6 37 0 0.10 M M 17.0 24 110 M M 10 1 35 120
15 40 29 35 1 30 0 0.00 M M 12.4 23 140 M M 10 31 140
16 33 30 32 -3 33 0 0.01 M M 10.9 18 340 M M 10 1 25 340
17 49 24 37 2 28 0 0.00 M M 8.9 25 170 M M 7 33 170
18 46 25 36 0 29 0 0.00 M M 7.2 14 320 M M 8 1 20 320
19 39 14 27 -9 38 0 T M M 16.2 28 350 M M 8 1 36 350
20 31 5 18 -18 47 0 0.00 M M 8.4 17 170 M M 1 26 150
21 59 15 37 0 28 0 0.00 M M 5.5 14 220 M M 1 19 210
22 51 22 37 0 28 0 T M M 7.9 20 40 M M 8 29 40
23 65 18 42 5 23 0 0.00 M M 8.1 22 170 M M 1 28 160
24 67 28 48 10 17 0 0.00 M M 11.0 25 320 M M 1 35 320
25 45 30 38 0 27 0 0.24 M M 8.3 18 40 M M 10 16 25 50
26 43 31 37 -2 28 0 0.07 M M 6.0 14 70 M M 10 1 17 70
27 49 33 41 2 24 0 0.08 M M 5.9 13 40 M M 9 1 18 20
28 59 32 46 7 19 0 0.11 M M 11.8 26 330 M M 5 1 41 360
29 64 29 47 7 18 0 0.00 M M 5.4 14 270 M M 3 22 270
30 68 30 49 9 16 0 0.02 M M 10.0 32 170 M M 3 3 43 160
31 70 35 53 13 12 0 0.00 M M 6.6 16 350 M M 3 12 21 360
================================================================================
SM 1629 773 804 0 0.80 M 313.7 M 144
================================================================================
AV 52.6 24.9 10.1 FASTST M M 5 MAX(MPH)
MISC ----> # 38 340 # 52 340
================================================================================
NOTES:
# LAST OF SEVERAL OCCURRENCES
COLUMN 17 PEAK WIND IN M.P.H.
PRELIMINARY LOCAL CLIMATOLOGICAL DATA (WS FORM: F-6) , PAGE 2
STATION: PHILIP SD
MONTH: MARCH
YEAR: 2020
LATITUDE: 44 3 N
LONGITUDE: 101 36 W
[TEMPERATURE DATA] [PRECIPITATION DATA] SYMBOLS USED IN COLUMN 16
AVERAGE MONTHLY: 38.7 TOTAL FOR MONTH: 0.80 1 = FOG OR MIST
DPTR FM NORMAL: 4.0 DPTR FM NORMAL: -0.47 2 = FOG REDUCING VISIBILITY
HIGHEST: 77 ON 7 GRTST 24HR 0.24 ON 25-25 TO 1/4 MILE OR LESS
LOWEST: 5 ON 20 3 = THUNDER
SNOW, ICE PELLETS, HAIL 4 = ICE PELLETS
TOTAL MONTH: M 5 = HAIL
GRTST 24HR M ON M 6 = FREEZING RAIN OR DRIZZLE
GRTST DEPTH: M ON M 7 = DUSTSTORM OR SANDSTORM:
VSBY 1/2 MILE OR LESS
8 = SMOKE OR HAZE
[NO. OF DAYS WITH] [WEATHER - DAYS WITH] 9 = BLOWING SNOW
X = TORNADO
MAX 32 OR BELOW: 2 0.01 INCH OR MORE: 9
MAX 90 OR ABOVE: 0 0.10 INCH OR MORE: 4
MIN 32 OR BELOW: 27 0.50 INCH OR MORE: 0
MIN 0 OR BELOW: 0 1.00 INCH OR MORE: 0
[HDD (BASE 65) ]
TOTAL THIS MO. 804 CLEAR (SCALE 0-3) 14
DPTR FM NORMAL -134 PTCLDY (SCALE 4-7) 10
TOTAL FM JUL 1 6175 CLOUDY (SCALE 8-10) 7
DPTR FM NORMAL -128
[CDD (BASE 65) ]
TOTAL THIS MO. 0
DPTR FM NORMAL 0 [PRESSURE DATA]
TOTAL FM JAN 1 0 HIGHEST SLP 30.72 ON 20
DPTR FM NORMAL 0 LOWEST SLP 29.54 ON 11
[REMARKS]
#FINAL-03-20#