000
CXUS55 KPSR 011005
CF6PHX
PRELIMINARY LOCAL CLIMATOLOGICAL DATA (WS FORM: F-6)
STATION: PHOENIX AZ
MONTH: MAY
YEAR: 2022
LATITUDE: 33 25 N
LONGITUDE: 112 1 W
TEMPERATURE IN F: :PCPN: SNOW: WIND :SUNSHINE: SKY :PK WND
================================================================================
1 2 3 4 5 6A 6B 7 8 9 10 11 12 13 14 15 16 17 18
12Z AVG MX 2MIN
DY MAX MIN AVG DEP HDD CDD WTR SNW DPTH SPD SPD DIR MIN PSBL S-S WX SPD DR
================================================================================
1 97 65 81 4 0 16 0.00 0.0 0 10.7 25 260 M M 0 35 260
2 93 68 81 4 0 16 0.00 0.0 0 5.8 16 310 M M 0 24 330
3 92 68 80 2 0 15 0.00 0.0 0 8.7 24 270 M M 3 36 270
4 93 67 80 2 0 15 0.00 0.0 0 6.3 20 290 M M 1 8 29 290
5 96 68 82 4 0 17 0.00 0.0 0 5.4 13 270 M M 1 8 17 270
6 99 68 84 5 0 19 0.00 0.0 0 5.7 16 290 M M 3 22 290
7 102 70 86 7 0 21 0.00 0.0 0 10.3 23 230 M M 3 31 270
8 96 74 85 6 0 20 0.00 0.0 0 10.3 23 270 M M 1 34 270
9 89 68 79 -1 0 14 0.00 0.0 0 10.4 22 280 M M 0 30 290
10 90 66 78 -2 0 13 0.00 0.0 0 5.7 18 280 M M 3 25 290
11 89 66 78 -2 0 13 0.00 0.0 0 11.5 26 270 M M 5 35 260
12 86 59 73 -8 0 8 0.00 0.0 0 5.7 16 300 M M 0 25 290
13 96 62 79 -2 0 14 0.00 0.0 0 4.5 13 300 M M 1 28 290
14 104 68 86 5 0 21 0.00 0.0 0 4.5 12 280 M M 2 16 350
15 105 71 88 6 0 23 0.00 0.0 0 6.1 15 300 M M 5 23 300
16 105 74 90 8 0 25 0.00 0.0 0 8.7 20 270 M M 0 27 270
17 102 73 88 6 0 23 0.00 0.0 0 6.3 17 270 M M 0 24 340
18 103 75 89 6 0 24 0.00 0.0 0 7.5 18 260 M M 1 23 330
19 101 75 88 5 0 23 0.00 0.0 0 6.9 22 240 M M 2 28 270
20 99 71 85 2 0 20 0.00 0.0 0 10.1 30 270 M M 1 36 280
21 93 70 82 -2 0 17 0.00 0.0 0 9.7 21 290 M M 0 29 280
22 97 71 84 0 0 19 0.00 0.0 0 6.9 17 270 M M 2 24 320
23 97 69 83 -1 0 18 0.00 0.0 0 8.3 21 280 M M 3 30 220
24 99 73 86 1 0 21 0.00 0.0 0 9.0 21 270 M M 2 31 260
25 103 75 89 4 0 24 0.00 0.0 0 7.1 15 290 M M 1 21 280
26 105 78 92 7 0 27 0.00 0.0 0 6.8 15 270 M M 1 21 300
27 106 79 93 7 0 28 0.00 0.0 0 7.1 18 270 M M 3 26 330
28 102 77 90 4 0 25 0.00 0.0 0 9.5 22 270 M M 7 29 240
29 95 77 86 0 0 21 0.00 0.0 0 9.7 23 240 M M 1 35 260
30 95 73 84 -3 0 19 0.00 0.0 0 8.5 21 240 M M 0 30 240
31 97 72 85 -2 0 20 0.00 0.0 0 5.9 17 310 M M 0 25 290
================================================================================
SM 3026 2190 0 599 0.00 0.0 239.6 M 52
================================================================================
AV 97.6 70.6 7.7 FASTST M M 2 MAX(MPH)
MISC ----> 30 270 # 36 270
================================================================================
NOTES:
# LAST OF SEVERAL OCCURRENCES
COLUMN 17 PEAK WIND IN M.P.H.
PRELIMINARY LOCAL CLIMATOLOGICAL DATA (WS FORM: F-6) , PAGE 2
STATION: PHOENIX AZ
MONTH: MAY
YEAR: 2022
LATITUDE: 33 25 N
LONGITUDE: 112 1 W
[TEMPERATURE DATA] [PRECIPITATION DATA] SYMBOLS USED IN COLUMN 16
AVERAGE MONTHLY: 84.1 TOTAL FOR MONTH: 0.00 1 = FOG OR MIST
DPTR FM NORMAL: 2.1 DPTR FM NORMAL: -0.13 2 = FOG REDUCING VISIBILITY
HIGHEST: 106 ON 27 GRTST 24HR 0.00 ON 1- 1 TO 1/4 MILE OR LESS
LOWEST: 59 ON 12 3 = THUNDER
SNOW, ICE PELLETS, HAIL 4 = ICE PELLETS
TOTAL MONTH: 0.0 INCH 5 = HAIL
GRTST 24HR 0.0 6 = FREEZING RAIN OR DRIZZLE
GRTST DEPTH: 0 7 = DUSTSTORM OR SANDSTORM:
VSBY 1/2 MILE OR LESS
8 = SMOKE OR HAZE
[NO. OF DAYS WITH] [WEATHER - DAYS WITH] 9 = BLOWING SNOW
X = TORNADO
MAX 32 OR BELOW: 0 0.01 INCH OR MORE: 0
MAX 90 OR ABOVE: 28 0.10 INCH OR MORE: 0
MIN 32 OR BELOW: 0 0.50 INCH OR MORE: 0
MIN 0 OR BELOW: 0 1.00 INCH OR MORE: 0
[HDD (BASE 65) ]
TOTAL THIS MO. 0 CLEAR (SCALE 0-3) 25
DPTR FM NORMAL -1 PTCLDY (SCALE 4-7) 6
TOTAL FM JUL 1 628 CLOUDY (SCALE 8-10) 0
DPTR FM NORMAL -245
[CDD (BASE 65) ]
TOTAL THIS MO. 599
DPTR FM NORMAL 71 [PRESSURE DATA]
TOTAL FM JAN 1 1073 HIGHEST SLP 30.06 ON 12
DPTR FM NORMAL 163 LOWEST SLP 29.46 ON 29
[REMARKS]
#FINAL-05-22#