000
CXUS53 KILX 011452
CLSPIA
CLIMATE REPORT
NATIONAL WEATHER SERVICE LINCOLN IL
852 AM CST THU DEC 01 2022
...................................
...THE PEORIA IL CLIMATE SUMMARY FOR THE SEASON, FROM
9/1/2022 TO 11/30/2022...
CLIMATE NORMAL PERIOD 1991 TO 2020
CLIMATE RECORD PERIOD 1883 TO 2022
WEATHER OBSERVED NORMAL DEPART LAST YEAR`S
VALUE DATE(S) VALUE FROM VALUE
NORMAL
..............................................................
TEMPERATURE (F)
RECORD
HIGH 104 09/05/1899
LOW -2 11/26/1977
HIGHEST 96 09/20 MM MM 91
LOWEST 13 11/20 MM MM 18
AVG. MAXIMUM 66.1 64.9 1.2 67.4
AVG. MINIMUM 44.2 44.6 -0.4 47.9
MEAN 55.1 54.7 0.4 57.7
DAYS MAX >= 90 1 2.9 -1.9 1
DAYS MAX <= 32 3 1.9 1.1 0
DAYS MIN <= 32 20 18.4 1.6 18
DAYS MIN <= 0 0 0.0 0.0 0
PRECIPITATION (INCHES)
RECORD
MAXIMUM 19.58 1926
MINIMUM 2.92 2002
TOTALS 5.41 9.35 -3.94 11.38
DAILY AVG. 0.06 0.12
DAYS >= .01 22 26.2 -4.2 28
DAYS >= .10 13 16.5 -3.5 17
DAYS >= .50 3 6.5 -3.5 7
DAYS >= 1.00 1 2.4 -1.4 3
GREATEST
24 HR. TOTAL 1.22 MM
SNOWFALL (INCHES)
RECORDS
TOTAL 10.7 1926
24 HR TOTAL 6.8 11/26/1975 TO 11/26/1975
TOTALS 2.8 1.6 1.2 T
SINCE 7/1 2.8 1.6 1.2 MM
DAYS >= TRACE 8 1.5 6.5 4
DAYS >= 1.0 1 0.5 0.5 0
GREATEST
SNOW DEPTH 2 11/15 0
24 HR TOTAL 0.0 T
DEGREE DAYS
HEATING TOTAL 1063 1095 -32 913
SINCE 7/1 1063 1099 -36 MM
COOLING TOTAL 187 159 28 269
SINCE 1/1 1334 1157 177 MM
FREEZE DATES
RECORD
EARLIEST 09/20/1991
LATEST 05/25/1925
EARLIEST 10/18
LATEST 04/26
..............................................................
WIND (MPH)
AVERAGE WIND SPEED 7.6
HIGHEST WIND SPEED/DIRECTION 38/220 DATE 11/05
HIGHEST GUST SPEED/DIRECTION 58/230 DATE 11/05
SKY COVER
POSSIBLE SUNSHINE (PERCENT) MM
AVERAGE SKY COVER 0.27
NUMBER OF DAYS FAIR 64
NUMBER OF DAYS PC 16
NUMBER OF DAYS CLOUDY 11
AVERAGE RH (PERCENT) 64
WEATHER CONDITIONS. NUMBER OF DAYS WITH
THUNDERSTORM 3 MIXED PRECIP 0
HEAVY RAIN 8 RAIN 8
LIGHT RAIN 24 FREEZING RAIN 0
LT FREEZING RAIN 0 HAIL 0
HEAVY SNOW 0 SNOW 0
LIGHT SNOW 8 SLEET 0
FOG 19 FOG W/VIS <= 1/4 MILE 1
HAZE 10
- INDICATES NEGATIVE NUMBERS.
R INDICATES RECORD WAS SET OR TIED.
MM INDICATES DATA IS MISSING.
T INDICATES TRACE AMOUNT.
$$