000
CXUS55 KPIH 011634
CF6PIH
PRELIMINARY LOCAL CLIMATOLOGICAL DATA (WS FORM: F-6)
STATION: POCATELLO
MONTH: MARCH
YEAR: 2022
LATITUDE: 42 55 N
LONGITUDE: 112 36 W
TEMPERATURE IN F: :PCPN: SNOW: WIND :SUNSHINE: SKY :PK WND
================================================================================
1 2 3 4 5 6A 6B 7 8 9 10 11 12 13 14 15 16 17 18
12Z AVG MX 2MIN
DY MAX MIN AVG DEP HDD CDD WTR SNW DPTH SPD SPD DIR MIN PSBL S-S WX SPD DR
================================================================================
1 56 25 41 7 24 0 0.00 0.0 1 4.2 14 330 M M 2 21 340
2 61 26 44 9 21 0 0.00 0.0 T 4.3 12 330 M M 0 18 13 330
3 60 27 44 9 21 0 0.00 0.0 0 4.5 20 180 M M 0 1 27 190
4 39 33 36 1 29 0 0.00 0.0 0 10.9 21 240 M M 8 27 230
5 42 27 35 -1 30 0 T T 0 11.1 22 30 M M 7 1 30 40
6 38 21 30 -6 35 0 0.00 0.0 0 12.8 23 20 M M 1 31 20
7 33 15 24 -12 41 0 0.00 0.0 0 7.2 18 240 M M 5 22 240
8 39 26 33 -4 32 0 0.04 0.2 0 17.7 35 240 M M 7 1 46 240
9 26 8 17 -20 48 0 0.08 2.0 2 11.7 24 30 M M 7 1 33 40
10 24 -2 11 -27 54 0 T T 1 6.6 20 250 M M 5 8 24 250
11 41 10 26 -12 39 0 0.00 0.0 1 9.8 24 250 M M 2 30 250
12 52 26 39 1 26 0 0.00 0.0 T 17.3 30 170 M M 1 37 170
13 50 32 41 2 24 0 0.01 0.0 0 19.6 36 240 M M 6 46 240
14 50 26 38 -1 27 0 0.00 0.0 0 9.7 21 150 M M 2 27 180
15 54 36 45 6 20 0 0.12 0.0 0 11.8 28 190 M M 4 1 35 190
16 47 29 38 -2 27 0 T T 0 12.4 30 250 M M 7 12 39 250
17 49 22 36 -4 29 0 0.00 0.0 0 5.0 12 190 M M 1 16 310
18 54 29 42 2 23 0 0.00 0.0 0 8.3 21 260 M M 3 27 260
19 59 43 51 11 14 0 0.00 0.0 0 19.2 38 180 M M 3 48 170
20 46 27 37 -4 28 0 0.10 1.0 0 16.4 30 230 M M 8 128 39 230
21 44 20 32 -9 33 0 0.00 0.0 T 7.2 15 260 M M 0 21 260
22 53 25 39 -2 26 0 0.00 0.0 0 5.6 15 220 M M 1 19 220
23 61 26 44 3 21 0 0.00 0.0 0 5.7 15 190 M M 0 20 180
24 64 31 48 6 17 0 0.00 0.0 0 12.6 26 240 M M 1 32 240
25 72 30 51 9 14 0 0.00 0.0 0 6.2 17 260 M M 0 23 290
26 70 31 51 9 14 0 0.00 0.0 0 5.8 16 250 M M 0 22 260
27 75 34 55 13 10 0 0.00 0.0 0 6.4 22 170 M M 0 29 180
28 68 46 57 15 8 0 T 0.0 0 18.4 32 180 M M 2 44 180
29 59 40 50 8 15 0 T 0.0 0 11.3 23 10 M M 7 32 10
30 59 26 43 0 22 0 0.00 0.0 0 11.5 31 230 M M 1 39 230
31 50 34 42 -1 23 0 0.00 0.0 0 20.5 30 230 M M 4 40 260
================================================================================
SM 1595 829 795 0 0.35 3.2 331.7 M 95
================================================================================
AV 51.5 26.7 10.7 FASTST M M 3 MAX(MPH)
MISC ----> 38 180 48 170
================================================================================
NOTES:
# LAST OF SEVERAL OCCURRENCES
COLUMN 17 PEAK WIND IN M.P.H.
PRELIMINARY LOCAL CLIMATOLOGICAL DATA (WS FORM: F-6) , PAGE 2
STATION: POCATELLO
MONTH: MARCH
YEAR: 2022
LATITUDE: 42 55 N
LONGITUDE: 112 36 W
[TEMPERATURE DATA] [PRECIPITATION DATA] SYMBOLS USED IN COLUMN 16
AVERAGE MONTHLY: 39.1 TOTAL FOR MONTH: 0.35 1 = FOG OR MIST
DPTR FM NORMAL: 0.0 DPTR FM NORMAL: -0.86 2 = FOG REDUCING VISIBILITY
HIGHEST: 75 ON 27 GRTST 24HR 0.12 ON 15-15 TO 1/4 MILE OR LESS
LOWEST: -2 ON 10 3 = THUNDER
SNOW, ICE PELLETS, HAIL 4 = ICE PELLETS
TOTAL MONTH: 3.2 INCHES 5 = HAIL
GRTST 24HR 2.0 ON 9- 9 6 = FREEZING RAIN OR DRIZZLE
GRTST DEPTH: 3 ON M 7 = DUSTSTORM OR SANDSTORM:
VSBY 1/2 MILE OR LESS
8 = SMOKE OR HAZE
[NO. OF DAYS WITH] [WEATHER - DAYS WITH] 9 = BLOWING SNOW
X = TORNADO
MAX 32 OR BELOW: 2 0.01 INCH OR MORE: 5
MAX 90 OR ABOVE: 0 0.10 INCH OR MORE: 2
MIN 32 OR BELOW: 24 0.50 INCH OR MORE: 0
MIN 0 OR BELOW: 1 1.00 INCH OR MORE: 0
[HDD (BASE 65) ]
TOTAL THIS MO. 795 CLEAR (SCALE 0-3) 19
DPTR FM NORMAL -7 PTCLDY (SCALE 4-7) 10
TOTAL FM JUL 1 5831 CLOUDY (SCALE 8-10) 2
DPTR FM NORMAL -77
[CDD (BASE 65) ]
TOTAL THIS MO. 0
DPTR FM NORMAL 0 [PRESSURE DATA]
TOTAL FM JAN 1 0 HIGHEST SLP 30.47 ON 22
DPTR FM NORMAL 0 LOWEST SLP 29.51 ON 28
[REMARKS]
10TH: LOW OF -2 BREAKS PREVIOUS RECORD OF 3 SET IN 1969.
25TH: HIGH OF 72 TIES PREVIOUS RECORD SET IN 1999.
26TH: HIGH OF 70 BREAKS PREVIOUS RECORD OF 69 SET IN 1960.
27TH: HIGH OF 75 BREAKS PREVIOUS RECORD OF 74 SET IN 2015.
#FINAL-03-22#