111
CXUS55 KPIH 011539
CF6PIH
PRELIMINARY LOCAL CLIMATOLOGICAL DATA (WS FORM: F-6)
STATION: POCATELLO ID
MONTH: OCTOBER
YEAR: 2020
LATITUDE: 42 55 N
LONGITUDE: 112 36 W
TEMPERATURE IN F: :PCPN: SNOW: WIND :SUNSHINE: SKY :PK WND
================================================================================
1 2 3 4 5 6A 6B 7 8 9 10 11 12 13 14 15 16 17 18
12Z AVG MX 2MIN
DY MAX MIN AVG DEP HDD CDD WTR SNW DPTH SPD SPD DIR MIN PSBL S-S WX SPD DR
================================================================================
1 79 34 57 4 8 0 0.00 0.0 0 3.6 10 190 M M 0 12 250
2 75 38 57 5 8 0 0.00 0.0 0 4.3 13 250 M M 0 17 230
3 76 34 55 3 10 0 0.00 0.0 0 3.0 9 270 M M 0 8 13 240
4 80 34 57 6 8 0 0.00 0.0 0 6.2 16 230 M M 0 8 21 200
5 76 42 59 8 6 0 0.00 0.0 0 9.8 20 230 M M 0 27 220
6 78 33 56 5 9 0 0.00 0.0 0 4.0 12 270 M M 0 8 16 270
7 81 32 57 7 8 0 0.00 0.0 0 3.7 12 40 M M 0 14 30
8 80 35 58 8 7 0 0.00 0.0 0 6.2 18 240 M M 0 8 24 220
9 77 35 56 6 9 0 0.00 0.0 0 5.2 13 280 M M 0 8 18 260
10 75 33 54 5 11 0 0.10 0.0 0 11.3 31 290 M M 2 178 41 290
11 53 40 47 -2 18 0 0.04 0.0 0 20.6 35 240 M M 6 1 49 240
12 65 42 54 6 11 0 0.00 0.0 0 17.0 33 260 M M 3 46 260
13 70 39 55 7 10 0 T 0.0 0 13.8 25 230 M M 5 35 230
14 60 39 50 2 15 0 T 0.0 0 21.2 36 240 M M 2 48 250
15 54 34 44 -3 21 0 0.00 0.0 0 11.5 20 220 M M 0 25 220
16 65 31 48 1 17 0 0.00 0.0 0 16.6 33 230 M M 0 44 240
17 65 53 59 12 6 0 0.00 0.0 0 23.6 39 240 M M 2 51 240
18 68 50 59 13 6 0 0.00 0.0 0 21.2 43 240 M M 4 54 240
19 63 51 57 11 8 0 0.00 0.0 0 19.5 30 240 M M 1 38 240
20 61 50 56 10 9 0 0.00 0.0 0 20.7 32 230 M M 3 43 230
21 59 45 52 7 13 0 0.00 0.0 0 20.8 32 250 M M 5 45 230
22 45 18 32 -13 33 0 0.00 0.0 0 8.9 29 230 M M 3 36 230
23 50 16 33 -11 32 0 0.00 0.0 0 7.3 24 190 M M 0 33 180
24 52 23 38 -6 27 0 0.03 T 0 21.3 39 230 M M 9 50 230
25 31 11 21 -23 44 0 T T 0 15.2 28 30 M M 5 37 40
26 38 3 21 -22 44 0 0.00 0.0 0 7.1 17 240 M M 2 23 230
27 47 16 32 -11 33 0 0.00 0.0 0 7.4 13 230 M M 1 17 220
28 56 16 36 -7 29 0 0.00 0.0 0 5.0 16 230 M M 0 8 21 230
29 64 21 43 1 22 0 0.00 0.0 0 5.0 17 240 M M 0 23 250
30 69 21 45 3 20 0 0.00 0.0 0 11.2 26 180 M M 1 35 180
31 55 24 40 -1 25 0 0.00 0.0 0 10.4 28 240 M M 0 35 220
================================================================================
SM 1967 993 527 0 0.17 T 362.6 M 54
================================================================================
AV 63.5 32.0 11.7 FASTST M M 2 MAX(MPH)
MISC ----> # 43 240 # 54 240
================================================================================
NOTES:
# LAST OF SEVERAL OCCURRENCES
SNOWFALL/DEPTH ALWAYS AUGMENTED BY WFO POCATELLO
COLUMN 17 PEAK WIND IN M.P.H.
PRELIMINARY LOCAL CLIMATOLOGICAL DATA (WS FORM: F-6) , PAGE 2
STATION: POCATELLO ID
MONTH: OCTOBER
YEAR: 2020
LATITUDE: 42 55 N
LONGITUDE: 112 36 W
[TEMPERATURE DATA] [PRECIPITATION DATA] SYMBOLS USED IN COLUMN 16
AVERAGE MONTHLY: 47.7 TOTAL FOR MONTH: 0.17 1 = FOG OR MIST
DPTR FM NORMAL: 0.7 DPTR FM NORMAL: -0.70 2 = FOG REDUCING VISIBILITY
HIGHEST: 81 ON 7 GRTST 24HR 0.10 ON 10-10 TO 1/4 MILE OR LESS
LOWEST: 3 ON 26 3 = THUNDER
SNOW, ICE PELLETS, HAIL 4 = ICE PELLETS
TOTAL MONTH: T 5 = HAIL
GRTST 24HR T ON 25-25 6 = FREEZING RAIN OR DRIZZLE
GRTST DEPTH: 0 7 = DUSTSTORM OR SANDSTORM:
VSBY 1/2 MILE OR LESS
8 = SMOKE OR HAZE
[NO. OF DAYS WITH] [WEATHER - DAYS WITH] 9 = BLOWING SNOW
X = TORNADO
MAX 32 OR BELOW: 1 0.01 INCH OR MORE: 3
MAX 90 OR ABOVE: 0 0.10 INCH OR MORE: 1
MIN 32 OR BELOW: 12 0.50 INCH OR MORE: 0
MIN 0 OR BELOW: 0 1.00 INCH OR MORE: 0
[HDD (BASE 65) ]
TOTAL THIS MO. 527 CLEAR (SCALE 0-3) 24
DPTR FM NORMAL -31 PTCLDY (SCALE 4-7) 6
TOTAL FM JUL 1 699 CLOUDY (SCALE 8-10) 1
DPTR FM NORMAL -108
[CDD (BASE 65) ]
TOTAL THIS MO. 0
DPTR FM NORMAL 0 [PRESSURE DATA]
TOTAL FM JAN 1 494 HIGHEST SLP 30.52 ON 26
DPTR FM NORMAL 102 LOWEST SLP 29.70 ON 10
[REMARKS]
23RD: LOW OF 16 DEGREES BREAKS OLD RECORD OF 18 SET IN 2008.
25TH: LOW OF 11 DEGREES BREAKS OLD RECORD OF 15 SET IN 1997.
26TH: LOW OF 3 DEGREES BREAKS OLD RECORD OF 13 SET IN 2012.
#FINAL-10-20#