000
CXUS56 KLOX 011155
CF6PMD
PRELIMINARY LOCAL CLIMATOLOGICAL DATA (WS FORM: F-6)
STATION: PALMDALE AIRPORT CA
MONTH: JUNE
YEAR: 2023
LATITUDE: 34 37 N
LONGITUDE: 118 5 W
TEMPERATURE IN F: :PCPN: SNOW: WIND :SUNSHINE: SKY :PK WND
================================================================================
1 2 3 4 5 6A 6B 7 8 9 10 11 12 13 14 15 16 17 18
12Z AVG MX 2MIN
DY MAX MIN AVG DEP HDD CDD WTR SNW DPTH SPD SPD DIR MIN PSBL S-S WX SPD DR
================================================================================
1 75 53 64 -7 1 0 0.00 M M 17.9 29 220 M M 0 36 220
2 86 50 68 -4 0 3 0.00 M M 9.8 21 230 M M 0 26 230
3 91 53 72 0 0 7 0.00 M M 9.2 25 210 M M 0 33 220
4 93 60 77 5 0 12 0.00 M M 10.5 26 230 M M 0 35 200
5 82 54 68 -4 0 3 0.00 M M 14.2 36 210 M M 0 45 200
6 70 50 60 -13 5 0 0.00 M M 15.6 26 230 M M 2 34 220
7 72 51 62 -11 3 0 0.00 M M 14.0 25 220 M M 3 34 190
8 80 52 66 -7 0 1 0.00 M M 10.7 24 250 M M 0 31 260
9 82 57 70 -4 0 5 0.00 M M 12.5 26 210 M M M 35 210
10 81 58 70 -4 0 5 0.00 M M 11.6 21 210 M M 0 29 260
11 71 55 63 -11 2 0 0.00 M M 21.7 32 220 M M 0 42 210
12 74 54 64 -10 1 0 0.00 M M 17.5 28 220 M M 0 37 230
13 84 54 69 -6 0 4 0.00 M M 10.1 22 250 M M 0 29 220
14 88 58 73 -2 0 8 0.00 M M 11.8 26 240 M M 0 32 220
15 84 58 71 -4 0 6 0.00 M M 17.3 29 210 M M 0 37 190
16 91 60 76 0 0 11 0.00 M M 8.9 21 220 M M 0 27 240
17 94 63 79 3 0 14 0.00 M M 11.7 26 240 M M 0 38 250
18 86 64 75 -1 0 10 0.00 M M 19.2 28 220 M M 0 37 230
19 77 59 68 -8 0 3 0.00 M M 15.7 26 250 M M 0 34 250
20 83 51 67 -10 0 2 0.00 M M 11.6 21 260 M M 0 33 270
21 85 50 68 -9 0 3 0.00 M M 8.5 25 240 M M 0 33 240
22 77 53 65 -12 0 0 0.00 M M 18.4 37 210 M M 0 48 230
23 81 52 67 -11 0 2 0.00 M M 10.7 20 220 M M 0 25 210
24 86 50 68 -10 0 3 0.00 M M 10.7 26 240 M M 0 35 220
25 85 57 71 -7 0 6 0.00 M M 14.4 24 250 M M 0 29 250
26 84 58 71 -8 0 6 0.00 M M 13.5 24 260 M M 0 31 260
27 89 59 74 -5 0 9 0.00 M M 11.3 24 240 M M 0 8 30 250
28 86 60 73 -6 0 8 0.00 M M 11.1 20 220 M M 0 27 250
29 98 60 79 -1 0 14 0.00 M M 7.2 20 260 M M 0 25 270
30 104 62 83 3 0 18 0.00 M M 7.2 20 240 M M 0 25 240
================================================================================
SM 2519 1675 12 163 0.00 M 384.5 M 5
================================================================================
AV 84.0 55.8 12.8 FASTST M M 0 MAX(MPH)
MISC ----> 37 210 48 230
================================================================================
NOTES:
# LAST OF SEVERAL OCCURRENCES
COLUMN 17 PEAK WIND IN M.P.H.
PRELIMINARY LOCAL CLIMATOLOGICAL DATA (WS FORM: F-6) , PAGE 2
STATION: PALMDALE AIRPORT CA
MONTH: JUNE
YEAR: 2023
LATITUDE: 34 37 N
LONGITUDE: 118 5 W
[TEMPERATURE DATA] [PRECIPITATION DATA] SYMBOLS USED IN COLUMN 16
AVERAGE MONTHLY: 69.9 TOTAL FOR MONTH: 0.00 1 = FOG OR MIST
DPTR FM NORMAL: -5.5 DPTR FM NORMAL: -0.02 2 = FOG REDUCING VISIBILITY
HIGHEST: 104 ON 30 GRTST 24HR 0.00 ON 1- 1 TO 1/4 MILE OR LESS
LOWEST: 50 ON 24,21 3 = THUNDER
SNOW, ICE PELLETS, HAIL 4 = ICE PELLETS
TOTAL MONTH: M 5 = HAIL
GRTST 24HR M ON M 6 = FREEZING RAIN OR DRIZZLE
GRTST DEPTH: M ON M 7 = DUSTSTORM OR SANDSTORM:
VSBY 1/2 MILE OR LESS
8 = SMOKE OR HAZE
[NO. OF DAYS WITH] [WEATHER - DAYS WITH] 9 = BLOWING SNOW
X = TORNADO
MAX 32 OR BELOW: 0 0.01 INCH OR MORE: 0
MAX 90 OR ABOVE: 6 0.10 INCH OR MORE: 0
MIN 32 OR BELOW: 0 0.50 INCH OR MORE: 0
MIN 0 OR BELOW: 0 1.00 INCH OR MORE: 0
[HDD (BASE 65) ]
TOTAL THIS MO. 12 CLEAR (SCALE 0-3) 28
DPTR FM NORMAL 4 PTCLDY (SCALE 4-7) 1
TOTAL FM JUL 1 3193 CLOUDY (SCALE 8-10) 1
DPTR FM NORMAL 416
[CDD (BASE 65) ]
TOTAL THIS MO. 163
DPTR FM NORMAL -159 [PRESSURE DATA]
TOTAL FM JAN 1 341 HIGHEST SLP 29.99 ON 24
DPTR FM NORMAL -151 LOWEST SLP 29.69 ON 5
[REMARKS]
#FINAL-06-23#