000
CXUS52 KMFL 011030
CF6PMP
PRELIMINARY LOCAL CLIMATOLOGICAL DATA (WS FORM: F-6)
STATION: POMPANO BEACH ARPK
MONTH: JULY
YEAR: 2022
LATITUDE: 26 14 N
LONGITUDE: 80 7 W
TEMPERATURE IN F: :PCPN: SNOW: WIND :SUNSHINE: SKY :PK WND
================================================================================
1 2 3 4 5 6A 6B 7 8 9 10 11 12 13 14 15 16 17 18
12Z AVG MX 2MIN
DY MAX MIN AVG DEP HDD CDD WTR SNW DPTH SPD SPD DIR MIN PSBL S-S WX SPD DR
================================================================================
1 92 83 88 4 0 23 T 0.0 0 12.0 17 110 M M 3 21 100
2 92 82 87 3 0 22 0.01 0.0 0 11.1 17 140 M M 3 22 150
3 92 83 88 4 0 23 0.00 0.0 0 11.3 16 110 M M 2 20 100
4 91 79 85 1 0 20 0.02 0.0 0 9.3 17 110 M M 4 1 27 60
5 90 79 85 1 0 20 0.20 0.0 0 9.4 16 190 M M 4 13 21 100
6 92 81 87 3 0 22 T 0.0 0 9.9 17 130 M M 3 22 130
7 92 79 86 2 0 21 0.09 0.0 0 8.5 16 100 M M 2 1 21 110
8 92 82 87 3 0 22 0.04 0.0 0 11.4 21 120 M M 3 25 130
9 93 81 87 3 0 22 T 0.0 0 10.9 22 140 M M 2 27 140
10 91 80 86 2 0 21 0.25 0.0 0 6.7 22 240 M M 2 13 28 240
11 92 79 86 2 0 21 0.00 0.0 M 8.1 21 150 M M 2 3 27 140
12 93 80 87 3 0 22 T 0.0 0 8.0 20 130 M M 1 3 25 150
13 94 82 88 4 0 23 0.00 0.0 0 7.0 17 220 M M 2 3 24 120
14 93 79 86 2 0 21 0.00 0.0 0 8.2 17 140 M M 1 3 22 130
15 90 79 85 1 0 20 0.01 0.0 0 11.9 25 100 M M 3 3 32 90
16 91 75 83 -1 0 18 0.06 0.0 0 9.4 16 130 M M 4 3 22 120
17 92 77 85 1 0 20 0.56 M M 11.4 28 140 M M 3 13 33 130
18 92 82 87 3 0 22 T 0.0 0 11.4 20 140 M M 2 3 26 150
19 91 81 86 2 0 21 0.00 0.0 0 9.0 16 120 M M 2 20 130
20 92 83 88 4 0 23 0.00 0.0 0 9.5 15 130 M M 2 20 120
21 92 80 86 2 0 21 0.05 M M 10.7 17 140 M M 2 13 21 140
22 91 77 84 0 0 19 0.30 M M 10.2 21 200 M M 3 13 27 180
23 92 77 85 1 0 20 0.04 M M 10.6 22 130 M M 3 13 27 130
24 91 83 87 3 0 22 0.00 M M 11.6 17 90 M M 2 22 110
25 91 82 87 3 0 22 T 0.0 0 12.7 18 90 M M 3 23 100
26 88 75 82 -2 0 17 0.35 M M 10.6 29 140 M M 5 138 35 150
27 90 75 83 -1 0 18 T 0.0 0 9.9 23 180 M M 3 3 30 180
28 91 82 87 3 0 22 0.00 M M 9.7 15 100 M M 2 20 110
29 92 83 88 4 0 23 0.00 0.0 0 11.8 17 110 M M 2 28 100
30 91 82 87 3 0 22 T 0.0 0 11.7 17 110 M M 2 24 120
31 92 83 88 4 0 23 0.02 M M 12.3 18 120 M M 3 22 120
================================================================================
SM 2838 2485 0 656 2.00 0.0 316.2 M 80
================================================================================
AV 91.5 80.2 10.2 FASTST M M 3 MAX(MPH)
MISC ----> 29 140 35 150
================================================================================
NOTES:
# LAST OF SEVERAL OCCURRENCES
COLUMN 17 PEAK WIND IN M.P.H.
PRELIMINARY LOCAL CLIMATOLOGICAL DATA (WS FORM: F-6) , PAGE 2
STATION: POMPANO BEACH ARPK
MONTH: JULY
YEAR: 2022
LATITUDE: 26 14 N
LONGITUDE: 80 7 W
[TEMPERATURE DATA] [PRECIPITATION DATA] SYMBOLS USED IN COLUMN 16
AVERAGE MONTHLY: 85.9 TOTAL FOR MONTH: 2.00 1 = FOG OR MIST
DPTR FM NORMAL: 1.9 DPTR FM NORMAL: -3.26 2 = FOG REDUCING VISIBILITY
HIGHEST: 94 ON 13 GRTST 24HR 0.62 ON 16-17 TO 1/4 MILE OR LESS
LOWEST: 75 ON 27,26 3 = THUNDER
SNOW, ICE PELLETS, HAIL 4 = ICE PELLETS
TOTAL MONTH: 0.0 INCH 5 = HAIL
GRTST 24HR 0.0 6 = FREEZING RAIN OR DRIZZLE
GRTST DEPTH: 0 7 = DUSTSTORM OR SANDSTORM:
VSBY 1/2 MILE OR LESS
8 = SMOKE OR HAZE
[NO. OF DAYS WITH] [WEATHER - DAYS WITH] 9 = BLOWING SNOW
X = TORNADO
MAX 32 OR BELOW: 0 0.01 INCH OR MORE: 14
MAX 90 OR ABOVE: 30 0.10 INCH OR MORE: 5
MIN 32 OR BELOW: 0 0.50 INCH OR MORE: 1
MIN 0 OR BELOW: 0 1.00 INCH OR MORE: 0
[HDD (BASE 65) ]
TOTAL THIS MO. 0 CLEAR (SCALE 0-3) 23
DPTR FM NORMAL 0 PTCLDY (SCALE 4-7) 8
TOTAL FM JUL 1 0 CLOUDY (SCALE 8-10) 0
DPTR FM NORMAL 0
[CDD (BASE 65) ]
TOTAL THIS MO. 656
DPTR FM NORMAL 67 [PRESSURE DATA]
TOTAL FM JAN 1 2882 HIGHEST SLP 30.20 ON 31
DPTR FM NORMAL 381 LOWEST SLP 29.91 ON 11
[REMARKS]
#FINAL-07-22#