000
CXUS53 KPAH 021454
CF6POF
PRELIMINARY LOCAL CLIMATOLOGICAL DATA (WS FORM: F-6)
STATION: POPLAR BLUFF MO
MONTH: JULY
YEAR: 2021
LATITUDE: 36 46 N
LONGITUDE: 90 19 W
TEMPERATURE IN F: :PCPN: SNOW: WIND :SUNSHINE: SKY :PK WND
================================================================================
1 2 3 4 5 6A 6B 7 8 9 10 11 12 13 14 15 16 17 18
12Z AVG MX 2MIN
DY MAX MIN AVG DEP HDD CDD WTR SNW DPTH SPD SPD DIR MIN PSBL S-S WX SPD DR
================================================================================
1 80 73 77 -2 0 12 0.56 M M 2.9 10 330 M M 8 18 14 340
2 83 63 73 -6 0 8 0.00 M M 7.7 20 20 M M 1 31 360
3 83 59 71 -9 0 6 0.00 M M 3.4 10 10 M M 0 18 17 10
4 85 58 72 -8 0 7 0.00 M M 0.8 7 210 M M 0 18 10 220
5 88 63 76 -4 0 11 0.00 M M 1.6 8 240 M M 1 18 12 240
6 90 67 79 -1 0 14 0.00 M M 2.8 12 160 M M 1 18 16 170
7 91 67 79 -1 0 14 0.00 M M 3.3 10 160 M M 1 18 15 130
8 90 70 80 0 0 15 0.28 M M 4.4 24 310 M M 1 138 35 320
9 91 70 81 1 0 16 1.21 M M 2.9 28 290 M M 4 1238 42 300
10 86 69 78 -2 0 13 1.73 M M 6.5 20 210 M M 5 1238 29 220
11 78 68 73 -7 0 8 0.49 M M 6.5 14 280 M M 7 13 20 190
12 84 68 76 -4 0 11 0.02 M M 4.6 16 260 M M 7 18 23 270
13 85 68 77 -3 0 12 0.00 M M 3.5 10 210 M M 5 18 15 180
14 88 67 78 -2 0 13 0.00 M M 4.2 14 150 M M 2 128 19 160
15 89 72 81 1 0 16 0.00 M M 8.2 17 200 M M 1 1 25 180
16 84 71 78 -2 0 13 0.09 M M 7.4 20 250 M M 3 138 29 240
17 86 69 78 -2 0 13 0.00 M M 3.4 10 210 M M 1 16 180
18 83 69 76 -4 0 11 0.35 M M 3.5 15 30 M M 6 1 20 20
19 83 71 77 -3 0 12 0.00 M M 6.7 13 50 M M 5 1 20 50
20 85 68 77 -3 0 12 0.00 M M 6.5 14 30 M M 0 18 20 360
21 87 66 77 -3 0 12 0.00 M M 3.6 9 40 M M 1 18 14 40
22 89 66 78 -2 0 13 0.00 M M 1.9 7 110 M M 0 18 11 80
23 89 71 80 0 0 15 0.00 M M 2.4 15 230 M M 2 138 22 230
24 92 72 82 2 0 17 1.11 M M 3.9 18 70 M M 2 128 29 350
25 94 75 85 5 0 20 T M M 3.2 15 260 M M 1 13 21 280
26 93 74 84 4 0 19 0.00 M M 4.5 12 50 M M 2 18 15 40
27 92 72 82 2 0 17 0.00 M M 2.2 9 50 M M 1 18 14 50
28 92 69 81 1 0 16 0.00 M M 2.1 8 180 M M 0 18 12 150
29 93 72 83 3 0 18 0.00 M M 4.1 13 200 M M 0 128 17 200
30 94 74 84 4 0 19 0.04 M M 2.0 29 240 M M 2 138 44 240
31 88 72 80 0 0 15 1.41 M M 3.5 26 340 M M 3 1238 40 320
================================================================================
SM 2715 2133 0 418 7.29 M 124.2 M 73
================================================================================
AV 87.6 68.8 4.0 FASTST M M 2 MAX(MPH)
MISC ----> 29 240 44 240
================================================================================
NOTES:
# LAST OF SEVERAL OCCURRENCES
COLUMN 17 PEAK WIND IN M.P.H.
PRELIMINARY LOCAL CLIMATOLOGICAL DATA (WS FORM: F-6) , PAGE 2
STATION: POPLAR BLUFF MO
MONTH: JULY
YEAR: 2021
LATITUDE: 36 46 N
LONGITUDE: 90 19 W
[TEMPERATURE DATA] [PRECIPITATION DATA] SYMBOLS USED IN COLUMN 16
AVERAGE MONTHLY: 78.2 TOTAL FOR MONTH: 7.29 1 = FOG OR MIST
DPTR FM NORMAL: -1.5 DPTR FM NORMAL: 3.55 2 = FOG REDUCING VISIBILITY
HIGHEST: 94 ON 30,25 GRTST 24HR 2.69 ON 9-10 TO 1/4 MILE OR LESS
LOWEST: 58 ON 4 3 = THUNDER
SNOW, ICE PELLETS, HAIL 4 = ICE PELLETS
TOTAL MONTH: M 5 = HAIL
GRTST 24HR M ON M 6 = FREEZING RAIN OR DRIZZLE
GRTST DEPTH: M ON M 7 = DUSTSTORM OR SANDSTORM:
VSBY 1/2 MILE OR LESS
8 = SMOKE OR HAZE
[NO. OF DAYS WITH] [WEATHER - DAYS WITH] 9 = BLOWING SNOW
X = TORNADO
MAX 32 OR BELOW: 0 0.01 INCH OR MORE: 11
MAX 90 OR ABOVE: 11 0.10 INCH OR MORE: 8
MIN 32 OR BELOW: 0 0.50 INCH OR MORE: 5
MIN 0 OR BELOW: 0 1.00 INCH OR MORE: 4
[HDD (BASE 65) ]
TOTAL THIS MO. 0 CLEAR (SCALE 0-3) 23
DPTR FM NORMAL 0 PTCLDY (SCALE 4-7) 8
TOTAL FM JUL 1 0 CLOUDY (SCALE 8-10) 0
DPTR FM NORMAL 0
[CDD (BASE 65) ]
TOTAL THIS MO. 418
DPTR FM NORMAL -38 [PRESSURE DATA]
TOTAL FM JAN 1 902 HIGHEST SLP 30.19 ON 14
DPTR FM NORMAL -94 LOWEST SLP 29.77 ON 10
[REMARKS]
#FINAL-07-21#