000
CXUS51 KALY 021345
CLSPOU
ALBCLSPOU 000
TTAA00 ALY 010947
CLIMATE REPORT
NATIONAL WEATHER SERVICE ALBANY NY
547 AM EDT MON JUN 01 2020
...................................
...THE POUGHKEEPSIE NY CLIMATE SUMMARY FOR THE SEASON, FROM
3/1/2020 TO 5/31/2020...
CLIMATE NORMAL PERIOD: 1981 TO 2010
CLIMATE RECORD PERIOD: 1931 TO 2020
WEATHER OBSERVED NORMAL DEPART LAST YEAR`S
VALUE DATE(S) VALUE FROM VALUE DATE(S)
NORMAL
................................................................
TEMPERATURE (F)
RECORD
HIGH 96 05/29/1969
05/19/1962
05/18/1962
LOW -13 03/19/1967
HIGHEST 85 05/15 88 05/26
05/26
05/29
LOWEST 20 03/01 8 03/08
AVG. MAXIMUM 59.9 60.1 -0.2 59.6
AVG. MINIMUM 38.1 36.1 2.0 38.9
MEAN 49.0 48.1 0.9 49.2
DAYS MAX >= 90 0 0.7 -0.7 0
DAYS MAX <= 32 0 1.3 -1.3 3
DAYS MIN <= 32 27 34.2 -7.2 28
DAYS MIN <= 0 0 0.1 -0.1 0
PRECIPITATION (INCHES)
RECORD
MAXIMUM 22.74 1983
MINIMUM 3.37 1941
TOTALS 9.25 11.76 -2.51 10.20
DAILY AVG. 0.10 0.11
DAYS >= .01 39 34.0 5.0 45
DAYS >= .10 23 21.4 1.6 30
DAYS >= .50 7 7.5 -0.5 8
DAYS >= 1.00 1 2.8 -1.8 1
GREATEST
24 HR. TOTAL 1.35
DEGREE DAYS
HEATING TOTAL 1492 1591 -99 1453
SINCE 7/1 5605 6162 -557 5793
COOLING TOTAL 45 35 10 26
SINCE 1/1 45 36 9 26
................................................................
WIND (MPH)
AVERAGE WIND SPEED 6.4
HIGHEST WIND SPEED/DIRECTION 33/280 DATE 03/04
HIGHEST GUST SPEED/DIRECTION 46/140 DATE 04/13
WEATHER CONDITIONS. NUMBER OF DAYS WITH
THUNDERSTORM 2 MIXED PRECIP 0
HEAVY RAIN 5 RAIN 15
LIGHT RAIN 34 FREEZING RAIN 0
LT FREEZING RAIN 0 HAIL 0
HEAVY SNOW 0 SNOW 0
LIGHT SNOW 7 SLEET 0
FOG 34 FOG W/VIS <= 1/4 MILE 0
HAZE 8
- INDICATES NEGATIVE NUMBERS.
R INDICATES RECORD WAS SET OR TIED.
MM INDICATES DATA IS MISSING.
T INDICATES TRACE AMOUNT.
$$