000
CXUS56 KFGZ 010910
CF6PRC
PRELIMINARY LOCAL CLIMATOLOGICAL DATA (WS FORM: F-6)
STATION: PRESCOTT AZ AIRPORT
MONTH: DECEMBER
YEAR: 2023
LATITUDE: 34 39 N
LONGITUDE: 112 26 W
TEMPERATURE IN F: :PCPN: SNOW: WIND :SUNSHINE: SKY :PK WND
================================================================================
1 2 3 4 5 6A 6B 7 8 9 10 11 12 13 14 15 16 17 18
12Z AVG MX 2MIN
DY MAX MIN AVG DEP HDD CDD WTR SNW DPTH SPD SPD DIR MIN PSBL S-S WX SPD DR
================================================================================
1 50 30 40 -1 25 0 T M M 4.4 25 310 M M 6 31 300
2 52 24 38 -3 27 0 0.00 M M 5.9 17 240 M M 0 22 240
3 57 24 41 0 24 0 0.00 M M 3.6 10 190 M M 0 13 180
4 62 29 46 6 19 0 0.00 M M 4.6 10 320 M M 0 14 320
5 68 29 49 9 16 0 0.00 M M 4.4 12 150 M M 0 15 160
6 68 30 49 9 16 0 0.00 M M 5.2 16 240 M M 0 22 250
7 63 33 48 8 17 0 0.00 M M 5.9 16 250 M M 0 22 240
8 57 27 42 2 23 0 0.00 M M 5.9 17 320 M M 0 22 350
9 49 24 37 -2 28 0 0.00 M M 7.8 22 10 M M 0 27 360
10 57 19 38 -1 27 0 0.00 M M 3.5 10 190 M M 0 13 190
11 61 28 45 6 20 0 0.00 M M 3.6 10 190 M M 0 12 190
12 59 29 44 5 21 0 0.00 M M 6.0 16 130 M M 0 21 130
13 53 23 38 -1 27 0 0.00 M M 3.4 10 190 M M 1 12 190
14 56 22 39 1 26 0 0.00 M M 6.1 15 350 M M 0 23 20
15 61 26 44 6 21 0 0.00 M M 2.9 9 200 M M 0 13 340
16 60 26 43 5 22 0 0.00 M M 3.4 9 190 M M 0 11 340
17 66 26 46 8 19 0 0.00 M M 4.6 10 190 M M 0 12 190
18 67 32 50 12 15 0 0.00 M M 4.6 17 130 M M 1 25 130
19 62 43 53 15 12 0 0.00 M M 3.8 13 130 M M 7 19 220
20 60 38 49 11 16 0 0.00 M M 8.6 16 140 M M 4 22 130
21 60 35 48 10 17 0 0.00 M M 5.2 15 140 M M 3 22 120
22 49 38 44 6 21 0 0.60 M M 5.0 18 180 M M 8 1 28 170
23 52 34 43 5 22 0 0.00 M M 3.8 13 240 M M 5 1 19 120
24 50 28 39 1 26 0 0.00 M M 4.9 13 350 M M 0 1 18 320
25 52 22 37 -1 28 0 0.00 M M 5.1 12 340 M M 0 15 340
26 53 21 37 -1 28 0 0.00 M M 5.7 15 310 M M 0 18 310
27 55 25 40 2 25 0 0.00 M M 3.8 12 200 M M 0 13 200
28 56 27 42 4 23 0 0.00 M M 3.2 9 180 M M 0 11 190
29 58 24 41 3 24 0 0.00 M M 4.2 9 40 M M 0 14 30
30 59 28 44 6 21 0 0.00 M M 6.2 21 140 M M 0 29 150
31 48 28 38 0 27 0 T M M 4.8 12 140 M M 6 16 140
================================================================================
SM 1780 872 683 0 0.60 M 150.1 M 41
================================================================================
AV 57.4 28.1 4.8 FASTST M M 1 MAX(MPH)
MISC ----> 25 310 31 300
================================================================================
NOTES:
# LAST OF SEVERAL OCCURRENCES
COLUMN 17 PEAK WIND IN M.P.H.
PRELIMINARY LOCAL CLIMATOLOGICAL DATA (WS FORM: F-6) , PAGE 2
STATION: PRESCOTT AZ AIRPORT
MONTH: DECEMBER
YEAR: 2023
LATITUDE: 34 39 N
LONGITUDE: 112 26 W
[TEMPERATURE DATA] [PRECIPITATION DATA] SYMBOLS USED IN COLUMN 16
AVERAGE MONTHLY: 42.8 TOTAL FOR MONTH: 0.60 1 = FOG OR MIST
DPTR FM NORMAL: 3.9 DPTR FM NORMAL: -0.39 2 = FOG REDUCING VISIBILITY
HIGHEST: 68 ON 6, 5 GRTST 24HR 0.60 ON 22-22 TO 1/4 MILE OR LESS
LOWEST: 19 ON 10 3 = THUNDER
SNOW, ICE PELLETS, HAIL 4 = ICE PELLETS
TOTAL MONTH: M 5 = HAIL
GRTST 24HR M ON M 6 = FREEZING RAIN OR DRIZZLE
GRTST DEPTH: M ON M 7 = DUSTSTORM OR SANDSTORM:
VSBY 1/2 MILE OR LESS
8 = SMOKE OR HAZE
[NO. OF DAYS WITH] [WEATHER - DAYS WITH] 9 = BLOWING SNOW
X = TORNADO
MAX 32 OR BELOW: 0 0.01 INCH OR MORE: 1
MAX 90 OR ABOVE: 0 0.10 INCH OR MORE: 1
MIN 32 OR BELOW: 25 0.50 INCH OR MORE: 1
MIN 0 OR BELOW: 0 1.00 INCH OR MORE: 0
[HDD (BASE 65) ]
TOTAL THIS MO. 683 CLEAR (SCALE 0-3) 25
DPTR FM NORMAL -128 PTCLDY (SCALE 4-7) 5
TOTAL FM JUL 1 1338 CLOUDY (SCALE 8-10) 1
DPTR FM NORMAL -271
[CDD (BASE 65) ]
TOTAL THIS MO. 0
DPTR FM NORMAL 0 [PRESSURE DATA]
TOTAL FM JAN 1 1071 HIGHEST SLP M ON M
DPTR FM NORMAL 3 LOWEST SLP 29.78 ON 12
[REMARKS]
#FINAL-12-23#