000
CXUS54 KHGX 011410
CF6PSX
PRELIMINARY LOCAL CLIMATOLOGICAL DATA (WS FORM: F-6)
STATION: PALACIOS
MONTH: AUGUST
YEAR: 2021
LATITUDE: 28 43 N
LONGITUDE: 96 15 W
TEMPERATURE IN F: :PCPN: SNOW: WIND :SUNSHINE: SKY :PK WND
================================================================================
1 2 3 4 5 6A 6B 7 8 9 10 11 12 13 14 15 16 17 18
12Z AVG MX 2MIN
DY MAX MIN AVG DEP HDD CDD WTR SNW DPTH SPD SPD DIR MIN PSBL S-S WX SPD DR
================================================================================
1 92 84 88 2 0 23 T 0.0 0 11.0 20 170 M M 2 8 43 160
2 94 83 89 3 0 24 T 0.0 0 8.3 17 190 M M 3 18 23 200
3 88 75 82 -4 0 17 0.33 0.0 0 5.4 14 270 M M 4 138 18 260
4 88 77 83 -3 0 18 0.21 0.0 0 5.2 17 100 M M 6 138 21 110
5 85 74 80 -6 0 15 2.80 0.0 0 5.0 14 250 M M 5 13 19 250
6 90 75 83 -3 0 18 T 0.0 0 5.5 14 150 M M 1 138 17 160
7 91 81 86 0 0 21 0.00 0.0 0 10.5 17 170 M M 1 18 22 180
8 92 84 88 2 0 23 T 0.0 0 13.6 21 160 M M 3 3 28 170
9 92 84 88 2 0 23 T 0.0 0 13.4 20 180 M M 3 25 150
10 92 83 88 2 0 23 0.00 0.0 0 10.9 18 150 M M 1 24 150
11 92 82 87 1 0 22 T 0.0 0 9.8 16 150 M M 1 25 90
12 92 80 86 0 0 21 0.53 0.0 0 8.3 16 160 M M 2 12 22 170
13 90 77 84 -2 0 19 0.20 0.0 0 5.8 22 70 M M 2 13 26 70
14 92 77 85 -1 0 20 T 0.0 0 5.6 18 110 M M 2 13 22 100
15 94 74 84 -2 0 19 0.17 0.0 0 6.8 30 350 M M 2 13 38 350
16 90 74 82 -4 0 17 0.03 0.0 0 5.4 13 140 M M 2 138 17 140
17 93 78 86 0 0 21 0.00 0.0 0 8.5 16 150 M M 1 8 21 170
18 93 84 89 3 0 24 T 0.0 0 13.7 18 170 M M 2 8 23 170
19 93 85 89 3 0 24 0.00 0.0 0 11.6 17 170 M M 2 8 24 180
20 93 83 88 2 0 23 0.00 0.0 0 11.5 17 130 M M 4 8 22 150
21 93 82 88 2 0 23 0.02 0.0 0 10.3 16 150 M M 4 18 23 140
22 92 78 85 0 0 20 0.00 0.0 0 7.7 21 120 M M 1 18 M 90
23 93 77 85 0 0 20 0.00 0.0 0 7.4 15 160 M M 1 18 22 150
24 93 82 88 3 0 23 0.00 0.0 0 7.6 15 150 M M 0 18 21 150
25 93 77 85 0 0 20 0.00 0.0 0 6.3 15 170 M M 1 18 18 190
26 93 77 85 0 0 20 0.04 0.0 0 4.9 18 90 M M 1 138 22 90
27 88 75 82 -3 0 17 0.22 0.0 0 7.8 28 110 M M 3 138 33 110
28 91 76 84 -1 0 19 0.23 0.0 0 6.9 14 120 M M 1 13 19 140
29 95 77 86 1 0 21 0.00 0.0 0 6.1 14 360 M M 2 1 18 360
30 94 77 86 2 0 21 0.00 0.0 0 8.2 16 200 M M 2 22 200
31 93 81 87 3 0 22 0.00 0.0 0 8.1 15 170 M M 1 24 150
================================================================================
SM 2844 2453 0 641 4.78 0.0 257.1 M 66
================================================================================
AV 91.7 79.1 8.3 FASTST M M 2 MAX(MPH)
MISC ----> 30 350 43 160
================================================================================
NOTES:
# LAST OF SEVERAL OCCURRENCES
COLUMN 17 PEAK WIND IN M.P.H.
PRELIMINARY LOCAL CLIMATOLOGICAL DATA (WS FORM: F-6) , PAGE 2
STATION: PALACIOS
MONTH: AUGUST
YEAR: 2021
LATITUDE: 28 43 N
LONGITUDE: 96 15 W
[TEMPERATURE DATA] [PRECIPITATION DATA] SYMBOLS USED IN COLUMN 16
AVERAGE MONTHLY: 85.4 TOTAL FOR MONTH: 4.78 1 = FOG OR MIST
DPTR FM NORMAL: -0.2 DPTR FM NORMAL: 0.87 2 = FOG REDUCING VISIBILITY
HIGHEST: 95 ON 29 GRTST 24HR 2.80 ON 5- 5 TO 1/4 MILE OR LESS
LOWEST: 74 ON 16,15 3 = THUNDER
SNOW, ICE PELLETS, HAIL 4 = ICE PELLETS
TOTAL MONTH: 0.0 INCH 5 = HAIL
GRTST 24HR 0.0 6 = FREEZING RAIN OR DRIZZLE
GRTST DEPTH: 0 7 = DUSTSTORM OR SANDSTORM:
VSBY 1/2 MILE OR LESS
8 = SMOKE OR HAZE
[NO. OF DAYS WITH] [WEATHER - DAYS WITH] 9 = BLOWING SNOW
X = TORNADO
MAX 32 OR BELOW: 0 0.01 INCH OR MORE: 11
MAX 90 OR ABOVE: 27 0.10 INCH OR MORE: 8
MIN 32 OR BELOW: 0 0.50 INCH OR MORE: 2
MIN 0 OR BELOW: 0 1.00 INCH OR MORE: 1
[HDD (BASE 65) ]
TOTAL THIS MO. 0 CLEAR (SCALE 0-3) 25
DPTR FM NORMAL 0 PTCLDY (SCALE 4-7) 6
TOTAL FM JUL 1 0 CLOUDY (SCALE 8-10) 0
DPTR FM NORMAL 0
[CDD (BASE 65) ]
TOTAL THIS MO. 641
DPTR FM NORMAL 1 [PRESSURE DATA]
TOTAL FM JAN 1 2418 HIGHEST SLP 30.13 ON 13
DPTR FM NORMAL -177 LOWEST SLP 29.73 ON 30
[REMARKS]
#FINAL-08-21#