000
CXUS54 KHGX 011510
CF6PSX
PRELIMINARY LOCAL CLIMATOLOGICAL DATA (WS FORM: F-6)
STATION: PALACIOS
MONTH: JANUARY
YEAR: 2024
LATITUDE: 28 43 N
LONGITUDE: 96 15 W
TEMPERATURE IN F: :PCPN: SNOW: WIND :SUNSHINE: SKY :PK WND
================================================================================
1 2 3 4 5 6A 6B 7 8 9 10 11 12 13 14 15 16 17 18
12Z AVG MX 2MIN
DY MAX MIN AVG DEP HDD CDD WTR SNW DPTH SPD SPD DIR MIN PSBL S-S WX SPD DR
================================================================================
1 68 49 59 3 6 0 0.00 0.0 0 12.7 22 360 M M 7 12 27 10
2 62 48 55 -1 10 0 1.43 0.0 0 15.6 29 360 M M 9 13 44 350
3 51 43 47 -9 18 0 T 0.0 0 11.8 25 10 M M 8 1 31 20
4 64 41 53 -2 12 0 0.02 0.0 0 13.8 26 90 M M 7 1 36 80
5 65 50 58 3 7 0 1.56 0.0 0 14.5 29 360 M M 6 13 47 290
6 65 43 54 -1 11 0 0.00 0.0 0 5.5 13 40 M M 1 15 40
7 65 43 54 -1 11 0 0.00 0.0 0 12.8 23 130 M M 3 31 120
8 71 53 62 7 3 0 0.08 0.0 0 17.0 32 330 M M 10 1 45 160
9 60 40 50 -5 15 0 T 0.0 0 13.4 28 320 M M 2 44 310
10 66 40 53 -2 12 0 0.00 0.0 0 8.2 15 190 M M 1 22 310
11 73 57 65 10 0 0 0.00 0.0 0 11.6 20 150 M M 9 12 28 180
12 69 39 54 -1 11 0 T 0.0 0 17.5 33 330 M M 3 18 45 300
13 64 35 50 -5 15 0 0.00 0.0 0 7.9 18 140 M M 0 23 130
14 57 31 44 -11 21 0 0.00 0.0 0 17.2 28 360 M M 3 1 34 360
15 31 25 28 -27 37 0 T T 0 23.2 35 360 M M 10 16 43 10
16 35 20 28 -27 37 0 0.00 0.0 0 19.1 33 360 M M 1 42 360
17 50 20 35 -20 30 0 0.00 0.0 0 7.6 12 50 M M 7 1 18 100
18 65 44 55 0 10 0 0.00 0.0 0 5.0 15 260 M M 8 12 19 220
19 57 36 47 -8 18 0 0.00 0.0 0 16.8 29 10 M M 1 12 38 20
20 49 29 39 -17 26 0 0.00 0.0 0 11.9 20 40 M M 4 25 30
21 58 43 51 -5 14 0 0.02 0.0 0 16.5 25 70 M M 10 18 34 60
22 64 54 59 3 6 0 1.49 0.0 0 8.4 20 110 M M 10 123 24 180
23 70 62 66 10 0 1 0.02 0.0 0 12.2 17 150 M M 9 1 24 150
24 68 61 65 9 0 0 1.19 0.0 0 13.3 28 80 M M 10 123 36 70
25 72 54 63 7 2 0 0.34 0.0 0 7.2 25 330 M M 3 138 32 320
26 67 55 61 5 4 0 0.19 0.0 0 8.5 16 70 M M 10 1 21 70
27 62 49 56 0 9 0 0.00 0.0 0 14.8 26 340 M M 5 1 38 340
28 65 44 55 -1 10 0 0.00 0.0 0 10.1 21 360 M M 0 25 360
29 64 39 52 -4 13 0 0.00 0.0 0 5.2 13 180 M M 0 17 180
30 66 47 57 0 8 0 0.00 0.0 0 4.0 10 190 M M 0 1 13 200
31 69 45 57 0 8 0 0.00 0.0 0 4.7 10 190 M M 0 1 13 150
================================================================================
SM 1912 1339 384 1 6.34 T 368.0 M 157
================================================================================
AV 61.7 43.2 11.9 FASTST M M 5 MAX(MPH)
MISC ----> 35 360 47 290
================================================================================
NOTES:
# LAST OF SEVERAL OCCURRENCES
COLUMN 17 PEAK WIND IN M.P.H.
PRELIMINARY LOCAL CLIMATOLOGICAL DATA (WS FORM: F-6) , PAGE 2
STATION: PALACIOS
MONTH: JANUARY
YEAR: 2024
LATITUDE: 28 43 N
LONGITUDE: 96 15 W
[TEMPERATURE DATA] [PRECIPITATION DATA] SYMBOLS USED IN COLUMN 16
AVERAGE MONTHLY: 52.4 TOTAL FOR MONTH: 6.34 1 = FOG OR MIST
DPTR FM NORMAL: -3.2 DPTR FM NORMAL: 3.09 2 = FOG REDUCING VISIBILITY
HIGHEST: 73 ON 11 GRTST 24HR 1.80 ON 24-25 TO 1/4 MILE OR LESS
LOWEST: 20 ON 17,16 3 = THUNDER
SNOW, ICE PELLETS, HAIL 4 = ICE PELLETS
TOTAL MONTH: T 5 = HAIL
GRTST 24HR T ON 15-15 6 = FREEZING RAIN OR DRIZZLE
GRTST DEPTH: 0 7 = DUSTSTORM OR SANDSTORM:
VSBY 1/2 MILE OR LESS
8 = SMOKE OR HAZE
[NO. OF DAYS WITH] [WEATHER - DAYS WITH] 9 = BLOWING SNOW
X = TORNADO
MAX 32 OR BELOW: 1 0.01 INCH OR MORE: 10
MAX 90 OR ABOVE: 0 0.10 INCH OR MORE: 6
MIN 32 OR BELOW: 5 0.50 INCH OR MORE: 4
MIN 0 OR BELOW: 0 1.00 INCH OR MORE: 4
[HDD (BASE 65) ]
TOTAL THIS MO. 384 CLEAR (SCALE 0-3) 13
DPTR FM NORMAL 74 PTCLDY (SCALE 4-7) 9
TOTAL FM JUL 1 757 CLOUDY (SCALE 8-10) 9
DPTR FM NORMAL 68
[CDD (BASE 65) ]
TOTAL THIS MO. 1
DPTR FM NORMAL -17 [PRESSURE DATA]
TOTAL FM JAN 1 1 HIGHEST SLP 30.55 ON 20
DPTR FM NORMAL -17 LOWEST SLP 29.45 ON 8
[REMARKS]
#FINAL-01-24#