000
CXUS51 KBOX 011212
CF6PVD
PRELIMINARY LOCAL CLIMATOLOGICAL DATA (WS FORM: F-6)
STATION: PROVIDENCE RI
MONTH: AUGUST
YEAR: 2023
LATITUDE: 41 43 N
LONGITUDE: 71 26 W
TEMPERATURE IN F: :PCPN: SNOW: WIND :SUNSHINE: SKY :PK WND
================================================================================
1 2 3 4 5 6A 6B 7 8 9 10 11 12 13 14 15 16 17 18
12Z AVG MX 2MIN
DY MAX MIN AVG DEP HDD CDD WTR SNW DPTH SPD SPD DIR MIN PSBL S-S WX SPD DR
================================================================================
1 77 61 69 -6 0 4 0.00 0.0 0 7.6 15 360 M M 2 20 360
2 77 57 67 -8 0 2 0.00 0.0 0 6.6 15 360 M M 3 20 360
3 78 57 68 -6 0 3 0.00 0.0 0 8.7 21 190 M M 6 28 200
4 79 64 72 -2 0 7 T 0.0 0 10.9 23 190 M M 9 27 190
5 81 67 74 0 0 9 0.00 0.0 0 5.2 13 140 M M 6 16 160
6 82 63 73 -1 0 8 0.00 0.0 0 6.6 16 160 M M 2 20 200
7 74 63 69 -5 0 4 0.06 0.0 0 6.9 16 150 M M 8 1 23 150
8 82 69 76 2 0 11 0.42 0.0 0 10.2 24 170 M M 8 13 33 180
9 83 67 75 1 0 10 0.00 0.0 0 11.2 24 320 M M 4 31 300
10 82 64 73 -1 0 8 0.05 0.0 0 7.7 18 210 M M 7 1 25 210
11 83 65 74 0 0 9 0.00 0.0 0 9.7 24 270 M M 2 1 30 280
12 82 59 71 -3 0 6 T 0.0 0 7.2 18 180 M M 4 22 160
13 84 67 76 2 0 11 0.24 0.0 0 6.9 17 150 M M 6 138 24 290
14 84 65 75 1 0 10 T 0.0 0 7.6 16 240 M M 6 21 250
15 71 66 69 -4 0 4 0.35 0.0 0 7.3 16 40 M M 10 1 23 40
16 72 66 69 -4 0 4 0.02 0.0 0 4.2 10 80 M M 10 1 12 70
17 74 64 69 -4 0 4 T 0.0 0 5.8 10 160 M M 9 1 15 40
18 81 62 72 -1 0 7 2.15 0.0 0 8.4 32 240 M M 7 123 45 250
19 75 58 67 -6 0 2 0.00 0.0 0 8.5 18 250 M M 4 8 22 260
20 82 59 71 -2 0 6 0.00 0.0 0 8.1 16 260 M M 2 20 280
21 85 64 75 2 0 10 0.01 0.0 0 5.9 17 360 M M 7 1 20 350
22 78 63 71 -1 0 6 0.00 0.0 0 11.1 21 10 M M 4 25 10
23 76 58 67 -5 0 2 0.00 0.0 0 6.3 14 360 M M 2 17 360
24 77 56 67 -5 0 2 0.11 0.0 0 7.6 17 160 M M 5 1 21 160
25 71 65 68 -4 0 3 0.67 0.0 0 12.0 18 180 M M 10 1 25 190
26 84 68 76 4 0 11 T 0.0 0 4.8 12 330 M M 6 1 15 320
27 78 65 72 0 0 7 0.00 0.0 0 7.3 14 40 M M 5 18 30
28 74 62 68 -3 0 3 0.00 0.0 0 4.4 12 200 M M 9 1 23 90
29 75 62 69 -2 0 4 0.10 0.0 0 3.0 8 170 M M 8 128 11 110
30 81 65 73 2 0 8 0.04 0.0 0 6.6 18 300 M M 8 12 25 310
31 75 58 67 -4 0 2 0.00 0.0 0 10.8 23 360 M M 3 31 10
================================================================================
SM 2437 1949 0 187 4.22 0.0 235.1 M 182
================================================================================
AV 78.6 62.9 7.6 FASTST M M 6 MAX(MPH)
MISC ----> 32 240 45 250
================================================================================
NOTES:
# LAST OF SEVERAL OCCURRENCES
COLUMN 17 PEAK WIND IN M.P.H.
PRELIMINARY LOCAL CLIMATOLOGICAL DATA (WS FORM: F-6) , PAGE 2
STATION: PROVIDENCE RI
MONTH: AUGUST
YEAR: 2023
LATITUDE: 41 43 N
LONGITUDE: 71 26 W
[TEMPERATURE DATA] [PRECIPITATION DATA] SYMBOLS USED IN COLUMN 16
AVERAGE MONTHLY: 70.7 TOTAL FOR MONTH: 4.22 1 = FOG OR MIST
DPTR FM NORMAL: -2.3 DPTR FM NORMAL: 0.63 2 = FOG REDUCING VISIBILITY
HIGHEST: 85 ON 21 GRTST 24HR 2.15 ON 18-18 TO 1/4 MILE OR LESS
LOWEST: 56 ON 24 3 = THUNDER
SNOW, ICE PELLETS, HAIL 4 = ICE PELLETS
TOTAL MONTH: 0.0 INCH 5 = HAIL
GRTST 24HR 0.0 6 = FREEZING RAIN OR DRIZZLE
GRTST DEPTH: 0 7 = DUSTSTORM OR SANDSTORM:
VSBY 1/2 MILE OR LESS
8 = SMOKE OR HAZE
[NO. OF DAYS WITH] [WEATHER - DAYS WITH] 9 = BLOWING SNOW
X = TORNADO
MAX 32 OR BELOW: 0 0.01 INCH OR MORE: 12
MAX 90 OR ABOVE: 0 0.10 INCH OR MORE: 7
MIN 32 OR BELOW: 0 0.50 INCH OR MORE: 2
MIN 0 OR BELOW: 0 1.00 INCH OR MORE: 1
[HDD (BASE 65) ]
TOTAL THIS MO. 0 CLEAR (SCALE 0-3) 7
DPTR FM NORMAL -3 PTCLDY (SCALE 4-7) 17
TOTAL FM JUL 1 0 CLOUDY (SCALE 8-10) 7
DPTR FM NORMAL -2
[CDD (BASE 65) ]
TOTAL THIS MO. 187
DPTR FM NORMAL -65 [PRESSURE DATA]
TOTAL FM JAN 1 580 HIGHEST SLP 30.22 ON 2
DPTR FM NORMAL -132 LOWEST SLP 29.52 ON 8
[REMARKS]
#FINAL-08-23#