000
CXUS51 KBOX 011151
CLMPVD
CLIMATE REPORT
NATIONAL WEATHER SERVICE BOSTON/NORTON MA
751 AM EDT SAT APR 01 2023
...................................
...THE PROVIDENCE RI CLIMATE SUMMARY FOR THE MONTH OF MARCH 2023...
CLIMATE NORMAL PERIOD 1991 TO 2020
CLIMATE RECORD PERIOD 1904 TO 2023
WEATHER OBSERVED NORMAL DEPART LAST YEAR`S
VALUE DATE(S) VALUE FROM VALUE
NORMAL
..............................................................
TEMPERATURE (F)
RECORD
HIGH 90 03/29/1945
LOW 1 03/19/1967
03/04/1950
03/06/1948
HIGHEST 61 03/21 70
03/26
LOWEST 24 03/05 17
AVG. MAXIMUM 48.5 47.7 0.8
AVG. MINIMUM 31.5 30.2 1.3
MEAN 40.0 38.9 1.1
DAYS MAX >= 90 0 0.0 0.0
DAYS MAX <= 32 0 1.6 -1.6
DAYS MIN <= 32 19 19.2 -0.2
DAYS MIN <= 0 0 0.0 0.0
PRECIPITATION (INCHES)
RECORD
MAXIMUM 16.34 2010
MINIMUM 0.07 1915
TOTALS 4.96 4.90 0.06
DAILY AVG. 0.16 0.16 0.00
DAYS >= .01 12 11.6 0.4
DAYS >= .10 8 7.2 0.8
DAYS >= .50 3 2.9 0.1
DAYS >= 1.00 2 1.3 0.7
GREATEST
24 HR. TOTAL 2.74 03/13 TO 03/14
SNOWFALL (INCHES)
RECORDS
MAXIMUM 31.6 1956
MINIMUM T MULTI-YEARS
SNOW DEPTH 20 03/06/2015
03/20/1956
TOTALS 0.7 6.4 -5.7
LIQUID EQUIV 0.10
SINCE 7/1 11.6 36.0 -24.4
SNOWDEPTH AVG. 0
DAYS >= TRACE 8 3.7 4.3
DAYS >= 1.0 0 2.0 -2.0
GREATEST
SNOW DEPTH 2 03/01
24 HR TOTAL 0.5 03/04 TO 03/04
DEGREE DAYS
HEATING TOTAL 766 808 -42
SINCE 7/1 4237 4752 -515
COOLING TOTAL 0 0 0
SINCE 1/1 0 0 0
..............................................................
WIND (MPH)
AVERAGE WIND SPEED 9.9
RESULTANT WIND SPEED/DIRECTION 4/320
HIGHEST WIND SPEED/DIRECTION 32/010 DATE 03/04
HIGHEST GUST SPEED/DIRECTION 45/340 DATE 03/15
SKY COVER
POSSIBLE SUNSHINE (PERCENT) MM
AVERAGE SKY COVER 0.62
NUMBER OF DAYS FAIR 5
NUMBER OF DAYS PC 17
NUMBER OF DAYS CLOUDY 9
AVERAGE RH (PERCENT) 66
WEATHER CONDITIONS. NUMBER OF DAYS WITH
THUNDERSTORM 0 MIXED PRECIP 0
HEAVY RAIN 1 RAIN 5
LIGHT RAIN 17 FREEZING RAIN 0
LT FREEZING RAIN 0 HAIL 0
HEAVY SNOW 0 SNOW 0
LIGHT SNOW 7 SLEET 2
FOG 12 FOG W/VIS <= 1/4 MILE 0
HAZE 2
- INDICATES NEGATIVE NUMBERS.
R INDICATES RECORD WAS SET OR TIED.
MM INDICATES DATA IS MISSING.
T INDICATES TRACE AMOUNT.
$$