000
CXUS54 KFWD 010730
CF6PWG
PRELIMINARY LOCAL CLIMATOLOGICAL DATA (WS FORM: F-6)
STATION: WACO MCGREGOR
MONTH: OCTOBER
YEAR: 2021
LATITUDE: 31 28 N
LONGITUDE: 97 19 W
TEMPERATURE IN F: :PCPN: SNOW: WIND :SUNSHINE: SKY :PK WND
================================================================================
1 2 3 4 5 6A 6B 7 8 9 10 11 12 13 14 15 16 17 18
12Z AVG MX 2MIN
DY MAX MIN AVG DEP HDD CDD WTR SNW DPTH SPD SPD DIR MIN PSBL S-S WX SPD DR
================================================================================
1 79 67 73 1 0 8 0.70 M M 4.0 12 20 M M 8 13 M M
2 87 70 79 8 0 14 0.03 M M 3.9 10 160 M M 6 1 M M
3 86 66 76 5 0 11 0.00 M M 3.7 9 360 M M 2 M M
4 88 59 74 3 0 9 0.00 M M 5.6 14 330 M M 0 17 20
5 87 54 71 1 0 6 0.00 M M 4.6 13 350 M M 0 20 350
6 88 55 72 2 0 7 0.00 M M 2.6 7 150 M M 0 8 M M
7 91 60 76 6 0 11 0.00 M M 7.0 17 170 M M 0 17 160
8 92 65 79 9 0 14 0.00 M M 9.2 15 160 M M 0 23 200
9 91 65 78 9 0 13 0.00 M M 10.8 18 170 M M 0 22 190
10 94 67 81 12 0 16 0.47 M M 17.2 28 170 M M 7 13 39 170
11 83 59 71 3 0 6 0.00 M M 2.2 8 300 M M 1 M M
12 86 62 74 6 0 9 0.05 M M 13.1 26 160 M M 6 1 36 170
13 87 67 77 9 0 12 1.60 M M 14.6 24 180 M M 7 13 43 310
14 84 68 76 8 0 11 0.32 M M 6.0 13 160 M M 7 1 M M
15 79 56 68 1 0 3 0.00 M M 9.6 20 340 M M 2 1 25 340
16 72 47 60 -7 5 0 0.00 M M 7.1 15 30 M M 0 18 30
17 74 44 59 -8 6 0 0.00 M M 2.0 8 110 M M 0 M M
18 76 45 61 -5 4 0 0.00 M M 5.4 16 160 M M 0 20 180
19 82 56 69 3 0 4 0.00 M M 10.0 17 140 M M 0 23 140
20 86 66 76 10 0 11 0.00 M M 5.7 12 180 M M 5 M M
21 84 64 74 8 0 9 0.00 M M 4.0 8 350 M M 4 8 M M
22 87 60 74 9 0 9 0.00 M M 5.8 14 40 M M 2 18 16 140
23 88 66 77 12 0 12 0.00 M M 11.4 18 160 M M 4 30 150
24 86 67 77 12 0 12 0.00 M M 11.5 16 180 M M 5 1 21 170
25 90 64 77 13 0 12 0.00 M M 4.9 12 160 M M 1 18 M M
26 88 69 79 15 0 14 0.00 M M 14.0 25 170 M M 5 33 160
27 77 57 67 3 0 2 0.88 M M 12.6 25 160 M M 3 13 38 160
28 73 57 65 2 0 0 0.00 M M 15.7 30 320 M M 0 43 330
29 73 47 60 -3 5 0 0.00 M M 12.8 23 340 M M 0 37 320
30 79 39 59 -4 6 0 0.00 M M 2.7 7 210 M M 0 M M
31 82 46 64 2 1 0 0.00 M M 5.4 13 160 M M 0 M M
================================================================================
SM 2599 1834 27 235 4.05 M 245.1 M 75
================================================================================
AV 83.8 59.2 7.9 FASTST M M 2 MAX(MPH)
MISC ----> 30 320 # 43 310
================================================================================
NOTES:
# LAST OF SEVERAL OCCURRENCES
COLUMN 17 PEAK WIND IN M.P.H.
PRELIMINARY LOCAL CLIMATOLOGICAL DATA (WS FORM: F-6) , PAGE 2
STATION: WACO MCGREGOR
MONTH: OCTOBER
YEAR: 2021
LATITUDE: 31 28 N
LONGITUDE: 97 19 W
[TEMPERATURE DATA] [PRECIPITATION DATA] SYMBOLS USED IN COLUMN 16
AVERAGE MONTHLY: 71.5 TOTAL FOR MONTH: 4.05 1 = FOG OR MIST
DPTR FM NORMAL: 4.4 DPTR FM NORMAL: -0.13 2 = FOG REDUCING VISIBILITY
HIGHEST: 94 ON 10 GRTST 24HR 1.92 ON 13-14 TO 1/4 MILE OR LESS
LOWEST: 39 ON 30 3 = THUNDER
SNOW, ICE PELLETS, HAIL 4 = ICE PELLETS
TOTAL MONTH: M 5 = HAIL
GRTST 24HR M ON M 6 = FREEZING RAIN OR DRIZZLE
GRTST DEPTH: M ON M 7 = DUSTSTORM OR SANDSTORM:
VSBY 1/2 MILE OR LESS
8 = SMOKE OR HAZE
[NO. OF DAYS WITH] [WEATHER - DAYS WITH] 9 = BLOWING SNOW
X = TORNADO
MAX 32 OR BELOW: 0 0.01 INCH OR MORE: 7
MAX 90 OR ABOVE: 5 0.10 INCH OR MORE: 5
MIN 32 OR BELOW: 0 0.50 INCH OR MORE: 3
MIN 0 OR BELOW: 0 1.00 INCH OR MORE: 1
[HDD (BASE 65) ]
TOTAL THIS MO. 27 CLEAR (SCALE 0-3) 19
DPTR FM NORMAL -44 PTCLDY (SCALE 4-7) 12
TOTAL FM JUL 1 27 CLOUDY (SCALE 8-10) 0
DPTR FM NORMAL -51
[CDD (BASE 65) ]
TOTAL THIS MO. 235
DPTR FM NORMAL 101 [PRESSURE DATA]
TOTAL FM JAN 1 2666 HIGHEST SLP 30.39 ON 16
DPTR FM NORMAL 227 LOWEST SLP 29.54 ON 27
[REMARKS]
#FINAL-10-21#