000
CXUS54 KFWD 161604
CF6RBD
PRELIMINARY LOCAL CLIMATOLOGICAL DATA (WS FORM: F-6)
STATION: DALLAS EXECUTIVE
MONTH: JANUARY
YEAR: 2024
LATITUDE: 32 40 N
LONGITUDE: 96 52 W
TEMPERATURE IN F: :PCPN: SNOW: WIND :SUNSHINE: SKY :PK WND
================================================================================
1 2 3 4 5 6A 6B 7 8 9 10 11 12 13 14 15 16 17 18
12Z AVG MX 2MIN
DY MAX MIN AVG DEP HDD CDD WTR SNW DPTH SPD SPD DIR MIN PSBL S-S WX SPD DR
================================================================================
1 48 32 40 -7 25 0 0.00 M M 8.5 17 10 M M 0 24 10
2 48 31 40 -7 25 0 0.58 M M 4.5 14 30 M M 4 1 18 30
3 54 39 47 0 18 0 0.00 M M 3.1 12 350 M M 6 1 16 350
4 58 35 47 0 18 0 T M M 9.1 20 130 M M 3 12 29 120
5 51 42 47 0 18 0 0.35 M M 7.0 18 110 M M 9 1 26 130
6 50 39 45 -2 20 0 0.00 M M 7.9 15 300 M M 5 20 320
7 59 31 45 -2 20 0 0.00 M M 11.2 23 140 M M 0 36 130
8 57 39 48 1 17 0 0.67 M M 15.0 30 290 M M 8 13 48 290
9 49 32 41 -6 24 0 0.00 M M 18.1 37 290 M M 2 52 300
10 66 34 50 3 15 0 0.00 M M 11.6 23 210 M M 0 35 210
11 69 36 53 6 12 0 0.00 M M 10.4 25 170 M M 0 35 150
12 65 29 47 0 18 0 0.12 M M 15.0 39 310 M M 1 138 49 310
13 63 23 43 -4 22 0 0.00 M M 14.9 31 350 M M 0 42 200
14 23 13 18 -29 47 0 T M M 13.2 22 360 M M 7 30 350
15 25 11 18 -29 47 0 T M M 14.2 24 10 M M 6 18 36 360
16 26 12 19 -28 46 0 0.00 M M 10.4 23 360 M M 0 33 360
17 42 16 29 -19 36 0 0.00 M M 13.2 25 170 M M 0 34 160
18 60 37 49 1 16 0 0.00 M M 11.6 26 190 M M 0 42 200
19 42 25 34 -14 31 0 0.00 M M 15.3 28 360 M M 0 40 340
20 37 19 28 -20 37 0 0.00 M M 7.7 17 20 M M 0 22 10
21 40 31 36 -12 29 0 T M M 12.8 18 130 M M 10 28 110
22 41 32 37 -11 28 0 0.74 M M 4.7 14 140 M M 10 1 17 140
23 50 40 45 -3 20 0 0.45 M M 5.8 12 320 M M 10 12 16 320
24 51 45 48 0 17 0 0.01 M M 6.0 13 330 M M 10 12 16 320
25 53 47 50 2 15 0 0.01 M M 5.8 14 300 M M 9 12 19 290
26 52 47 50 2 15 0 0.19 M M 7.1 15 50 M M 10 1 21 50
27 52 37 45 -3 20 0 0.24 M M 13.5 22 330 M M 8 13 29 330
28 62 32 47 -2 18 0 0.00 M M 6.5 15 350 M M 0 1 19 340
29 72 46 59 10 6 0 0.00 M M 6.6 14 290 M M 0 19 310
30 75 50 63 14 2 0 0.00 M M 7.2 15 320 M M 0 18 300
31 74 44 59 10 6 0 0.00 M M 5.7 10 140 M M 0 15 120
================================================================================
SM 1614 1026 688 0 3.36 M 303.6 M 118
================================================================================
AV 52.1 33.1 9.8 FASTST M M 4 MAX(MPH)
MISC ----> 39 310 52 300
================================================================================
NOTES:
# LAST OF SEVERAL OCCURRENCES
COLUMN 17 PEAK WIND IN M.P.H.
PRELIMINARY LOCAL CLIMATOLOGICAL DATA (WS FORM: F-6) , PAGE 2
STATION: DALLAS EXECUTIVE
MONTH: JANUARY
YEAR: 2024
LATITUDE: 32 40 N
LONGITUDE: 96 52 W
[TEMPERATURE DATA] [PRECIPITATION DATA] SYMBOLS USED IN COLUMN 16
AVERAGE MONTHLY: 42.6 TOTAL FOR MONTH: 3.36 1 = FOG OR MIST
DPTR FM NORMAL: -5.0 DPTR FM NORMAL: 0.81 2 = FOG REDUCING VISIBILITY
HIGHEST: 75 ON 30 GRTST 24HR 0.74 ON 22-22 TO 1/4 MILE OR LESS
LOWEST: 11 ON 15 3 = THUNDER
SNOW, ICE PELLETS, HAIL 4 = ICE PELLETS
TOTAL MONTH: M 5 = HAIL
GRTST 24HR M ON M 6 = FREEZING RAIN OR DRIZZLE
GRTST DEPTH: M ON M 7 = DUSTSTORM OR SANDSTORM:
VSBY 1/2 MILE OR LESS
8 = SMOKE OR HAZE
[NO. OF DAYS WITH] [WEATHER - DAYS WITH] 9 = BLOWING SNOW
X = TORNADO
MAX 32 OR BELOW: 3 0.01 INCH OR MORE: 10
MAX 90 OR ABOVE: 0 0.10 INCH OR MORE: 8
MIN 32 OR BELOW: 15 0.50 INCH OR MORE: 3
MIN 0 OR BELOW: 0 1.00 INCH OR MORE: 0
[HDD (BASE 65) ]
TOTAL THIS MO. 688 CLEAR (SCALE 0-3) 16
DPTR FM NORMAL 145 PTCLDY (SCALE 4-7) 7
TOTAL FM JUL 1 1445 CLOUDY (SCALE 8-10) 8
DPTR FM NORMAL 71
[CDD (BASE 65) ]
TOTAL THIS MO. 0
DPTR FM NORMAL -4 [PRESSURE DATA]
TOTAL FM JAN 1 0 HIGHEST SLP 30.63 ON 20
DPTR FM NORMAL -4 LOWEST SLP 29.43 ON 12
[REMARKS]
#FINAL-01-24#