000
CXUS56 KMFR 011030
CF6RBG
PRELIMINARY LOCAL CLIMATOLOGICAL DATA (WS FORM: F-6)
STATION: ROSEBURG OR
MONTH: FEBRUARY
YEAR: 2023
LATITUDE: 43 13 N
LONGITUDE: 123 22 W
TEMPERATURE IN F: :PCPN: SNOW: WIND :SUNSHINE: SKY :PK WND
================================================================================
1 2 3 4 5 6A 6B 7 8 9 10 11 12 13 14 15 16 17 18
12Z AVG MX 2MIN
DY MAX MIN AVG DEP HDD CDD WTR SNW DPTH SPD SPD DIR MIN PSBL S-S WX SPD DR
================================================================================
1 57 26 42 -2 23 0 0.00 M M 0.7 8 10 M M 0 10 360
2 43 25 34 -10 31 0 0.00 M M 0.3 5 240 M M 0 6 160
3 55 28 42 -3 23 0 T M M 5.1 18 180 M M 6 8 32 230
4 54 40 47 2 18 0 T M M 0.8 8 360 M M 6 10 10
5 51 40 46 1 19 0 0.21 M M 3.5 15 180 M M 9 1 27 180
6 54 35 45 0 20 0 T M M 0.9 7 40 M M 4 9 150
7 52 35 44 -1 21 0 0.08 M M 1.3 9 170 M M 7 12 14 190
8 51 37 44 -1 21 0 0.00 M M 0.7 5 40 M M 8 12 7 230
9 62 37 50 5 15 0 0.00 M M 2.1 7 230 M M 6 12 11 230
10 56 43 50 5 15 0 0.04 M M 3.5 14 350 M M 6 1 20 350
11 50 35 43 -2 22 0 0.00 M M 7.2 17 360 M M 6 24 350
12 58 36 47 2 18 0 0.00 M M 1.1 10 20 M M 5 13 30
13 47 34 41 -4 24 0 0.29 M M 3.9 13 340 M M 9 18 20 260
14 43 30 37 -9 28 0 0.43 M M 2.8 12 10 M M 7 1 14 360
15 50 30 40 -6 25 0 0.00 M M 1.4 7 10 M M 4 12 9 250
16 52 28 40 -6 25 0 0.00 M M 1.0 6 350 M M 1 1 9 10
17 56 28 42 -4 23 0 0.00 M M 1.4 7 350 M M 3 12 14 10
18 52 30 41 -5 24 0 0.00 M M 1.5 7 10 M M 4 9 330
19 57 38 48 2 17 0 0.00 M M 2.3 12 10 M M 5 14 10
20 58 32 45 -1 20 0 T M M 1.4 8 10 M M 3 1 13 160
21 50 34 42 -4 23 0 0.41 M M 4.3 17 330 M M 10 1 27 320
22 41 32 37 -9 28 0 0.20 M M 5.5 15 230 M M 8 12 20 240
23 41 31 36 -11 29 0 0.04 M M 5.0 14 160 M M 9 1 22 170
24 46 25 36 -11 29 0 0.00 M M 7.0 16 10 M M 2 21 350
25 52 24 38 -9 27 0 0.00 M M 0.7 6 140 M M 2 9 250
26 46 36 41 -6 24 0 0.38 M M 3.9 16 160 M M 8 1 21 240
27 46 34 40 -7 25 0 0.37 M M 6.1 21 170 M M 8 1 31 190
28 41 32 37 -10 28 0 0.45 M M 3.9 15 150 M M 9 1 21 140
================================================================================
SM 1421 915 645 0 2.90 M 79.3 M 155
================================================================================
AV 50.8 32.7 2.8 FASTST M M 6 MAX(MPH)
MISC ----> 21 170 32 230
================================================================================
NOTES:
# LAST OF SEVERAL OCCURRENCES
COLUMN 17 PEAK WIND IN M.P.H.
PRELIMINARY LOCAL CLIMATOLOGICAL DATA (WS FORM: F-6) , PAGE 2
STATION: ROSEBURG OR
MONTH: FEBRUARY
YEAR: 2023
LATITUDE: 43 13 N
LONGITUDE: 123 22 W
[TEMPERATURE DATA] [PRECIPITATION DATA] SYMBOLS USED IN COLUMN 16
AVERAGE MONTHLY: 41.7 TOTAL FOR MONTH: 2.90 1 = FOG OR MIST
DPTR FM NORMAL: -4.0 DPTR FM NORMAL: -0.72 2 = FOG REDUCING VISIBILITY
HIGHEST: 62 ON 9 GRTST 24HR 0.68 ON 27-28 TO 1/4 MILE OR LESS
LOWEST: 24 ON 25 3 = THUNDER
SNOW, ICE PELLETS, HAIL 4 = ICE PELLETS
TOTAL MONTH: M 5 = HAIL
GRTST 24HR M ON M 6 = FREEZING RAIN OR DRIZZLE
GRTST DEPTH: M ON M 7 = DUSTSTORM OR SANDSTORM:
VSBY 1/2 MILE OR LESS
8 = SMOKE OR HAZE
[NO. OF DAYS WITH] [WEATHER - DAYS WITH] 9 = BLOWING SNOW
X = TORNADO
MAX 32 OR BELOW: 0 0.01 INCH OR MORE: 11
MAX 90 OR ABOVE: 0 0.10 INCH OR MORE: 8
MIN 32 OR BELOW: 14 0.50 INCH OR MORE: 0
MIN 0 OR BELOW: 0 1.00 INCH OR MORE: 0
[HDD (BASE 65) ]
TOTAL THIS MO. 645 CLEAR (SCALE 0-3) 7
DPTR FM NORMAL 103 PTCLDY (SCALE 4-7) 15
TOTAL FM JUL 1 2833 CLOUDY (SCALE 8-10) 6
DPTR FM NORMAL 55
[CDD (BASE 65) ]
TOTAL THIS MO. 0
DPTR FM NORMAL 0 [PRESSURE DATA]
TOTAL FM JAN 1 0 HIGHEST SLP 30.59 ON 6
DPTR FM NORMAL 0 LOWEST SLP 29.46 ON 27
[REMARKS]
#FINAL-02-23#