000
CXUS56 KMFR 010930
CF6RBG
PRELIMINARY LOCAL CLIMATOLOGICAL DATA (WS FORM: F-6)
STATION: ROSEBURG OR
MONTH: MARCH
YEAR: 2024
LATITUDE: 43 13 N
LONGITUDE: 123 22 W
TEMPERATURE IN F: :PCPN: SNOW: WIND :SUNSHINE: SKY :PK WND
================================================================================
1 2 3 4 5 6A 6B 7 8 9 10 11 12 13 14 15 16 17 18
12Z AVG MX 2MIN
DY MAX MIN AVG DEP HDD CDD WTR SNW DPTH SPD SPD DIR MIN PSBL S-S WX SPD DR
================================================================================
1 49 36 43 -4 22 0 1.06 M M 4.8 18 150 M M 8 1 26 140
2 47 33 40 -8 25 0 0.34 M M 4.8 16 160 M M 7 1 25 230
3 43 33 38 -10 27 0 0.46 M M 3.2 12 160 M M 8 1 18 180
4 41 34 38 -10 27 0 0.76 M M 2.2 9 150 M M 9 1 12 160
5 41 33 37 -11 28 0 0.47 M M 1.3 7 160 M M 10 1 9 170
6 48 33 41 -7 24 0 0.00 M M 2.3 8 340 M M 8 1 14 330
7 52 30 41 -7 24 0 0.00 M M 1.4 6 180 M M 4 12 8 30
8 66 29 48 0 17 0 0.00 M M 1.4 7 220 M M 1 12 10 150
9 56 39 48 0 17 0 0.04 M M 6.9 17 230 M M 7 28 190
10 54 42 48 -1 17 0 0.46 M M 5.8 20 150 M M 9 1 34 170
11 52 37 45 -4 20 0 0.13 M M 4.7 24 160 M M 8 12 35 160
12 54 42 48 -1 17 0 0.19 M M 4.1 15 320 M M 9 1 24 220
13 56 39 48 -1 17 0 T M M 2.2 10 10 M M 6 14 10
14 64 33 49 0 16 0 0.00 M M 2.1 13 360 M M 2 12 17 10
15 71 36 54 5 11 0 0.00 M M 1.4 8 330 M M 2 12 12 350
16 77 36 57 8 8 0 0.00 M M 0.8 8 20 M M 0 12 12 360
17 73 38 56 7 9 0 0.00 M M 1.4 9 360 M M 0 13 340
18 80 41 61 11 4 0 0.00 M M 1.2 9 20 M M 0 11 10
19 68 44 56 6 9 0 0.00 M M 4.4 15 20 M M 0 22 10
20 60 48 54 4 11 0 T M M 1.9 9 310 M M 8 1 13 320
21 68 45 57 7 8 0 T M M 1.8 9 290 M M 4 13 270
22 60 45 53 3 12 0 0.10 M M 4.4 14 150 M M 6 1 21 110
23 54 45 50 0 15 0 0.01 M M 6.3 22 170 M M 9 34 160
24 56 45 51 1 14 0 0.04 M M 2.5 12 10 M M 10 1 14 10
25 56 45 51 1 14 0 0.10 M M 2.2 10 270 M M 8 1 19 260
26 62 44 53 3 12 0 0.01 M M 2.4 10 160 M M 8 13 170
27 59 43 51 1 14 0 0.45 M M 5.7 17 230 M M 9 1 29 240
28 52 40 46 -4 19 0 0.20 M M 5.2 18 160 M M 9 1 30 160
29 61 36 49 -1 16 0 0.00 M M 4.0 20 360 M M 6 12 27 360
30 67 42 55 5 10 0 0.00 M M 6.9 20 10 M M 0 28 10
31 63 39 51 1 14 0 0.00 M M 4.2 16 10 M M 3 23 350
================================================================================
SM 1810 1205 498 0 4.82 M 103.9 M 178
================================================================================
AV 58.4 38.9 3.4 FASTST M M 6 MAX(MPH)
MISC ----> 24 160 35 160
================================================================================
NOTES:
# LAST OF SEVERAL OCCURRENCES
COLUMN 17 PEAK WIND IN M.P.H.
PRELIMINARY LOCAL CLIMATOLOGICAL DATA (WS FORM: F-6) , PAGE 2
STATION: ROSEBURG OR
MONTH: MARCH
YEAR: 2024
LATITUDE: 43 13 N
LONGITUDE: 123 22 W
[TEMPERATURE DATA] [PRECIPITATION DATA] SYMBOLS USED IN COLUMN 16
AVERAGE MONTHLY: 48.6 TOTAL FOR MONTH: 4.82 1 = FOG OR MIST
DPTR FM NORMAL: -0.6 DPTR FM NORMAL: 1.35 2 = FOG REDUCING VISIBILITY
HIGHEST: 80 ON 18 GRTST 24HR 1.18 ON 1- 2 TO 1/4 MILE OR LESS
LOWEST: 29 ON 8 3 = THUNDER
SNOW, ICE PELLETS, HAIL 4 = ICE PELLETS
TOTAL MONTH: M 5 = HAIL
GRTST 24HR M ON M 6 = FREEZING RAIN OR DRIZZLE
GRTST DEPTH: M ON M 7 = DUSTSTORM OR SANDSTORM:
VSBY 1/2 MILE OR LESS
8 = SMOKE OR HAZE
[NO. OF DAYS WITH] [WEATHER - DAYS WITH] 9 = BLOWING SNOW
X = TORNADO
MAX 32 OR BELOW: 0 0.01 INCH OR MORE: 16
MAX 90 OR ABOVE: 0 0.10 INCH OR MORE: 12
MIN 32 OR BELOW: 2 0.50 INCH OR MORE: 2
MIN 0 OR BELOW: 0 1.00 INCH OR MORE: 1
[HDD (BASE 65) ]
TOTAL THIS MO. 498 CLEAR (SCALE 0-3) 9
DPTR FM NORMAL 7 PTCLDY (SCALE 4-7) 11
TOTAL FM JUL 1 2803 CLOUDY (SCALE 8-10) 11
DPTR FM NORMAL -469
[CDD (BASE 65) ]
TOTAL THIS MO. 0
DPTR FM NORMAL 0 [PRESSURE DATA]
TOTAL FM JAN 1 0 HIGHEST SLP M ON M
DPTR FM NORMAL 0 LOWEST SLP 29.37 ON 1
[REMARKS]
#FINAL-03-24#