000
CXUS56 KSTO 011401
CF6RBL
PRELIMINARY LOCAL CLIMATOLOGICAL DATA (WS FORM: F-6)
STATION: RED BLUFF
MONTH: FEBRUARY
YEAR: 2023
LATITUDE: 40 8 N
LONGITUDE: 122-15 E
TEMPERATURE IN F: :PCPN: SNOW: WIND :SUNSHINE: SKY :PK WND
================================================================================
1 2 3 4 5 6A 6B 7 8 9 10 11 12 13 14 15 16 17 18
12Z AVG MX 2MIN
DY MAX MIN AVG DEP HDD CDD WTR SNW DPTH SPD SPD DIR MIN PSBL S-S WX SPD DR
================================================================================
1 56 30 43 -6 22 0 0.00 M M 3.9 9 330 M M 0 11 330
2 55 30 43 -6 22 0 0.00 M M 4.4 10 340 M M 0 12 340
3 57 35 46 -3 19 0 0.31 M M 6.8 15 140 M M 8 1 18 130
4 54 45 50 1 15 0 0.32 M M 9.1 28 160 M M 9 1 35 160
5 55 40 48 -1 17 0 0.02 0.0 M 8.1 20 160 M M 4 24 160
6 62 38 50 0 15 0 0.00 M M 10.5 24 340 M M 0 32 360
7 56 37 47 -3 18 0 0.00 M M 4.2 9 330 M M 0 12 330
8 67 37 52 2 13 0 0.00 M M 4.4 12 330 M M 0 14 330
9 63 37 50 0 15 0 0.00 0.0 M 5.7 13 160 M M 0 16 160
10 58 37 48 -2 17 0 0.00 M M 6.5 15 330 M M 4 20 340
11 66 35 51 1 14 0 0.00 M M 9.6 23 360 M M 1 30 340
12 73 39 56 6 9 0 0.00 M M 8.2 21 360 M M 0 26 340
13 67 42 55 5 10 0 0.00 M M 14.0 33 280 M M 0 46 280
14 53 37 45 -6 20 0 0.00 M M 10.0 22 360 M M 1 28 300
15 59 33 46 -5 19 0 0.00 M M 7.1 18 350 M M 0 22 360
16 53 28 41 -10 24 0 0.00 M M 2.8 9 280 M M 0 12 280
17 65 33 49 -2 16 0 0.00 M M 8.9 17 360 M M 0 24 360
18 61 30 46 -5 19 0 0.00 M M 3.7 10 320 M M 0 12 320
19 74 36 55 4 10 0 0.00 M M 10.4 25 360 M M 0 30 360
20 79 43 61 9 4 0 0.00 M M 3.5 10 150 M M 0 13 140
21 60 39 50 -2 15 0 T M M 12.7 36 290 M M 0 56 280
22 52 32 42 -10 23 0 T M M 7.1 22 180 M M 2 3 26 210
23 49 30 40 -12 25 0 0.40 M M 17.5 33 150 M M 6 1 45 160
24 38 33 36 -16 29 0 1.29 5.0 5 3.4 26 160 M M 9 1 33 160
25 46 31 39 -13 26 0 0.00 M M 7.0 16 140 M M 7 12 18 140
26 47 39 43 -9 22 0 0.49 M M 13.1 28 150 M M 9 13 34 160
27 48 38 43 -10 22 0 0.30 M M 18.8 37 160 M M 7 13 46 160
28 53 35 44 -9 21 0 0.10 M M 15.5 33 150 M M 5 1 40 150
================================================================================
SM 1626 999 501 0 3.23 5.0 236.9 M 72
================================================================================
AV 58.1 35.7 8.5 FASTST M M 3 MAX(MPH)
MISC ----> 37 160 56 280
================================================================================
NOTES:
# LAST OF SEVERAL OCCURRENCES
COLUMN 17 PEAK WIND IN M.P.H.
PRELIMINARY LOCAL CLIMATOLOGICAL DATA (WS FORM: F-6) , PAGE 2
STATION: RED BLUFF
MONTH: FEBRUARY
YEAR: 2023
LATITUDE: 40 8 N
LONGITUDE: 122-15 E
[TEMPERATURE DATA] [PRECIPITATION DATA] SYMBOLS USED IN COLUMN 16
AVERAGE MONTHLY: 46.9 TOTAL FOR MONTH: 3.23 1 = FOG OR MIST
DPTR FM NORMAL: -3.9 DPTR FM NORMAL: -0.92 2 = FOG REDUCING VISIBILITY
HIGHEST: 79 ON 20 GRTST 24HR 1.29 ON 24-24 TO 1/4 MILE OR LESS
LOWEST: 28 ON 16 3 = THUNDER
SNOW, ICE PELLETS, HAIL 4 = ICE PELLETS
TOTAL MONTH: 5.0 INCHES 5 = HAIL
GRTST 24HR 5.0 ON 24-24 6 = FREEZING RAIN OR DRIZZLE
GRTST DEPTH: 5 ON 24 7 = DUSTSTORM OR SANDSTORM:
VSBY 1/2 MILE OR LESS
8 = SMOKE OR HAZE
[NO. OF DAYS WITH] [WEATHER - DAYS WITH] 9 = BLOWING SNOW
X = TORNADO
MAX 32 OR BELOW: 0 0.01 INCH OR MORE: 8
MAX 90 OR ABOVE: 0 0.10 INCH OR MORE: 7
MIN 32 OR BELOW: 7 0.50 INCH OR MORE: 1
MIN 0 OR BELOW: 0 1.00 INCH OR MORE: 1
[HDD (BASE 65) ]
TOTAL THIS MO. 501 CLEAR (SCALE 0-3) 18
DPTR FM NORMAL 103 PTCLDY (SCALE 4-7) 7
TOTAL FM JUL 1 2052 CLOUDY (SCALE 8-10) 3
DPTR FM NORMAL 102
[CDD (BASE 65) ]
TOTAL THIS MO. 0
DPTR FM NORMAL 0 [PRESSURE DATA]
TOTAL FM JAN 1 0 HIGHEST SLP 30.47 ON 6
DPTR FM NORMAL 0 LOWEST SLP 29.61 ON 24
[REMARKS]
#FINAL-02-23#