000
CXUS56 KSTO 011301
CF6RBL
PRELIMINARY LOCAL CLIMATOLOGICAL DATA (WS FORM: F-6)
STATION: RED BLUFF
MONTH: SEPTEMBER
YEAR: 2023
LATITUDE: 40 8 N
LONGITUDE: 122-15 E
TEMPERATURE IN F: :PCPN: SNOW: WIND :SUNSHINE: SKY :PK WND
================================================================================
1 2 3 4 5 6A 6B 7 8 9 10 11 12 13 14 15 16 17 18
12Z AVG MX 2MIN
DY MAX MIN AVG DEP HDD CDD WTR SNW DPTH SPD SPD DIR MIN PSBL S-S WX SPD DR
================================================================================
1 76 62 69 -9 0 4 T M M 10.3 21 160 M M 7 3 27 140
2 78 60 69 -9 0 4 0.00 M M 6.4 14 220 M M 4 26 110
3 84 63 74 -4 0 9 0.00 M M 6.7 18 160 M M 4 22 160
4 89 59 74 -4 0 9 0.00 M M 4.4 10 180 M M 0 13 360
5 92 62 77 -1 0 12 0.00 M M 4.6 10 160 M M 0 15 120
6 93 63 78 1 0 13 0.00 0.0 M 6.9 16 130 M M 0 21 160
7 91 60 76 -1 0 11 0.00 M M 4.3 17 180 M M 0 22 160
8 93 61 77 0 0 12 0.00 M M 6.0 16 140 M M 0 20 180
9 94 60 77 0 0 12 0.00 M M 6.3 15 150 M M 0 22 190
10 97 60 79 2 0 14 0.00 M M 5.4 10 360 M M 0 15 110
11 97 61 79 2 0 14 0.00 M M 5.3 12 170 M M 0 20 330
12 96 61 79 3 0 14 0.00 M M 4.4 13 170 M M 0 15 170
13 100 63 82 6 0 17 0.00 M M 6.9 17 10 M M 0 24 10
14 104 64 84 8 0 19 0.00 M M 6.3 18 350 M M 0 22 360
15 96 64 80 4 0 15 0.00 0.0 M 4.8 14 130 M M 0 17 140
16 93 66 80 4 0 15 0.00 M M 5.7 13 160 M M 0 17 120
17 87 63 75 0 0 10 0.00 M M 7.4 17 170 M M 0 20 170
18 86 61 74 -1 0 9 0.00 M M 4.9 15 160 M M 0 19 160
19 88 62 75 0 0 10 0.00 M M 4.5 13 150 M M 0 19 160
20 88 62 75 0 0 10 0.00 M M 7.4 25 360 M M 0 33 360
21 83 58 71 -3 0 6 0.00 M M 12.5 24 340 M M 0 33 320
22 84 51 68 -6 0 3 0.00 M M 3.0 10 210 M M 0 14 160
23 83 53 68 -6 0 3 0.00 M M 6.7 17 170 M M 0 20 160
24 80 61 71 -3 0 6 0.00 M M 7.5 16 150 M M 0 24 150
25 76 55 66 -7 0 1 0.01 0.0 M 14.6 28 150 M M 7 35 140
26 80 58 69 -4 0 4 0.00 M M 5.6 17 160 M M 4 23 140
27 83 54 69 -3 0 4 0.00 M M 6.7 12 340 M M 0 16 60
28 88 55 72 0 0 7 0.00 M M 8.3 18 360 M M 0 23 360
29 80 55 68 -4 0 3 0.11 M M 5.4 18 330 M M 4 13 23 330
30 71 58 65 -7 0 0 0.37 M M 4.5 15 340 M M 7 138 20 60
================================================================================
SM 2630 1795 0 270 0.49 0.0 193.7 M 37
================================================================================
AV 87.7 59.8 6.5 FASTST M M 1 MAX(MPH)
MISC ----> 28 150 35 140
================================================================================
NOTES:
# LAST OF SEVERAL OCCURRENCES
COLUMN 17 PEAK WIND IN M.P.H.
PRELIMINARY LOCAL CLIMATOLOGICAL DATA (WS FORM: F-6) , PAGE 2
STATION: RED BLUFF
MONTH: SEPTEMBER
YEAR: 2023
LATITUDE: 40 8 N
LONGITUDE: 122-15 E
[TEMPERATURE DATA] [PRECIPITATION DATA] SYMBOLS USED IN COLUMN 16
AVERAGE MONTHLY: 73.8 TOTAL FOR MONTH: 0.49 1 = FOG OR MIST
DPTR FM NORMAL: -1.7 DPTR FM NORMAL: 0.30 2 = FOG REDUCING VISIBILITY
HIGHEST: 104 ON 14 GRTST 24HR 0.48 ON 29-30 TO 1/4 MILE OR LESS
LOWEST: 51 ON 22 3 = THUNDER
SNOW, ICE PELLETS, HAIL 4 = ICE PELLETS
TOTAL MONTH: 0.0 INCH 5 = HAIL
GRTST 24HR 0.0 6 = FREEZING RAIN OR DRIZZLE
GRTST DEPTH: M ON M 7 = DUSTSTORM OR SANDSTORM:
VSBY 1/2 MILE OR LESS
8 = SMOKE OR HAZE
[NO. OF DAYS WITH] [WEATHER - DAYS WITH] 9 = BLOWING SNOW
X = TORNADO
MAX 32 OR BELOW: 0 0.01 INCH OR MORE: 3
MAX 90 OR ABOVE: 12 0.10 INCH OR MORE: 2
MIN 32 OR BELOW: 0 0.50 INCH OR MORE: 0
MIN 0 OR BELOW: 0 1.00 INCH OR MORE: 0
[HDD (BASE 65) ]
TOTAL THIS MO. 0 CLEAR (SCALE 0-3) 23
DPTR FM NORMAL -4 PTCLDY (SCALE 4-7) 7
TOTAL FM JUL 1 0 CLOUDY (SCALE 8-10) 0
DPTR FM NORMAL 0
[CDD (BASE 65) ]
TOTAL THIS MO. 270
DPTR FM NORMAL -45 [PRESSURE DATA]
TOTAL FM JAN 1 2069 HIGHEST SLP 30.15 ON 26
DPTR FM NORMAL 237 LOWEST SLP 29.60 ON 1
[REMARKS]
#FINAL-09-23#