000
CXUS56 KPDT 011810
CF6RDM
PRELIMINARY LOCAL CLIMATOLOGICAL DATA (WS FORM: F-6)
STATION: REDMOND OR
MONTH: SEPTEMBER
YEAR: 2023
LATITUDE: 44 16 N
LONGITUDE: 121 9 W
TEMPERATURE IN F: :PCPN: SNOW: WIND :SUNSHINE: SKY :PK WND
================================================================================
1 2 3 4 5 6A 6B 7 8 9 10 11 12 13 14 15 16 17 18
12Z AVG MX 2MIN
DY MAX MIN AVG DEP HDD CDD WTR SNW DPTH SPD SPD DIR MIN PSBL S-S WX SPD DR
================================================================================
1 69 55 62 -2 3 0 0.00 M M 5.9 12 340 M M 9 1 15 340
2 81 51 66 3 0 1 T M M 8.5 23 140 M M 5 30 140
3 76 52 64 1 1 0 0.00 M M 11.1 28 290 M M 2 34 300
4 74 42 58 -5 7 0 0.00 M M 6.8 18 30 M M 1 22 30
5 81 36 59 -4 6 0 0.00 M M 5.3 15 330 M M 0 20 330
6 83 41 62 0 3 0 0.00 M M 6.6 20 320 M M 0 25 330
7 82 40 61 -1 4 0 0.00 M M 6.7 18 330 M M 1 23 330
8 86 42 64 2 1 0 0.00 M M 5.6 18 40 M M 0 24 50
9 87 46 67 5 0 2 0.00 M M 6.0 16 350 M M 0 22 340
10 88 45 67 6 0 2 0.00 M M 5.5 21 290 M M 0 25 290
11 85 47 66 5 0 1 0.00 M M 6.2 18 340 M M 0 23 330
12 82 43 63 2 2 0 0.00 M M 5.5 18 330 M M 0 24 340
13 83 44 64 3 1 0 0.00 M M 4.5 13 360 M M 0 18 20
14 87 35 61 1 4 0 0.00 M M 6.3 15 340 M M 0 19 330
15 94 37 66 6 0 1 0.00 M M 4.5 14 340 M M 0 17 20
16 95 42 69 9 0 4 0.00 M M 5.0 22 300 M M 0 8 27 310
17 91 47 69 10 0 4 0.00 M M 7.9 23 290 M M 1 8 32 280
18 80 43 62 3 3 0 0.00 M M 6.5 20 290 M M 0 8 26 300
19 76 35 56 -3 9 0 0.00 M M 4.6 14 10 M M 0 20 10
20 62 36 49 -9 16 0 0.02 M M 8.8 20 350 M M 6 24 350
21 52 35 44 -14 21 0 0.04 M M 5.6 16 360 M M 9 12 22 350
22 73 29 51 -7 14 0 0.00 M M 6.6 14 160 M M 1 12 17 130
23 70 46 58 1 7 0 0.00 M M 6.5 16 340 M M 1 8 22 340
24 59 39 49 -8 16 0 0.29 M M 4.0 10 70 M M 7 18 14 80
25 69 51 60 3 5 0 0.06 M M 8.6 18 210 M M 8 25 220
26 65 47 56 0 9 0 0.05 M M 6.9 21 220 M M 6 1 28 210
27 63 37 50 -6 15 0 0.02 M M 8.4 23 300 M M 4 27 300
28 65 33 49 -7 16 0 T M M 5.5 14 10 M M 4 21 20
29 53 43 48 -7 17 0 0.12 M M 5.6 15 330 M M 10 1 18 330
30 60 33 47 -8 18 0 0.04 M M 8.1 17 350 M M 6 1 21 340
================================================================================
SM 2271 1252 198 15 0.64 M 193.6 M 81
================================================================================
AV 75.7 41.7 6.5 FASTST M M 3 MAX(MPH)
MISC ----> 28 290 34 300
================================================================================
NOTES:
# LAST OF SEVERAL OCCURRENCES
COLUMN 17 PEAK WIND IN M.P.H.
PRELIMINARY LOCAL CLIMATOLOGICAL DATA (WS FORM: F-6) , PAGE 2
STATION: REDMOND OR
MONTH: SEPTEMBER
YEAR: 2023
LATITUDE: 44 16 N
LONGITUDE: 121 9 W
[TEMPERATURE DATA] [PRECIPITATION DATA] SYMBOLS USED IN COLUMN 16
AVERAGE MONTHLY: 58.7 TOTAL FOR MONTH: 0.64 1 = FOG OR MIST
DPTR FM NORMAL: -0.9 DPTR FM NORMAL: 0.27 2 = FOG REDUCING VISIBILITY
HIGHEST: 95 ON 16 GRTST 24HR 0.29 ON 24-24 TO 1/4 MILE OR LESS
LOWEST: 29 ON 22 3 = THUNDER
SNOW, ICE PELLETS, HAIL 4 = ICE PELLETS
TOTAL MONTH: M 5 = HAIL
GRTST 24HR M ON M 6 = FREEZING RAIN OR DRIZZLE
GRTST DEPTH: M ON M 7 = DUSTSTORM OR SANDSTORM:
VSBY 1/2 MILE OR LESS
8 = SMOKE OR HAZE
[NO. OF DAYS WITH] [WEATHER - DAYS WITH] 9 = BLOWING SNOW
X = TORNADO
MAX 32 OR BELOW: 0 0.01 INCH OR MORE: 8
MAX 90 OR ABOVE: 3 0.10 INCH OR MORE: 2
MIN 32 OR BELOW: 1 0.50 INCH OR MORE: 0
MIN 0 OR BELOW: 0 1.00 INCH OR MORE: 0
[HDD (BASE 65) ]
TOTAL THIS MO. 198 CLEAR (SCALE 0-3) 19
DPTR FM NORMAL 6 PTCLDY (SCALE 4-7) 7
TOTAL FM JUL 1 218 CLOUDY (SCALE 8-10) 4
DPTR FM NORMAL -72
[CDD (BASE 65) ]
TOTAL THIS MO. 15
DPTR FM NORMAL -15 [PRESSURE DATA]
TOTAL FM JAN 1 440 HIGHEST SLP 30.16 ON 14
DPTR FM NORMAL 124 LOWEST SLP 29.78 ON 1
[REMARKS]
#FINAL-09-23#