000
CXUS52 KRAH 010945
CF6RDU
PRELIMINARY LOCAL CLIMATOLOGICAL DATA (WS FORM: F-6)
STATION: RALEIGH NC
MONTH: FEBRUARY
YEAR: 2024
LATITUDE: 35 52 N
LONGITUDE: 78 47 W
TEMPERATURE IN F: :PCPN: SNOW: WIND :SUNSHINE: SKY :PK WND
================================================================================
1 2 3 4 5 6A 6B 7 8 9 10 11 12 13 14 15 16 17 18
12Z AVG MX 2MIN
DY MAX MIN AVG DEP HDD CDD WTR SNW DPTH SPD SPD DIR MIN PSBL S-S WX SPD DR
================================================================================
1 59 35 47 4 18 0 0.00 0.0 0 3.8 15 230 M M 4 1 22 240
2 67 41 54 11 11 0 0.00 0.0 0 6.0 20 40 M M 7 28 40
3 54 31 43 0 22 0 0.00 0.0 0 3.4 15 50 M M 0 20 40
4 56 28 42 -1 23 0 0.00 0.0 0 4.3 16 90 M M 5 23 40
5 59 33 46 3 19 0 0.00 0.0 0 6.8 17 50 M M 5 24 40
6 52 35 44 1 21 0 0.00 0.0 0 10.4 21 40 M M 1 30 40
7 55 29 42 -2 23 0 0.00 0.0 0 4.3 17 50 M M 1 22 50
8 61 29 45 1 20 0 0.00 0.0 0 2.6 9 220 M M 7 13 200
9 58 45 52 8 13 0 0.05 0.0 0 7.9 15 230 M M 10 21 220
10 76 51 64 20 1 0 0.01 0.0 0 8.3 23 230 M M 8 31 230
11 62 57 60 16 5 0 0.30 0.0 0 3.5 17 230 M M 10 1 24 240
12 61 56 59 15 6 0 0.18 0.0 0 4.7 16 150 M M 10 12 24 150
13 62 39 51 6 14 0 0.59 0.0 0 8.2 21 300 M M 4 13 37 300
14 63 35 49 4 16 0 0.00 0.0 0 3.8 16 270 M M 1 28 270
15 69 34 52 7 13 0 0.00 0.0 0 7.8 26 230 M M 3 34 220
16 62 41 52 7 13 0 0.00 0.0 0 5.0 13 190 M M 9 23 160
17 53 36 45 0 20 0 0.00 0.0 0 6.0 15 320 M M 7 28 330
18 48 29 39 -7 26 0 0.00 0.0 0 4.7 14 230 M M 8 18 230
19 58 27 43 -3 22 0 0.00 0.0 0 2.7 15 40 M M 2 23 50
20 57 29 43 -3 22 0 0.00 0.0 0 6.4 14 80 M M 4 20 80
21 58 31 45 -1 20 0 0.00 0.0 0 4.1 12 80 M M 2 16 80
22 68 36 52 6 13 0 0.00 0.0 0 10.8 23 210 M M 7 32 210
23 58 42 50 3 15 0 0.28 0.0 0 7.5 18 220 M M 8 1 27 210
24 59 36 48 1 17 0 0.08 0.0 0 3.9 15 310 M M 5 1 31 320
25 55 34 45 -2 20 0 0.00 0.0 0 4.7 12 50 M M 3 18 60
26 72 40 56 9 9 0 0.00 0.0 0 9.4 21 220 M M 5 25 220
27 63 52 58 10 7 0 0.04 0.0 0 10.5 21 210 M M 10 31 210
28 72 50 61 13 4 0 0.38 0.0 0 16.3 28 220 M M 10 1 51 280
29 53 38 46 -2 19 0 0.00 0.0 0 4.0 12 320 M M 8 23 360
================================================================================
SM 1750 1099 452 0 1.91 0.0 181.8 M 164
================================================================================
AV 60.3 37.9 6.3 FASTST M M 6 MAX(MPH)
MISC ----> 28 220 51 280
================================================================================
NOTES:
# LAST OF SEVERAL OCCURRENCES
COLUMN 17 PEAK WIND IN M.P.H.
PRELIMINARY LOCAL CLIMATOLOGICAL DATA (WS FORM: F-6) , PAGE 2
STATION: RALEIGH NC
MONTH: FEBRUARY
YEAR: 2024
LATITUDE: 35 52 N
LONGITUDE: 78 47 W
[TEMPERATURE DATA] [PRECIPITATION DATA] SYMBOLS USED IN COLUMN 16
AVERAGE MONTHLY: 49.1 TOTAL FOR MONTH: 1.91 1 = FOG OR MIST
DPTR FM NORMAL: 4.1 DPTR FM NORMAL: -0.87 2 = FOG REDUCING VISIBILITY
HIGHEST: 76 ON 10 GRTST 24HR 0.77 ON 12-13 TO 1/4 MILE OR LESS
LOWEST: 27 ON 19 3 = THUNDER
SNOW, ICE PELLETS, HAIL 4 = ICE PELLETS
TOTAL MONTH: 0.0 INCH 5 = HAIL
GRTST 24HR 0.0 6 = FREEZING RAIN OR DRIZZLE
GRTST DEPTH: 0 7 = DUSTSTORM OR SANDSTORM:
VSBY 1/2 MILE OR LESS
8 = SMOKE OR HAZE
[NO. OF DAYS WITH] [WEATHER - DAYS WITH] 9 = BLOWING SNOW
X = TORNADO
MAX 32 OR BELOW: 0 0.01 INCH OR MORE: 9
MAX 90 OR ABOVE: 0 0.10 INCH OR MORE: 5
MIN 32 OR BELOW: 8 0.50 INCH OR MORE: 1
MIN 0 OR BELOW: 0 1.00 INCH OR MORE: 0
[HDD (BASE 65) ]
TOTAL THIS MO. 452 CLEAR (SCALE 0-3) 8
DPTR FM NORMAL -110 PTCLDY (SCALE 4-7) 14
TOTAL FM JUL 1 2043 CLOUDY (SCALE 8-10) 7
DPTR FM NORMAL -494
[CDD (BASE 65) ]
TOTAL THIS MO. 0
DPTR FM NORMAL -2 [PRESSURE DATA]
TOTAL FM JAN 1 4 HIGHEST SLP 30.48 ON 29
DPTR FM NORMAL 2 LOWEST SLP 29.35 ON 13
[REMARKS]
#FINAL-02-24#