000
CXUS52 KRAH 010845
CF6RDU
PRELIMINARY LOCAL CLIMATOLOGICAL DATA (WS FORM: F-6)
STATION: RALEIGH NC
MONTH: JULY
YEAR: 2022
LATITUDE: 35 52 N
LONGITUDE: 78 47 W
TEMPERATURE IN F: :PCPN: SNOW: WIND :SUNSHINE: SKY :PK WND
================================================================================
1 2 3 4 5 6A 6B 7 8 9 10 11 12 13 14 15 16 17 18
12Z AVG MX 2MIN
DY MAX MIN AVG DEP HDD CDD WTR SNW DPTH SPD SPD DIR MIN PSBL S-S WX SPD DR
================================================================================
1 94 72 83 3 0 18 0.00 0.0 0 6.9 18 230 M M 7 23 240
2 96 73 85 5 0 20 0.00 0.0 0 5.9 15 170 M M 7 18 160
3 99 73 86 6 0 21 T 0.0 M 4.3 14 40 M M 6 20 80
4 94 73 84 4 0 19 0.04 0.0 M 6.8 16 150 M M 5 1 19 150
5 98 75 87 7 0 22 T 0.0 0 6.3 15 240 M M 8 1 24 20
6 102 71 87 7 0 22 T 0.0 0 8.0 16 40 M M 8 13 21 240
7 102 75 89 9 0 24 0.30 0.0 0 5.1 21 260 M M 8 13 29 290
8 92 76 84 4 0 19 0.41 0.0 0 4.4 20 50 M M 9 13 24 50
9 96 73 85 4 0 20 0.40 0.0 0 6.6 14 340 M M 8 13 20 330
10 73 66 70 -11 0 5 0.83 0.0 0 7.9 17 50 M M 10 1 21 40
11 84 64 74 -7 0 9 0.00 0.0 0 4.6 9 200 M M 7 17 160
12 94 70 82 1 0 17 0.00 0.0 0 9.2 17 240 M M 7 22 210
13 90 71 81 0 0 16 0.63 0.0 0 6.9 24 220 M M 8 13 29 220
14 90 70 80 -1 0 15 0.00 0.0 0 2.8 8 200 M M 8 12 190
15 92 70 81 0 0 16 2.61 0.0 0 5.2 28 110 M M 8 13 37 110
16 90 69 80 -1 0 15 0.37 0.0 0 3.5 24 240 M M 6 13 29 240
17 93 70 82 1 0 17 0.00 0.0 0 7.9 20 210 M M 6 26 220
18 94 73 84 3 0 19 0.18 0.0 0 8.1 36 230 M M 5 13 46 230
19 92 74 83 2 0 18 0.00 0.0 0 7.1 15 260 M M 6 20 250
20 95 72 84 3 0 19 0.00 0.0 0 8.9 29 230 M M 4 33 240
21 89 74 82 1 0 17 0.65 0.0 0 9.3 17 240 M M 7 13 25 320
22 96 73 85 4 0 20 0.00 0.0 0 4.1 10 230 M M 7 1 14 240
23 97 73 85 4 0 20 0.00 0.0 0 5.5 16 170 M M 7 3 21 170
24 96 73 85 4 0 20 T 0.0 0 6.0 21 200 M M 6 3 26 240
25 92 74 83 2 0 18 T 0.0 0 10.4 18 210 M M 8 24 220
26 88 73 81 1 0 16 0.51 0.0 0 7.2 24 230 M M 9 13 32 230
27 95 74 85 5 0 20 0.46 0.0 0 7.8 20 260 M M 8 13 29 270
28 96 75 86 6 0 21 0.11 0.0 0 6.6 17 300 M M 7 13 25 300
29 95 75 85 5 0 20 0.15 0.0 0 6.1 20 270 M M 7 13 27 280
30 92 75 84 4 0 19 0.00 0.0 0 3.9 12 40 M M 7 15 40
31 91 76 84 4 0 19 0.82 0.0 0 5.1 15 250 M M 8 13 25 150
================================================================================
SM 2887 2245 0 561 8.47 0.0 198.4 M 222
================================================================================
AV 93.1 72.4 6.4 FASTST M M 7 MAX(MPH)
MISC ----> 36 230 46 230
================================================================================
NOTES:
# LAST OF SEVERAL OCCURRENCES
COLUMN 17 PEAK WIND IN M.P.H.
PRELIMINARY LOCAL CLIMATOLOGICAL DATA (WS FORM: F-6) , PAGE 2
STATION: RALEIGH NC
MONTH: JULY
YEAR: 2022
LATITUDE: 35 52 N
LONGITUDE: 78 47 W
[TEMPERATURE DATA] [PRECIPITATION DATA] SYMBOLS USED IN COLUMN 16
AVERAGE MONTHLY: 82.8 TOTAL FOR MONTH: 8.47 1 = FOG OR MIST
DPTR FM NORMAL: 2.3 DPTR FM NORMAL: 3.45 2 = FOG REDUCING VISIBILITY
HIGHEST: 102 ON 7, 6 GRTST 24HR 2.98 ON 15-16 TO 1/4 MILE OR LESS
LOWEST: 64 ON 11 3 = THUNDER
SNOW, ICE PELLETS, HAIL 4 = ICE PELLETS
TOTAL MONTH: 0.0 INCH 5 = HAIL
GRTST 24HR 0.0 6 = FREEZING RAIN OR DRIZZLE
GRTST DEPTH: 0 7 = DUSTSTORM OR SANDSTORM:
VSBY 1/2 MILE OR LESS
8 = SMOKE OR HAZE
[NO. OF DAYS WITH] [WEATHER - DAYS WITH] 9 = BLOWING SNOW
X = TORNADO
MAX 32 OR BELOW: 0 0.01 INCH OR MORE: 15
MAX 90 OR ABOVE: 27 0.10 INCH OR MORE: 14
MIN 32 OR BELOW: 0 0.50 INCH OR MORE: 6
MIN 0 OR BELOW: 0 1.00 INCH OR MORE: 1
[HDD (BASE 65) ]
TOTAL THIS MO. 0 CLEAR (SCALE 0-3) 0
DPTR FM NORMAL 0 PTCLDY (SCALE 4-7) 23
TOTAL FM JUL 1 0 CLOUDY (SCALE 8-10) 8
DPTR FM NORMAL 0
[CDD (BASE 65) ]
TOTAL THIS MO. 561
DPTR FM NORMAL 81 [PRESSURE DATA]
TOTAL FM JAN 1 1310 HIGHEST SLP 30.17 ON 4
DPTR FM NORMAL 242 LOWEST SLP 29.79 ON 20
[REMARKS]
#FINAL-07-22#