000
CXUS52 KRAH 010945
CF6RDU
PRELIMINARY LOCAL CLIMATOLOGICAL DATA (WS FORM: F-6)
STATION: RALEIGH NC
MONTH: JANUARY
YEAR: 2024
LATITUDE: 35 52 N
LONGITUDE: 78 47 W
TEMPERATURE IN F: :PCPN: SNOW: WIND :SUNSHINE: SKY :PK WND
================================================================================
1 2 3 4 5 6A 6B 7 8 9 10 11 12 13 14 15 16 17 18
12Z AVG MX 2MIN
DY MAX MIN AVG DEP HDD CDD WTR SNW DPTH SPD SPD DIR MIN PSBL S-S WX SPD DR
================================================================================
1 53 37 45 3 20 0 0.00 0.0 0 4.8 10 350 M M 6 19 10
2 51 31 41 -1 24 0 0.00 0.0 0 2.7 12 270 M M 1 20 320
3 56 28 42 0 23 0 0.01 0.0 0 4.6 16 250 M M 7 22 250
4 51 29 40 -2 25 0 T 0.0 0 4.2 16 30 M M 4 30 20
5 48 25 37 -5 28 0 0.00 0.0 0 2.0 10 80 M M 5 15 130
6 58 33 46 4 19 0 0.85 0.0 0 7.5 23 150 M M 10 1 33 120
7 57 41 49 7 16 0 0.00 0.0 0 6.4 20 280 M M 6 18 39 280
8 51 31 41 -1 24 0 0.00 0.0 0 4.6 15 100 M M 4 21 80
9 68 41 55 13 10 0 1.52 0.0 0 17.0 51 220 M M 9 1 69 210
10 54 37 46 4 19 0 T 0.0 0 10.5 29 240 M M 5 41 260
11 60 31 46 4 19 0 0.00 0.0 0 3.9 13 230 M M 2 18 230
12 65 31 48 6 17 0 1.00 0.0 0 7.6 23 180 M M 7 13 37 120
13 65 36 51 9 14 0 T 0.0 0 12.9 24 270 M M 3 8 44 260
14 59 29 44 2 21 0 0.00 0.0 0 9.1 26 240 M M 3 36 250
15 51 35 43 1 22 0 T 0.0 0 5.2 10 30 M M 9 14 30
16 40 27 34 -8 31 0 0.20 0.0 0 4.1 12 330 M M 8 12 20 330
17 40 18 29 -13 36 0 0.00 0.0 0 4.7 15 220 M M 1 21 230
18 54 24 39 -3 26 0 T 0.0 0 5.4 17 230 M M 6 25 170
19 54 32 43 1 22 0 0.01 0.0 0 7.2 21 300 M M 6 40 300
20 34 22 28 -14 37 0 0.00 0.0 0 8.0 16 340 M M 1 28 310
21 42 18 30 -12 35 0 0.00 0.0 0 3.5 10 270 M M 0 19 290
22 52 20 36 -6 29 0 0.00 0.0 0 3.2 14 220 M M 4 18 220
23 52 32 42 0 23 0 0.01 0.0 0 0.4 6 50 M M 10 9 90
24 73 46 60 18 5 0 T 0.0 0 5.9 18 170 M M 9 1 26 180
25 70 64 67 25 0 2 0.13 0.0 0 8.6 15 220 M M 10 1 22 200
26 74 60 67 25 0 2 0.02 0.0 0 8.6 17 210 M M 8 1 25 200
27 70 53 62 20 3 0 0.42 0.0 0 6.4 18 120 M M 8 128 26 120
28 68 46 57 15 8 0 0.05 0.0 0 8.7 20 220 M M 8 128 32 260
29 59 41 50 8 15 0 0.00 0.0 0 5.5 15 290 M M 3 24 290
30 55 30 43 1 22 0 0.00 0.0 0 4.6 12 90 M M 5 19 120
31 48 38 43 0 22 0 0.23 0.0 0 4.3 10 40 M M 9 1 14 310
================================================================================
SM 1732 1066 615 4 4.45 0.0 192.1 M 177
================================================================================
AV 55.9 34.4 6.2 FASTST M M 6 MAX(MPH)
MISC ----> 51 220 69 210
================================================================================
NOTES:
# LAST OF SEVERAL OCCURRENCES
COLUMN 17 PEAK WIND IN M.P.H.
PRELIMINARY LOCAL CLIMATOLOGICAL DATA (WS FORM: F-6) , PAGE 2
STATION: RALEIGH NC
MONTH: JANUARY
YEAR: 2024
LATITUDE: 35 52 N
LONGITUDE: 78 47 W
[TEMPERATURE DATA] [PRECIPITATION DATA] SYMBOLS USED IN COLUMN 16
AVERAGE MONTHLY: 45.1 TOTAL FOR MONTH: 4.45 1 = FOG OR MIST
DPTR FM NORMAL: 3.2 DPTR FM NORMAL: 1.02 2 = FOG REDUCING VISIBILITY
HIGHEST: 74 ON 26 GRTST 24HR 1.86 ON 27-28 TO 1/4 MILE OR LESS
LOWEST: 18 ON 21,17 3 = THUNDER
SNOW, ICE PELLETS, HAIL 4 = ICE PELLETS
TOTAL MONTH: 0.0 INCH 5 = HAIL
GRTST 24HR 0.0 6 = FREEZING RAIN OR DRIZZLE
GRTST DEPTH: 0 7 = DUSTSTORM OR SANDSTORM:
VSBY 1/2 MILE OR LESS
8 = SMOKE OR HAZE
[NO. OF DAYS WITH] [WEATHER - DAYS WITH] 9 = BLOWING SNOW
X = TORNADO
MAX 32 OR BELOW: 0 0.01 INCH OR MORE: 12
MAX 90 OR ABOVE: 0 0.10 INCH OR MORE: 7
MIN 32 OR BELOW: 17 0.50 INCH OR MORE: 3
MIN 0 OR BELOW: 0 1.00 INCH OR MORE: 2
[HDD (BASE 65) ]
TOTAL THIS MO. 615 CLEAR (SCALE 0-3) 7
DPTR FM NORMAL -103 PTCLDY (SCALE 4-7) 15
TOTAL FM JUL 1 1591 CLOUDY (SCALE 8-10) 9
DPTR FM NORMAL -348
[CDD (BASE 65) ]
TOTAL THIS MO. 4
DPTR FM NORMAL 4 [PRESSURE DATA]
TOTAL FM JAN 1 4 HIGHEST SLP 30.68 ON 22
DPTR FM NORMAL 4 LOWEST SLP 29.23 ON 9
[REMARKS]
#FINAL-01-24#