000
CXUS52 KRAH 010845
CF6RDU
PRELIMINARY LOCAL CLIMATOLOGICAL DATA (WS FORM: F-6)
STATION: RALEIGH NC
MONTH: SEPTEMBER
YEAR: 2021
LATITUDE: 35 52 N
LONGITUDE: 78 47 W
TEMPERATURE IN F: :PCPN: SNOW: WIND :SUNSHINE: SKY :PK WND
================================================================================
1 2 3 4 5 6A 6B 7 8 9 10 11 12 13 14 15 16 17 18
12Z AVG MX 2MIN
DY MAX MIN AVG DEP HDD CDD WTR SNW DPTH SPD SPD DIR MIN PSBL S-S WX SPD DR
================================================================================
1 88 68 78 1 0 13 0.21 0.0 0 13.7 29 230 M M 8 1 38 210
2 81 58 70 -6 0 5 T 0.0 0 6.7 18 40 M M 4 28 50
3 83 54 69 -7 0 4 0.00 0.0 0 3.2 13 50 M M 2 18 50
4 85 54 70 -6 0 5 0.00 0.0 0 2.8 10 190 M M 3 13 170
5 89 64 77 1 0 12 0.00 0.0 0 8.4 18 220 M M 5 23 220
6 84 66 75 -1 0 10 0.00 0.0 0 5.1 14 30 M M 7 20 40
7 91 62 77 2 0 12 0.00 0.0 0 4.0 12 90 M M 3 1 16 90
8 93 72 83 8 0 18 T 0.0 0 7.5 25 210 M M 8 1 33 200
9 75 63 69 -6 0 4 1.60 0.0 0 5.1 15 40 M M 8 13 22 30
10 80 57 69 -5 0 4 0.00 0.0 0 3.2 12 50 M M 4 20 20
11 83 56 70 -4 0 5 0.00 0.0 0 3.5 12 210 M M 4 19 220
12 87 62 75 1 0 10 0.00 0.0 0 6.2 16 230 M M 0 20 230
13 90 64 77 3 0 12 0.00 0.0 0 4.0 12 260 M M 0 16 250
14 91 67 79 6 0 14 0.00 0.0 0 6.1 14 230 M M 2 22 180
15 89 72 81 8 0 16 0.00 0.0 0 6.6 14 170 M M 8 17 180
16 85 70 78 5 0 13 0.00 0.0 0 4.1 10 50 M M 10 13 40
17 83 72 78 6 0 13 0.01 0.0 0 5.6 17 30 M M 8 1 20 30
18 86 71 79 7 0 14 T 0.0 0 2.4 10 50 M M 7 16 120
19 90 66 78 6 0 13 0.00 0.0 0 4.4 12 100 M M 6 1 15 100
20 84 70 77 6 0 12 0.00 0.0 0 8.3 15 50 M M 9 22 50
21 80 67 74 3 0 9 0.31 0.0 0 7.7 14 170 M M 10 1 21 160
22 80 63 72 1 0 7 0.73 0.0 0 9.0 18 180 M M 10 13 26 160
23 78 54 66 -4 0 1 T 0.0 0 3.5 12 340 M M 3 17 250
24 76 51 64 -6 1 0 0.00 0.0 0 3.3 13 50 M M 0 18 40
25 78 49 64 -6 1 0 0.00 0.0 0 1.9 12 270 M M 3 16 260
26 78 51 65 -4 0 0 0.00 0.0 0 2.8 12 300 M M 1 16 340
27 84 51 68 -1 0 3 0.00 0.0 0 3.5 18 230 M M 1 23 230
28 87 59 73 5 0 8 0.00 0.0 0 4.7 14 230 M M 3 18 230
29 84 60 72 4 0 7 0.00 0.0 0 4.3 15 50 M M 2 1 20 50
30 82 60 71 3 0 6 0.00 0.0 0 3.7 14 100 M M 7 18 80
================================================================================
SM 2524 1853 2 250 2.86 0.0 155.3 M 146
================================================================================
AV 84.1 61.8 5.2 FASTST M M 5 MAX(MPH)
MISC ----> 29 230 38 210
================================================================================
NOTES:
# LAST OF SEVERAL OCCURRENCES
COLUMN 17 PEAK WIND IN M.P.H.
PRELIMINARY LOCAL CLIMATOLOGICAL DATA (WS FORM: F-6) , PAGE 2
STATION: RALEIGH NC
MONTH: SEPTEMBER
YEAR: 2021
LATITUDE: 35 52 N
LONGITUDE: 78 47 W
[TEMPERATURE DATA] [PRECIPITATION DATA] SYMBOLS USED IN COLUMN 16
AVERAGE MONTHLY: 73.0 TOTAL FOR MONTH: 2.86 1 = FOG OR MIST
DPTR FM NORMAL: 0.3 DPTR FM NORMAL: -2.29 2 = FOG REDUCING VISIBILITY
HIGHEST: 93 ON 8 GRTST 24HR 1.60 ON 9- 9 TO 1/4 MILE OR LESS
LOWEST: 49 ON 25 3 = THUNDER
SNOW, ICE PELLETS, HAIL 4 = ICE PELLETS
TOTAL MONTH: 0.0 INCH 5 = HAIL
GRTST 24HR 0.0 6 = FREEZING RAIN OR DRIZZLE
GRTST DEPTH: 0 7 = DUSTSTORM OR SANDSTORM:
VSBY 1/2 MILE OR LESS
8 = SMOKE OR HAZE
[NO. OF DAYS WITH] [WEATHER - DAYS WITH] 9 = BLOWING SNOW
X = TORNADO
MAX 32 OR BELOW: 0 0.01 INCH OR MORE: 5
MAX 90 OR ABOVE: 5 0.10 INCH OR MORE: 4
MIN 32 OR BELOW: 0 0.50 INCH OR MORE: 2
MIN 0 OR BELOW: 0 1.00 INCH OR MORE: 1
[HDD (BASE 65) ]
TOTAL THIS MO. 2 CLEAR (SCALE 0-3) 11
DPTR FM NORMAL -13 PTCLDY (SCALE 4-7) 13
TOTAL FM JUL 1 2 CLOUDY (SCALE 8-10) 6
DPTR FM NORMAL -11
[CDD (BASE 65) ]
TOTAL THIS MO. 250
DPTR FM NORMAL 7 [PRESSURE DATA]
TOTAL FM JAN 1 1748 HIGHEST SLP 30.29 ON 12
DPTR FM NORMAL 9 LOWEST SLP 29.60 ON 1
[REMARKS]
#FINAL-09-21#