000
CXUS53 KLOT 011340
CF6RFD
PRELIMINARY LOCAL CLIMATOLOGICAL DATA (WS FORM: F-6)
STATION: ROCKFORD IL
MONTH: NOVEMBER
YEAR: 2020
LATITUDE: 42 12 N
LONGITUDE: 89 6 W
TEMPERATURE IN F: :PCPN: SNOW: WIND :SUNSHINE: SKY :PK WND
================================================================================
1 2 3 4 5 6A 6B 7 8 9 10 11 12 13 14 15 16 17 18
12Z AVG MX 2MIN
DY MAX MIN AVG DEP HDD CDD WTR SNW DPTH SPD SPD DIR MIN PSBL S-S WX SPD DR
================================================================================
1 51 26 39 -7 26 0 0.00 0.0 0 17.2 32 290 M M 3 45 290
2 53 21 37 -9 28 0 0.00 0.0 0 7.4 21 250 M M 3 31 260
3 72 34 53 8 12 0 0.00 0.0 0 7.8 18 210 M M 0 26 220
4 73 44 59 14 6 0 0.00 0.0 0 7.8 20 200 M M 3 27 190
5 72 47 60 16 5 0 0.00 0.0 0 6.0 13 240 M M 5 17 240
6 76 42 59 15 6 0 0.00 0.0 0 7.3 16 210 M M 5 25 210
7 73 47 60 17 5 0 0.00 0.0 0 9.3 17 200 M M 2 25 210
8 75 50 63 20 2 0 0.00 0.0 0 10.4 21 170 M M 4 27 170
9 77 61 69 27 0 4 T 0.0 0 12.7 25 190 M M 8 38 190
10 74 38 56 14 9 0 0.45 0.0 0 17.4 38 220 M M 9 135 73 240
11 46 34 40 -2 25 0 0.00 0.0 0 9.0 23 270 M M 5 32 270
12 55 33 44 3 21 0 0.00 0.0 0 7.5 18 180 M M 5 18 24 290
13 46 25 36 -4 29 0 T 0.0 0 8.7 22 310 M M 4 29 290
14 51 26 39 -1 26 0 0.20 0.0 0 14.8 28 140 M M 6 13 39 150
15 54 33 44 5 21 0 0.07 0.0 0 19.5 32 280 M M 9 18 50 280
16 48 30 39 0 26 0 0.00 0.0 0 10.7 25 350 M M 3 36 350
17 44 28 36 -2 29 0 0.00 0.0 0 7.1 18 320 M M 4 26 310
18 52 33 43 5 22 0 0.00 0.0 0 16.0 30 180 M M 7 39 170
19 68 43 56 19 9 0 0.00 0.0 0 12.7 23 210 M M 8 36 210
20 58 40 49 12 16 0 0.00 0.0 0 8.5 18 330 M M 6 24 330
21 45 33 39 3 26 0 0.00 0.0 0 5.0 9 20 M M 8 14 20
22 49 34 42 6 23 0 0.00 0.0 0 5.7 16 290 M M 8 8 22 290
23 47 28 38 3 27 0 0.00 0.0 0 3.7 14 290 M M 5 18 300
24 45 34 40 6 25 0 0.54 1.7 1 11.4 21 160 M M 10 18 29 130
25 46 41 44 10 21 0 0.52 0.0 0 7.5 15 30 M M 10 1 21 40
26 47 41 44 11 21 0 0.00 0.0 0 6.0 16 220 M M 10 1 22 220
27 45 31 38 5 27 0 0.00 0.0 0 7.9 16 300 M M 4 8 23 270
28 52 26 39 7 26 0 0.00 0.0 0 7.9 15 200 M M 0 21 200
29 48 33 41 9 24 0 0.00 0.0 0 10.7 23 360 M M 6 30 350
30 36 24 30 -1 35 0 T T 0 13.3 23 340 M M 9 33 360
================================================================================
SM 1678 1060 578 4 1.78 1.7 296.9 M 169
================================================================================
AV 55.9 35.3 9.9 FASTST M M 6 MAX(MPH)
MISC ----> # 38 220 # 73 240
================================================================================
NOTES:
# LAST OF SEVERAL OCCURRENCES
COLUMN 17 PEAK WIND IN M.P.H.
PRELIMINARY LOCAL CLIMATOLOGICAL DATA (WS FORM: F-6) , PAGE 2
STATION: ROCKFORD IL
MONTH: NOVEMBER
YEAR: 2020
LATITUDE: 42 12 N
LONGITUDE: 89 6 W
[TEMPERATURE DATA] [PRECIPITATION DATA] SYMBOLS USED IN COLUMN 16
AVERAGE MONTHLY: 45.6 TOTAL FOR MONTH: 1.78 1 = FOG OR MIST
DPTR FM NORMAL: 6.7 DPTR FM NORMAL: -0.80 2 = FOG REDUCING VISIBILITY
HIGHEST: 77 ON 9 GRTST 24HR 0.54 ON 24-24 TO 1/4 MILE OR LESS
LOWEST: 21 ON 2 3 = THUNDER
SNOW, ICE PELLETS, HAIL 4 = ICE PELLETS
TOTAL MONTH: 1.7 INCHES 5 = HAIL
GRTST 24HR 1.7 ON 24-24 6 = FREEZING RAIN OR DRIZZLE
GRTST DEPTH: 1 ON 24 7 = DUSTSTORM OR SANDSTORM:
VSBY 1/2 MILE OR LESS
8 = SMOKE OR HAZE
[NO. OF DAYS WITH] [WEATHER - DAYS WITH] 9 = BLOWING SNOW
X = TORNADO
MAX 32 OR BELOW: 0 0.01 INCH OR MORE: 5
MAX 90 OR ABOVE: 0 0.10 INCH OR MORE: 4
MIN 32 OR BELOW: 10 0.50 INCH OR MORE: 2
MIN 0 OR BELOW: 0 1.00 INCH OR MORE: 0
[HDD (BASE 65) ]
TOTAL THIS MO. 578 CLEAR (SCALE 0-3) 6
DPTR FM NORMAL -204 PTCLDY (SCALE 4-7) 17
TOTAL FM JUL 1 1154 CLOUDY (SCALE 8-10) 7
DPTR FM NORMAL -181
[CDD (BASE 65) ]
TOTAL THIS MO. 4
DPTR FM NORMAL 4 [PRESSURE DATA]
TOTAL FM JAN 1 1042 HIGHEST SLP 30.61 ON 21
DPTR FM NORMAL 222 LOWEST SLP 29.28 ON 15
[REMARKS]
#FINAL-11-20#