000
CXUS55 KGJT 011010
CF6RIL
PRELIMINARY LOCAL CLIMATOLOGICAL DATA (WS FORM: F-6)
STATION: RIFLE CO
MONTH: NOVEMBER
YEAR: 2023
LATITUDE: 39 31 N
LONGITUDE: 107 43 W
TEMPERATURE IN F: :PCPN: SNOW: WIND :SUNSHINE: SKY :PK WND
================================================================================
1 2 3 4 5 6A 6B 7 8 9 10 11 12 13 14 15 16 17 18
12Z AVG MX 2MIN
DY MAX MIN AVG DEP HDD CDD WTR SNW DPTH SPD SPD DIR MIN PSBL S-S WX SPD DR
================================================================================
1 55 22 39 -4 26 0 0.00 M M 2.8 14 240 M M 1 18 260
2 61 24 43 1 22 0 0.00 M M 2.8 13 140 M M 2 15 280
3 65 27 46 4 19 0 0.00 M M 3.1 17 240 M M 2 8 22 270
4 64 26 45 3 20 0 0.00 M M 2.4 12 260 M M 0 14 260
5 69 28 49 8 16 0 0.00 M M 5.0 26 270 M M 0 34 270
6 70 34 52 11 13 0 0.00 M M 4.0 23 260 M M 0 30 280
7 70 31 51 11 14 0 0.00 M M 7.9 29 250 M M 4 38 320
8 48 25 37 -3 28 0 T M M 8.0 18 310 M M 6 26 300
9 50 19 35 -4 30 0 0.00 M M 2.3 9 210 M M 0 13 320
10 52 16 34 -5 31 0 0.00 M M 3.0 12 270 M M 0 16 260
11 54 17 36 -2 29 0 0.00 M M 3.9 17 260 M M 0 21 280
12 59 19 39 1 26 0 0.00 M M 2.6 8 120 M M 0 10 80
13 62 19 41 3 24 0 0.00 M M 2.0 9 150 M M 0 13 260
14 63 22 43 6 22 0 0.00 M M 4.6 24 260 M M 0 32 270
15 62 22 42 5 23 0 0.00 M M 2.7 9 120 M M 0 14 140
16 49 33 41 5 24 0 0.17 M M 3.6 10 60 M M 6 12 14 50
17 59 32 46 10 19 0 0.04 M M 2.2 9 260 M M 4 12 14 260
18 53 27 40 5 25 0 0.04 M M 2.2 16 270 M M 4 8 22 270
19 50 36 43 8 22 0 0.03 M M 2.4 12 50 M M 9 1 16 320
20 49 30 40 6 25 0 0.00 M M 9.5 25 320 M M 3 1 32 330
21 51 24 38 4 27 0 0.00 M M 1.7 8 110 M M 1 9 150
22 51 21 36 2 29 0 0.00 M M 2.5 8 280 M M 0 10 290
23 44 23 34 1 31 0 0.00 M M 1.4 10 160 M M 1 13 150
24 43 26 35 2 30 0 0.12 M M 6.3 18 280 M M 10 1 25 310
25 30 12 21 -11 44 0 0.05 M M 8.8 20 310 M M 7 12 26 310
26 31 6 19 -13 46 0 0.00 M M 3.1 9 270 M M 0 11 300
27 35 8 22 -9 43 0 0.00 M M 1.8 7 160 M M 0 10 230
28 41 10 26 -5 39 0 0.00 M M 2.3 9 210 M M 0 11 210
29 39 12 26 -5 39 0 0.00 M M 2.0 12 250 M M 0 13 260
30 40 19 30 0 35 0 0.06 M M 4.0 14 270 M M 8 1 17 260
================================================================================
SM 1569 670 821 0 0.51 M 110.9 M 68
================================================================================
AV 52.3 22.3 3.7 FASTST M M 2 MAX(MPH)
MISC ----> 29 250 38 320
================================================================================
NOTES:
# LAST OF SEVERAL OCCURRENCES
COLUMN 17 PEAK WIND IN M.P.H.
PRELIMINARY LOCAL CLIMATOLOGICAL DATA (WS FORM: F-6) , PAGE 2
STATION: RIFLE CO
MONTH: NOVEMBER
YEAR: 2023
LATITUDE: 39 31 N
LONGITUDE: 107 43 W
[TEMPERATURE DATA] [PRECIPITATION DATA] SYMBOLS USED IN COLUMN 16
AVERAGE MONTHLY: 37.3 TOTAL FOR MONTH: 0.51 1 = FOG OR MIST
DPTR FM NORMAL: 0.8 DPTR FM NORMAL: -0.12 2 = FOG REDUCING VISIBILITY
HIGHEST: 70 ON 7, 6 GRTST 24HR 0.21 ON 16-17 TO 1/4 MILE OR LESS
LOWEST: 6 ON 26 3 = THUNDER
SNOW, ICE PELLETS, HAIL 4 = ICE PELLETS
TOTAL MONTH: M 5 = HAIL
GRTST 24HR M ON M 6 = FREEZING RAIN OR DRIZZLE
GRTST DEPTH: M ON M 7 = DUSTSTORM OR SANDSTORM:
VSBY 1/2 MILE OR LESS
8 = SMOKE OR HAZE
[NO. OF DAYS WITH] [WEATHER - DAYS WITH] 9 = BLOWING SNOW
X = TORNADO
MAX 32 OR BELOW: 2 0.01 INCH OR MORE: 7
MAX 90 OR ABOVE: 0 0.10 INCH OR MORE: 2
MIN 32 OR BELOW: 27 0.50 INCH OR MORE: 0
MIN 0 OR BELOW: 0 1.00 INCH OR MORE: 0
[HDD (BASE 65) ]
TOTAL THIS MO. 821 CLEAR (SCALE 0-3) 21
DPTR FM NORMAL -34 PTCLDY (SCALE 4-7) 7
TOTAL FM JUL 1 1324 CLOUDY (SCALE 8-10) 2
DPTR FM NORMAL -128
[CDD (BASE 65) ]
TOTAL THIS MO. 0
DPTR FM NORMAL 0 [PRESSURE DATA]
TOTAL FM JAN 1 707 HIGHEST SLP 30.68 ON 28
DPTR FM NORMAL 76 LOWEST SLP 29.67 ON 7
[REMARKS]
#FINAL-11-23#