000
CXUS56 KSGX 011045
CF6RIV
PRELIMINARY LOCAL CLIMATOLOGICAL DATA (WS FORM: F-6)
STATION: RIVERSIDE/MARCH ARB CA
MONTH: MAY
YEAR: 2023
LATITUDE: 33 53 N
LONGITUDE: 117-15 E
TEMPERATURE IN F: :PCPN: SNOW: WIND :SUNSHINE: SKY :PK WND
================================================================================
1 2 3 4 5 6A 6B 7 8 9 10 11 12 13 14 15 16 17 18
12Z AVG MX 2MIN
DY MAX MIN AVG DEP HDD CDD WTR SNW DPTH SPD SPD DIR MIN PSBL S-S WX SPD DR
================================================================================
1 65 49 57 M 8 0 0.00 M M 10.0 16 160 M M 9 M M
2 65 44 55 M 10 0 0.00 M M 7.2 13 300 M M 7 M M
3 65 38 52 M 13 0 0.00 M M 4.6 13 290 M M 6 M M
4 62 47 55 M 10 0 0.32 M M 6.8 14 260 M M 8 1 17 260
5 61 47 54 M 11 0 T M M 3.1 10 320 M M 6 M M
6 69 40 55 M 10 0 0.00 M M 3.8 13 300 M M 1 M M
7 71 42 57 M 8 0 0.00 M M 4.3 12 320 M M 0 17 320
8 74 42 58 M 7 0 0.00 M M 4.1 12 330 M M 0 18 300
9 72 44 58 M 7 0 T M M 5.9 15 290 M M 6 12 20 290
10 66 50 58 M 7 0 0.00 M M 4.6 10 330 M M 8 M M
11 72 49 61 M 4 0 0.00 M M 4.3 9 310 M M 5 M M
12 79 47 63 M 2 0 0.00 M M 4.0 12 320 M M 3 12 M M
13 91 50 71 M 0 6 0.00 M M 5.0 15 290 M M 0 1 20 320
14 88 55 72 M 0 7 T M M 4.2 14 300 M M 3 12 M M
15 85 55 70 M 0 5 0.00 M M 5.4 15 320 M M 4 12 M M
16 86 55 71 M 0 6 T M M 5.0 14 320 M M 1 1 M M
17 86 54 70 M 0 5 0.00 M M 5.5 14 300 M M 1 16 300
18 81 53 67 M 0 2 0.00 M M 5.4 13 320 M M 0 M M
19 78 55 67 M 0 2 0.00 M M 4.7 12 320 M M 4 1 M M
20 86 57 72 M 0 7 T M M 6.2 14 300 M M 4 18 M M
21 85 58 72 M 0 7 T M M 4.7 12 290 M M 6 1 M M
22 83 58 71 M 0 6 0.00 M M 5.6 14 300 M M 4 18 M M
23 74 57 66 M 0 1 T M M 5.5 10 310 M M 7 1 M M
24 75 56 66 M 0 1 0.00 M M 5.4 10 310 M M 7 M M
25 72 54 63 M 2 0 T M M 7.1 15 310 M M 6 17 300
26 70 53 62 M 3 0 0.00 M M 6.6 16 300 M M 5 21 300
27 75 54 65 M 0 0 0.00 M M 6.1 13 300 M M 4 M M
28 71 55 63 M 2 0 0.00 M M 3.6 12 310 M M 6 1 17 310
29 71 56 64 M 1 0 0.00 M M 5.0 12 290 M M 7 M M
30 70 55 63 M 2 0 0.00 M M 6.4 14 290 M M 7 17 310
31 64 54 59 M 6 0 0.00 M M 7.1 12 320 M M 9 M M
================================================================================
SM 2312 1583 113 55 0.32 M 167.2 M 144
================================================================================
AV 74.6 51.1 5.4 FASTST M M 5 MAX(MPH)
MISC ----> 16 160 21 300
================================================================================
NOTES:
# LAST OF SEVERAL OCCURRENCES
COLUMN 17 PEAK WIND IN M.P.H.
PRELIMINARY LOCAL CLIMATOLOGICAL DATA (WS FORM: F-6) , PAGE 2
STATION: RIVERSIDE/MARCH ARB CA
MONTH: MAY
YEAR: 2023
LATITUDE: 33 53 N
LONGITUDE: 117-15 E
[TEMPERATURE DATA] [PRECIPITATION DATA] SYMBOLS USED IN COLUMN 16
AVERAGE MONTHLY: 62.8 TOTAL FOR MONTH: 0.32 1 = FOG OR MIST
DPTR FM NORMAL: 0.0 DPTR FM NORMAL: M 2 = FOG REDUCING VISIBILITY
HIGHEST: 91 ON 13 GRTST 24HR 0.32 ON 4- 4 TO 1/4 MILE OR LESS
LOWEST: 38 ON 3 3 = THUNDER
SNOW, ICE PELLETS, HAIL 4 = ICE PELLETS
TOTAL MONTH: M 5 = HAIL
GRTST 24HR M ON M 6 = FREEZING RAIN OR DRIZZLE
GRTST DEPTH: M ON M 7 = DUSTSTORM OR SANDSTORM:
VSBY 1/2 MILE OR LESS
8 = SMOKE OR HAZE
[NO. OF DAYS WITH] [WEATHER - DAYS WITH] 9 = BLOWING SNOW
X = TORNADO
MAX 32 OR BELOW: 0 0.01 INCH OR MORE: 1
MAX 90 OR ABOVE: 1 0.10 INCH OR MORE: 1
MIN 32 OR BELOW: 0 0.50 INCH OR MORE: 0
MIN 0 OR BELOW: 0 1.00 INCH OR MORE: 0
[HDD (BASE 65) ]
TOTAL THIS MO. 113 CLEAR (SCALE 0-3) 8
DPTR FM NORMAL M PTCLDY (SCALE 4-7) 21
TOTAL FM JUL 1 2485 CLOUDY (SCALE 8-10) 2
DPTR FM NORMAL M
[CDD (BASE 65) ]
TOTAL THIS MO. 55
DPTR FM NORMAL M [PRESSURE DATA]
TOTAL FM JAN 1 72 HIGHEST SLP M ON M
DPTR FM NORMAL M LOWEST SLP M ON M
[REMARKS]
#FINAL-05-23#