000
CXUS52 KFFC 011010
CF6RMG
PRELIMINARY LOCAL CLIMATOLOGICAL DATA (WS FORM: F-6)
STATION: ROME
MONTH: JUNE
YEAR: 2021
LATITUDE: 34 20 N
LONGITUDE: 85 10 W
TEMPERATURE IN F: :PCPN: SNOW: WIND :SUNSHINE: SKY :PK WND
================================================================================
1 2 3 4 5 6A 6B 7 8 9 10 11 12 13 14 15 16 17 18
12Z AVG MX 2MIN
DY MAX MIN AVG DEP HDD CDD WTR SNW DPTH SPD SPD DIR MIN PSBL S-S WX SPD DR
================================================================================
1 84 60 72 -2 0 7 0.00 M M 4.1 13 150 M M 4 22 130
2 79 63 71 -3 0 6 0.02 M M 1.8 9 130 M M 7 12 130
3 83 67 75 1 0 10 0.38 M M 2.7 13 180 M M 7 123 18 190
4 88 64 76 2 0 11 0.00 M M 1.9 9 10 M M 5 12 12 360
5 87 69 78 3 0 13 0.03 M M 2.9 15 220 M M 3 3 25 220
6 83 71 77 2 0 12 0.15 M M 1.4 17 210 M M 6 13 27 220
7 89 71 80 5 0 15 0.54 M M 3.8 18 280 M M 6 138 28 290
8 87 70 79 3 0 14 0.81 9.0 M 3.4 18 160 M M 6 138 26 210
9 81 69 75 -1 0 10 0.58 0.0 M 4.4 13 210 M M 7 13 21 220
10 84 70 77 1 0 12 0.01 0.0 M 3.4 14 260 M M 7 18 250
11 87 72 80 4 0 15 0.50 0.0 M 3.1 18 260 M M 6 13 26 270
12 89 72 81 5 0 16 0.10 M M 4.3 21 20 M M 3 13 25 30
13 93 68 81 5 0 16 0.00 M M 1.9 9 30 M M 1 11 30
14 95 71 83 6 0 18 0.00 M M 2.6 10 10 M M 1 13 15 10
15 90 67 79 2 0 14 0.00 M M 5.7 17 340 M M 0 1 27 300
16 88 61 75 -2 0 10 0.00 M M 6.1 21 360 M M 1 29 360
17 90 58 74 -3 0 9 0.00 M M 2.7 12 50 M M 0 1 18 70
18 93 62 78 0 0 13 0.00 M M 2.3 12 210 M M 1 18 20 220
19 79 67 73 -5 0 8 2.66 M M 4.8 15 50 M M 5 138 26 40
20 88 70 79 1 0 14 0.66 M M 7.0 17 50 M M 6 1 24 40
21 91 71 81 3 0 16 0.07 M M 5.9 23 250 M M 5 13 38 270
22 82 63 73 -5 0 8 0.39 M M 6.2 14 320 M M 6 13 21 20
23 87 59 73 -5 0 8 0.00 M M 3.0 12 80 M M 1 17 110
24 85 66 76 -2 0 11 0.00 M M 4.9 15 110 M M 5 19 110
25 86 66 76 -3 0 11 0.00 M M 3.1 10 150 M M 3 1 15 140
26 88 64 76 -3 0 11 0.01 M M 3.8 12 150 M M 3 16 130
27 89 70 80 1 0 15 T M M 3.5 15 180 M M 4 3 23 170
28 91 71 81 2 0 16 0.01 M M 2.7 10 90 M M 3 13 100
29 87 74 81 2 0 16 0.08 M M 4.6 16 170 M M 5 21 150
30 92 69 81 2 0 16 T M M 1.8 13 150 M M 1 13 18 140
================================================================================
SM 2615 2015 0 371 7.00 9.0 109.8 M 118
================================================================================
AV 87.2 67.2 3.7 FASTST M M 4 MAX(MPH)
MISC ----> 23 250 38 270
================================================================================
NOTES:
# LAST OF SEVERAL OCCURRENCES
COLUMN 17 PEAK WIND IN M.P.H.
PRELIMINARY LOCAL CLIMATOLOGICAL DATA (WS FORM: F-6) , PAGE 2
STATION: ROME
MONTH: JUNE
YEAR: 2021
LATITUDE: 34 20 N
LONGITUDE: 85 10 W
[TEMPERATURE DATA] [PRECIPITATION DATA] SYMBOLS USED IN COLUMN 16
AVERAGE MONTHLY: 77.2 TOTAL FOR MONTH: 7.00 1 = FOG OR MIST
DPTR FM NORMAL: 0.3 DPTR FM NORMAL: 3.20 2 = FOG REDUCING VISIBILITY
HIGHEST: 95 ON 14 GRTST 24HR 3.32 ON 19-20 TO 1/4 MILE OR LESS
LOWEST: 58 ON 17 3 = THUNDER
SNOW, ICE PELLETS, HAIL 4 = ICE PELLETS
TOTAL MONTH: 9.0 INCHES 5 = HAIL
GRTST 24HR 9.0 ON 8- 8 6 = FREEZING RAIN OR DRIZZLE
GRTST DEPTH: M ON M 7 = DUSTSTORM OR SANDSTORM:
VSBY 1/2 MILE OR LESS
8 = SMOKE OR HAZE
[NO. OF DAYS WITH] [WEATHER - DAYS WITH] 9 = BLOWING SNOW
X = TORNADO
MAX 32 OR BELOW: 0 0.01 INCH OR MORE: 17
MAX 90 OR ABOVE: 8 0.10 INCH OR MORE: 10
MIN 32 OR BELOW: 0 0.50 INCH OR MORE: 6
MIN 0 OR BELOW: 0 1.00 INCH OR MORE: 1
[HDD (BASE 65) ]
TOTAL THIS MO. 0 CLEAR (SCALE 0-3) 13
DPTR FM NORMAL -1 PTCLDY (SCALE 4-7) 17
TOTAL FM JUL 1 2624 CLOUDY (SCALE 8-10) 0
DPTR FM NORMAL -349
[CDD (BASE 65) ]
TOTAL THIS MO. 371
DPTR FM NORMAL 15 [PRESSURE DATA]
TOTAL FM JAN 1 572 HIGHEST SLP 30.25 ON 1
DPTR FM NORMAL -8 LOWEST SLP 29.74 ON 12
[REMARKS]
#FINAL-06-21#