000
CXUS55 KREV 010921
CF6RNO
PRELIMINARY LOCAL CLIMATOLOGICAL DATA (WS FORM: F-6)
STATION: RENO-TAHOE INTL AIRPORT NV
MONTH: DECEMBER
YEAR: 2022
LATITUDE: 39 30 N
LONGITUDE: 119 47 W
TEMPERATURE IN F: :PCPN: SNOW: WIND :SUNSHINE: SKY :PK WND
================================================================================
1 2 3 4 5 6A 6B 7 8 9 10 11 12 13 14 15 16 17 18
12Z AVG MX 2MIN
DY MAX MIN AVG DEP HDD CDD WTR SNW DPTH SPD SPD DIR MIN PSBL S-S WX SPD DR
================================================================================
1 48 30 39 0 26 0 T 0.1 0 14.2 38 160 M M 9 8 45 160
2 38 18 28 -10 37 0 0.00 0.0 0 4.2 12 160 M M 3 13 160
3 39 18 29 -9 36 0 0.32 0.4 0 2.0 8 280 M M 6 1 10 270
4 48 30 39 1 26 0 0.16 0.0 0 6.4 24 160 M M 8 1 30 160
5 45 27 36 -2 29 0 T T 0 4.6 23 150 M M 7 27 160
6 46 28 37 0 28 0 0.00 0.0 0 2.1 10 30 M M 4 13 30
7 45 22 34 -3 31 0 0.00 0.0 0 2.6 13 300 M M 1 16 290
8 43 20 32 -5 33 0 0.00 0.0 0 5.4 32 150 M M 6 40 150
9 47 34 41 4 24 0 0.00 0.0 0 4.7 20 150 M M 8 24 160
10 46 32 39 3 26 0 0.93 0.1 0 17.3 54 160 M M 9 1 65 160
11 40 25 33 -3 32 0 0.36 2.5 2 6.5 23 190 M M 8 18 28 180
12 38 17 28 -8 37 0 0.00 0.0 2 5.2 15 300 M M 7 19 290
13 38 22 30 -6 35 0 0.00 0.0 2 3.7 14 340 M M 5 16 340
14 39 19 29 -7 36 0 0.00 0.0 1 1.0 8 190 M M 2 9 200
15 40 20 30 -6 35 0 0.00 0.0 0 3.1 8 90 M M 3 10 280
16 37 26 32 -4 33 0 0.00 0.0 0 5.7 10 200 M M 7 13 160
17 31 24 28 -8 37 0 0.00 0.0 0 4.1 9 170 M M 8 13 170
18 31 20 26 -10 39 0 T T 0 2.6 8 210 M M 7 18 10 210
19 36 17 27 -9 38 0 0.00 0.0 0 1.6 9 10 M M 9 10 60
20 52 30 41 6 24 0 0.00 0.0 0 1.8 10 350 M M 7 12 360
21 54 26 40 5 25 0 0.00 0.0 0 3.0 12 290 M M 5 14 290
22 45 29 37 2 28 0 0.00 0.0 0 1.1 7 180 M M 8 7 100
23 56 30 43 8 22 0 0.00 0.0 0 1.8 7 350 M M 6 8 10
24 55 26 41 6 24 0 0.00 0.0 0 1.2 6 360 M M 4 7 90
25 56 29 43 8 22 0 0.00 0.0 0 1.0 8 200 M M 4 9 190
26 59 35 47 12 18 0 T 0.0 0 7.5 39 160 M M 8 48 160
27 53 39 46 11 19 0 0.79 0.0 0 16.4 37 150 M M 9 1 47 160
28 47 29 38 3 27 0 0.00 0.0 0 6.8 24 270 M M 4 31 280
29 45 31 38 2 27 0 0.03 0.5 1 3.2 9 10 M M 9 18 11 110
30 60 38 49 13 16 0 0.38 0.0 0 8.1 25 240 M M 8 1 33 230
31 48 33 41 5 24 0 2.26 9.0 0 2.5 14 340 M M 10 1 17 360
================================================================================
SM 1405 824 894 0 5.23 12.6 151.4 M 199
================================================================================
AV 45.3 26.6 4.9 FASTST M M 6 MAX(MPH)
MISC ----> 54 160 65 160
================================================================================
NOTES:
# LAST OF SEVERAL OCCURRENCES
COLUMN 17 PEAK WIND IN M.P.H.
PRELIMINARY LOCAL CLIMATOLOGICAL DATA (WS FORM: F-6) , PAGE 2
STATION: RENO-TAHOE INTL AIRPORT NV
MONTH: DECEMBER
YEAR: 2022
LATITUDE: 39 30 N
LONGITUDE: 119 47 W
[TEMPERATURE DATA] [PRECIPITATION DATA] SYMBOLS USED IN COLUMN 16
AVERAGE MONTHLY: 36.0 TOTAL FOR MONTH: 5.23 1 = FOG OR MIST
DPTR FM NORMAL: -0.2 DPTR FM NORMAL: 4.13 2 = FOG REDUCING VISIBILITY
HIGHEST: 60 ON 30 GRTST 24HR 2.28 ON 30-31 TO 1/4 MILE OR LESS
LOWEST: 17 ON 19,12 3 = THUNDER
SNOW, ICE PELLETS, HAIL 4 = ICE PELLETS
TOTAL MONTH: 12.6 INCHES 5 = HAIL
GRTST 24HR 9.0 ON 31-31 6 = FREEZING RAIN OR DRIZZLE
GRTST DEPTH: 2 ON 13,12 7 = DUSTSTORM OR SANDSTORM:
VSBY 1/2 MILE OR LESS
8 = SMOKE OR HAZE
[NO. OF DAYS WITH] [WEATHER - DAYS WITH] 9 = BLOWING SNOW
X = TORNADO
MAX 32 OR BELOW: 2 0.01 INCH OR MORE: 8
MAX 90 OR ABOVE: 0 0.10 INCH OR MORE: 7
MIN 32 OR BELOW: 26 0.50 INCH OR MORE: 3
MIN 0 OR BELOW: 0 1.00 INCH OR MORE: 1
[HDD (BASE 65) ]
TOTAL THIS MO. 894 CLEAR (SCALE 0-3) 3
DPTR FM NORMAL 2 PTCLDY (SCALE 4-7) 19
TOTAL FM JUL 1 1933 CLOUDY (SCALE 8-10) 9
DPTR FM NORMAL 25
[CDD (BASE 65) ]
TOTAL THIS MO. 0
DPTR FM NORMAL 0 [PRESSURE DATA]
TOTAL FM JAN 1 1353 HIGHEST SLP M ON M
DPTR FM NORMAL 314 LOWEST SLP 29.50 ON 11
[REMARKS]
#FINAL-12-22#