000
CXUS55 KABQ 020230
CLMROW
CLIMATE REPORT
NATIONAL WEATHER SERVICE ALBUQUERQUE NM
830 PM MDT THU JUN 01 2023
...................................
...THE ROSWELL NM CLIMATE SUMMARY FOR THE MONTH OF MAY 2023...
CLIMATE NORMAL PERIOD 1991 TO 2020
CLIMATE RECORD PERIOD 1893 TO 2023
WEATHER OBSERVED NORMAL DEPART LAST YEAR`S
VALUE DATE(S) VALUE FROM VALUE DATE(S)
NORMAL
................................................................
TEMPERATURE (F)
RECORD
HIGH 106 05/18/2003
LOW 34 05/03/2013
05/07/1975
05/01/1967
HIGHEST 99 05/30 MM MM 106 05/28
LOWEST 50 05/01 MM MM 47 05/03
05/06
AVG. MAXIMUM 88.6 87.8 0.8 94.5
AVG. MINIMUM 57.5 56.7 0.8 57.6
MEAN 73.0 72.3 0.7 76.1
DAYS MAX >= 90 13 14.2 -1.2 25
DAYS MAX <= 32 0 0.0 0.0 0
DAYS MIN <= 32 0 0.0 0.0 0
DAYS MIN <= 0 0 0.0 0.0 0
PRECIPITATION (INCHES)
TOTALS 0.65 1.14 -0.49 0.02
DAILY AVG. 0.02 0.04 -0.02 0.00
DAYS >= .01 7 3.8 3.2 1
DAYS >= .10 2 2.0 0.0 0
DAYS >= .50 0 0.8 -0.8 0
DAYS >= 1.00 0 0.3 -0.3 0
GREATEST
24 HR. TOTAL 0.37 05/31 TO 05/31 0.02
SNOWFALL (INCHES)
TOTALS 0.0 0.0 0.0 0.0
SINCE 7/1 2.5 9.6 -7.1 MM
DAYS >= 1.0 0 0.0 0.0 0
GREATEST
SNOW DEPTH 0 0 MM
24 HR TOTAL MM MM
DEGREE DAYS
HEATING TOTAL 0 20 -20 8
SINCE 7/1 2806 2872 -66 MM
COOLING TOTAL 258 245 13 360
SINCE 1/1 305 318 -13 MM
................................................................
WIND (MPH)
AVERAGE WIND SPEED 9.6
HIGHEST WIND SPEED/DIRECTION 36/250 DATE 05/03
36/210 05/10
HIGHEST GUST SPEED/DIRECTION 47/310 DATE 05/02
47/220 05/10
SKY COVER
AVERAGE SKY COVER 0.18
AVERAGE RH (PERCENT) 42
WEATHER CONDITIONS. NUMBER OF DAYS WITH
THUNDERSTORM 9 MIXED PRECIP 0
HEAVY RAIN 1 RAIN 1
LIGHT RAIN 10 FREEZING RAIN 0
LT FREEZING RAIN 0 HAIL 0
HEAVY SNOW 0 SNOW 0
LIGHT SNOW 0 SLEET 0
FOG 0 FOG W/VIS <= 1/4 MILE 0
HAZE 6
- INDICATES NEGATIVE NUMBERS.
R INDICATES RECORD WAS SET OR TIED.
MM INDICATES DATA IS MISSING.
T INDICATES TRACE AMOUNT.
$$