000
CXUS55 KABQ 011408
CLMROW
CLIMATE REPORT
NATIONAL WEATHER SERVICE ALBUQUERQUE NM
708 AM MST THU FEB 01 2024
...................................
...THE ROSWELL NM CLIMATE SUMMARY FOR THE MONTH OF JANUARY 2024...
CLIMATE NORMAL PERIOD 1991 TO 2020
CLIMATE RECORD PERIOD 1893 TO 2024
WEATHER OBSERVED NORMAL DEPART LAST YEAR`S
VALUE DATE(S) VALUE FROM VALUE DATE(S)
NORMAL
................................................................
TEMPERATURE (F)
RECORD
HIGH 82 01/11/2017
01/26/1975
01/17/1974
LOW -19 01/11/1962
HIGHEST 73 01/18 MM MM 76 01/06
01/10
LOWEST 8 01/16 MM MM 19 01/22
AVG. MAXIMUM 55.5 57.3 -1.8 59.4
AVG. MINIMUM 27.8 28.1 -0.3 30.5
MEAN 41.6 42.7 -1.1 44.9
DAYS MAX >= 90 0 0.0 0.0 0
DAYS MAX <= 32 0 0.9 -0.9 1
DAYS MIN <= 32 23 25.3 -2.3 20
DAYS MIN <= 0 0 0.0 0.0 0
PRECIPITATION (INCHES)
TOTALS 0.17 0.36 -0.19 0.51
DAILY AVG. 0.01 0.01 -0.00 0.02
DAYS >= .01 3 3.1 -0.1 2
DAYS >= .10 1 1.1 -0.1 2
DAYS >= .50 0 0.1 -0.1 0
DAYS >= 1.00 0 0.0 0.0 0
GREATEST
24 HR. TOTAL 0.13 01/24 TO 01/24 0.46
SNOWFALL (INCHES)
TOTALS 0.0 2.4 -2.4 2.2
SINCE 7/1 T 7.8 -7.8 MM
DAYS >= 1.0 0 0.7 -0.7 1
GREATEST
SNOW DEPTH 0 2 01/24
24 HR TOTAL MM MM
DEGREE DAYS
HEATING TOTAL 717 691 26 616
SINCE 7/1 1734 1945 -211 MM
COOLING TOTAL 0 0 0 0
SINCE 1/1 0 0 0 MM
................................................................
WIND (MPH)
AVERAGE WIND SPEED 7.7
HIGHEST WIND SPEED/DIRECTION 45/260 DATE 01/11
HIGHEST GUST SPEED/DIRECTION 62/290 DATE 01/08
SKY COVER
AVERAGE SKY COVER 0.18
AVERAGE RH (PERCENT) 47
WEATHER CONDITIONS. NUMBER OF DAYS WITH
THUNDERSTORM 0 MIXED PRECIP 0
HEAVY RAIN 1 RAIN 1
LIGHT RAIN 4 FREEZING RAIN 0
LT FREEZING RAIN 0 HAIL 0
HEAVY SNOW 0 SNOW 0
LIGHT SNOW 1 SLEET 0
FOG 3 FOG W/VIS <= 1/4 MILE 0
HAZE 5
- INDICATES NEGATIVE NUMBERS.
R INDICATES RECORD WAS SET OR TIED.
MM INDICATES DATA IS MISSING.
T INDICATES TRACE AMOUNT.
$$