000
CXUS54 KFWD 010831
CF6RPH
PRELIMINARY LOCAL CLIMATOLOGICAL DATA (WS FORM: F-6)
STATION: GRAHAM
MONTH: NOVEMBER
YEAR: 2023
LATITUDE: 33 6 N
LONGITUDE: 98 30 W
TEMPERATURE IN F: :PCPN: SNOW: WIND :SUNSHINE: SKY :PK WND
================================================================================
1 2 3 4 5 6A 6B 7 8 9 10 11 12 13 14 15 16 17 18
12Z AVG MX 2MIN
DY MAX MIN AVG DEP HDD CDD WTR SNW DPTH SPD SPD DIR MIN PSBL S-S WX SPD DR
================================================================================
1 59 26 43 -16 22 0 0.00 M M 3.7 7 99 M M 0 M M
2 66 36 51 -7 14 0 0.00 M M 5.7 12 150 M M 0 20 99
3 74 43 59 1 6 0 0.00 M M 6.7 13 170 M M 0 22 150
4 76 54 65 7 0 0 0.00 M M 6.2 13 180 M M 0 18 200
5 80 56 68 11 0 3 0.00 M M 5.3 13 220 M M 1 18 220
6 88 60 74 17 0 9 0.00 M M 6.7 12 170 M M 0 21 200
7 92 58 75 18 0 10 0.00 M M 5.8 12 210 M M 0 21 210
8 93 63 78 22 0 13 0.00 M M 7.1 13 30 M M 2 22 20
9 63 48 56 0 9 0 T M M 9.5 13 10 M M 9 1 23 10
10 64 42 53 -2 12 0 T M M 5.2 10 30 M M 4 M M
11 66 47 57 2 8 0 0.00 M M 1.8 6 70 M M 5 8 M M
12 67 41 54 0 11 0 0.00 M M 1.0 5 99 M M 0 M M
13 67 46 57 3 8 0 0.00 M M 1.5 6 90 M M 5 M M
14 70 39 55 1 10 0 0.00 M M 1.2 5 270 M M 0 M M
15 73 38 56 3 9 0 0.00 M M 1.4 6 99 M M 0 M M
16 71 43 57 4 8 0 T M M 5.1 10 120 M M 3 17 120
17 60 51 56 4 9 0 T M M 6.1 13 360 M M 8 1 M M
18 67 49 58 6 7 0 T M M 2.0 5 120 M M 7 M M
19 65 55 60 8 5 0 0.02 M M 5.8 9 170 M M 8 1 16 160
20 66 54 60 9 5 0 0.00 M M 10.0 18 310 M M 5 1 25 340
21 58 33 46 -5 19 0 0.00 M M 12.6 23 350 M M 6 35 330
22 63 26 45 -5 20 0 0.00 M M 0.6 6 260 M M 0 M M
23 69 33 51 1 14 0 0.00 M M 4.9 8 120 M M 0 M M
24 65 37 51 2 14 0 0.00 M M 3.3 8 70 M M 2 M M
25 59 40 50 1 15 0 T M M 5.8 13 320 M M 8 1 23 330
26 51 26 39 -10 26 0 T M M 8.5 16 310 M M 2 22 310
27 55 21 38 -10 27 0 0.00 M M 1.2 5 330 M M 1 M M
28 64 31 48 0 17 0 0.00 M M 3.2 9 220 M M 2 M M
29 66 33 50 2 15 0 0.00 M M 5.4 14 180 M M 3 20 180
30 71 48 60 13 5 0 0.01 M M 7.4 14 260 M M 7 1 28 230
================================================================================
SM 2048 1277 315 35 0.03 M 150.7 M 88
================================================================================
AV 68.3 42.6 5.0 FASTST M M 3 MAX(MPH)
MISC ----> 23 350 35 330
================================================================================
NOTES:
# LAST OF SEVERAL OCCURRENCES
COLUMN 17 PEAK WIND IN M.P.H.
PRELIMINARY LOCAL CLIMATOLOGICAL DATA (WS FORM: F-6) , PAGE 2
STATION: GRAHAM
MONTH: NOVEMBER
YEAR: 2023
LATITUDE: 33 6 N
LONGITUDE: 98 30 W
[TEMPERATURE DATA] [PRECIPITATION DATA] SYMBOLS USED IN COLUMN 16
AVERAGE MONTHLY: 55.4 TOTAL FOR MONTH: 0.03 1 = FOG OR MIST
DPTR FM NORMAL: 2.4 DPTR FM NORMAL: -1.86 2 = FOG REDUCING VISIBILITY
HIGHEST: 93 ON 8 GRTST 24HR 0.02 ON 19-19 TO 1/4 MILE OR LESS
LOWEST: 21 ON 27 3 = THUNDER
SNOW, ICE PELLETS, HAIL 4 = ICE PELLETS
TOTAL MONTH: M 5 = HAIL
GRTST 24HR M ON M 6 = FREEZING RAIN OR DRIZZLE
GRTST DEPTH: M ON M 7 = DUSTSTORM OR SANDSTORM:
VSBY 1/2 MILE OR LESS
8 = SMOKE OR HAZE
[NO. OF DAYS WITH] [WEATHER - DAYS WITH] 9 = BLOWING SNOW
X = TORNADO
MAX 32 OR BELOW: 0 0.01 INCH OR MORE: 2
MAX 90 OR ABOVE: 2 0.10 INCH OR MORE: 0
MIN 32 OR BELOW: 5 0.50 INCH OR MORE: 0
MIN 0 OR BELOW: 0 1.00 INCH OR MORE: 0
[HDD (BASE 65) ]
TOTAL THIS MO. 315 CLEAR (SCALE 0-3) 19
DPTR FM NORMAL -56 PTCLDY (SCALE 4-7) 10
TOTAL FM JUL 1 434 CLOUDY (SCALE 8-10) 1
DPTR FM NORMAL -71
[CDD (BASE 65) ]
TOTAL THIS MO. 35
DPTR FM NORMAL 24 [PRESSURE DATA]
TOTAL FM JAN 1 3141 HIGHEST SLP M ON M
DPTR FM NORMAL 842 LOWEST SLP M ON M
[REMARKS]
#FINAL-11-23#