000
CXUS53 KGRB 011846
CF6RRL
PRELIMINARY LOCAL CLIMATOLOGICAL DATA (WS FORM: F-6)
STATION: MERRILL MUNICIPAL AI
MONTH: APRIL
YEAR: 2022
LATITUDE: 45 10 N
LONGITUDE: 89 42 W
TEMPERATURE IN F: :PCPN: SNOW: WIND :SUNSHINE: SKY :PK WND
================================================================================
1 2 3 4 5 6A 6B 7 8 9 10 11 12 13 14 15 16 17 18
12Z AVG MX 2MIN
DY MAX MIN AVG DEP HDD CDD WTR SNW DPTH SPD SPD DIR MIN PSBL S-S WX SPD DR
================================================================================
1 45 19 32 M 33 0 M M M 3.5 12 250 M M 3 16 280
2 45 30 38 M 27 0 M M M 2.8 8 320 M M 10 M M
3 45 28 37 M 28 0 M M M 3.1 9 140 M M 8 M M
4 40 25 33 M 32 0 M M M 3.4 7 110 M M 9 1 M M
5 37 24 31 M 34 0 M M M 8.6 15 130 M M 9 12 23 110
6 43 35 39 M 26 0 M M M 9.3 17 140 M M 9 1 24 140
7 38 29 34 M 31 0 0.01 M M 6.5 13 10 M M 10 21 360
8 33 28 31 M 34 0 M M M 10.8 17 350 M M 9 25 350
9 50 26 38 M 27 0 M M M 5.7 12 290 M M 0 20 330
10 56 23 40 M 25 0 M M M 9.6 23 140 M M 3 30 120
11 57 29 43 M 22 0 M M M 11.7 24 260 M M 4 36 270
12 57 24 41 M 24 0 M M M 7.9 18 110 M M 5 8 28 110
13 51 33 42 M 23 0 M M M 8.5 20 110 M M 10 1 26 110
14 33 27 30 M 35 0 M M M 18.1 29 230 M M 7 38 230
15 33 22 28 M 37 0 M M M 15.1 24 290 M M 8 8 35 310
16 36 21 29 M 36 0 M M M 10.4 18 300 M M 8 26 310
17 43 17 30 M 35 0 M M M 5.1 9 140 M M 3 22 180
18 36 30 33 M 32 0 M M M 6.7 13 340 M M 10 18 340
19 46 30 38 M 27 0 M M M 8.6 15 340 M M 5 21 330
20 47 33 40 M 25 0 M M M 8.6 20 150 M M 10 1 30 150
21 54 33 44 M 21 0 M M M 9.1 17 270 M M 5 1 27 290
22 47 28 38 M 27 0 M M M 9.3 20 120 M M 6 1 25 120
23 69 43 56 M 9 0 M M M 8.0 15 130 M M 9 1 21 130
24 61 42 52 M 13 0 M M M 16.4 27 230 M M 7 39 230
25 42 31 37 M 28 0 M M M 9.4 16 270 M M 10 18 18 260
26 34 25 30 M 35 0 M M M 10.1 15 330 M M 9 20 330
27 48 24 36 M 29 0 M M M 5.9 12 130 M M 3 18 140
28 51 27 39 M 26 0 M M M 9.3 14 130 M M 6 23 140
29 61 40 51 M 14 0 M M M 11.7 17 130 M M 8 25 150
30 49 41 45 M 20 0 M M M 14.3 21 120 M M 10 31 120
================================================================================
SM 1387 867 815 0 0.01 M 267.3 M 213
================================================================================
AV 46.2 28.9 8.9 FASTST M M 7 MAX(MPH)
MISC ----> 29 230 39 230
================================================================================
NOTES:
# LAST OF SEVERAL OCCURRENCES
COLUMN 17 PEAK WIND IN M.P.H.
PRELIMINARY LOCAL CLIMATOLOGICAL DATA (WS FORM: F-6) , PAGE 2
STATION: MERRILL MUNICIPAL AI
MONTH: APRIL
YEAR: 2022
LATITUDE: 45 10 N
LONGITUDE: 89 42 W
[TEMPERATURE DATA] [PRECIPITATION DATA] SYMBOLS USED IN COLUMN 16
AVERAGE MONTHLY: 37.6 TOTAL FOR MONTH: 0.01 1 = FOG OR MIST
DPTR FM NORMAL: 0.0 DPTR FM NORMAL: M 2 = FOG REDUCING VISIBILITY
HIGHEST: 69 ON 23 GRTST 24HR 0.01 ON 7- 7 TO 1/4 MILE OR LESS
LOWEST: 17 ON 17 3 = THUNDER
SNOW, ICE PELLETS, HAIL 4 = ICE PELLETS
TOTAL MONTH: M 5 = HAIL
GRTST 24HR M ON M 6 = FREEZING RAIN OR DRIZZLE
GRTST DEPTH: M ON M 7 = DUSTSTORM OR SANDSTORM:
VSBY 1/2 MILE OR LESS
8 = SMOKE OR HAZE
[NO. OF DAYS WITH] [WEATHER - DAYS WITH] 9 = BLOWING SNOW
X = TORNADO
MAX 32 OR BELOW: 0 0.01 INCH OR MORE: 1
MAX 90 OR ABOVE: 0 0.10 INCH OR MORE: 0
MIN 32 OR BELOW: 22 0.50 INCH OR MORE: 0
MIN 0 OR BELOW: 0 1.00 INCH OR MORE: 0
[HDD (BASE 65) ]
TOTAL THIS MO. 815 CLEAR (SCALE 0-3) 3
DPTR FM NORMAL M PTCLDY (SCALE 4-7) 12
TOTAL FM JUL 1 8332 CLOUDY (SCALE 8-10) 15
DPTR FM NORMAL 7952
[CDD (BASE 65) ]
TOTAL THIS MO. 0
DPTR FM NORMAL M [PRESSURE DATA]
TOTAL FM JAN 1 0 HIGHEST SLP M ON M
DPTR FM NORMAL 0 LOWEST SLP M ON M
[REMARKS]
#FINAL-04-22#