000
CXUS53 KARX 010900
CF6RST
PRELIMINARY LOCAL CLIMATOLOGICAL DATA (WS FORM: F-6)
STATION: ROCHESTER MN
MONTH: APRIL
YEAR: 2021
LATITUDE: 43 55 N
LONGITUDE: 92 30 W
TEMPERATURE IN F: :PCPN: SNOW: WIND :SUNSHINE: SKY :PK WND
================================================================================
1 2 3 4 5 6A 6B 7 8 9 10 11 12 13 14 15 16 17 18
12Z AVG MX 2MIN
DY MAX MIN AVG DEP HDD CDD WTR SNW DPTH SPD SPD DIR MIN PSBL S-S WX SPD DR
================================================================================
1 42 16 29 -11 36 0 0.00 0.0 0 6.0 13 160 M M 0 17 160
2 56 29 43 3 22 0 0.00 0.0 0 20.7 33 180 M M 0 44 180
3 72 39 56 15 9 0 0.00 0.0 0 9.8 25 190 M M 0 34 210
4 81 38 60 19 5 0 0.00 0.0 0 11.9 28 180 M M 0 36 200
5 80 43 62 20 3 0 0.00 0.0 0 16.5 35 170 M M 0 45 170
6 79 56 68 26 0 3 T 0.0 0 10.8 32 220 M M 3 40 230
7 74 54 64 21 1 0 T 0.0 0 5.8 18 150 M M 3 27 140
8 60 42 51 8 14 0 0.13 0.0 0 11.0 23 150 M M 8 13 31 140
9 53 41 47 3 18 0 0.41 0.0 0 9.1 22 270 M M 10 1 29 280
10 47 41 44 0 21 0 0.00 0.0 0 13.3 21 340 M M 10 1 29 340
11 52 41 47 2 18 0 T 0.0 0 14.6 22 350 M M 10 1 29 340
12 46 37 42 -3 23 0 T 0.0 0 17.8 26 280 M M 8 1 34 260
13 37 30 34 -12 31 0 T T 0 16.4 28 270 M M 10 1 37 280
14 44 28 36 -10 29 0 0.04 T 0 12.4 20 300 M M 10 18 26 310
15 46 35 41 -6 24 0 0.01 0.0 0 10.1 15 340 M M 9 1 22 310
16 61 33 47 0 18 0 0.00 0.0 0 9.3 17 360 M M 0 22 10
17 60 33 47 -1 18 0 0.00 0.0 0 8.4 17 350 M M 4 25 20
18 63 32 48 0 17 0 T 0.0 0 12.2 29 330 M M 4 37 340
19 41 29 35 -13 30 0 0.00 0.0 0 15.9 25 330 M M 9 32 330
20 42 23 33 -16 32 0 0.00 0.0 0 9.3 18 330 M M 6 24 350
21 44 21 33 -16 32 0 0.00 0.0 0 9.1 23 310 M M 6 29 320
22 62 30 46 -4 19 0 0.00 0.0 0 13.6 24 290 M M 3 31 220
23 55 44 50 0 15 0 T 0.0 0 11.2 22 190 M M 10 28 180
24 46 31 39 -11 26 0 T 0.0 0 11.0 20 320 M M 7 1 26 330
25 45 26 36 -15 29 0 0.02 T 0 11.5 24 140 M M 5 32 130
26 60 40 50 -1 15 0 0.00 0.0 0 16.8 28 140 M M 4 3 42 150
27 66 42 54 2 11 0 0.18 0.0 0 13.1 23 330 M M 6 13 31 330
28 58 42 50 -2 15 0 0.02 0.0 0 6.7 18 70 M M 7 12 24 70
29 69 40 55 3 10 0 0.00 0.0 0 13.4 30 320 M M 1 1 38 340
30 62 42 52 -1 13 0 0.00 0.0 0 10.0 18 360 M M 0 25 350
================================================================================
SM 1703 1078 554 3 0.81 T 357.7 M 153
================================================================================
AV 56.8 35.9 11.9 FASTST M M 5 MAX(MPH)
MISC ----> 35 170 45 170
================================================================================
NOTES:
# LAST OF SEVERAL OCCURRENCES
COLUMN 17 PEAK WIND IN M.P.H.
PRELIMINARY LOCAL CLIMATOLOGICAL DATA (WS FORM: F-6) , PAGE 2
STATION: ROCHESTER MN
MONTH: APRIL
YEAR: 2021
LATITUDE: 43 55 N
LONGITUDE: 92 30 W
[TEMPERATURE DATA] [PRECIPITATION DATA] SYMBOLS USED IN COLUMN 16
AVERAGE MONTHLY: 46.4 TOTAL FOR MONTH: 0.81 1 = FOG OR MIST
DPTR FM NORMAL: -0.4 DPTR FM NORMAL: -2.43 2 = FOG REDUCING VISIBILITY
HIGHEST: 81 ON 4 GRTST 24HR 0.41 ON 8- 9 TO 1/4 MILE OR LESS
LOWEST: 16 ON 1 3 = THUNDER
SNOW, ICE PELLETS, HAIL 4 = ICE PELLETS
TOTAL MONTH: T 5 = HAIL
GRTST 24HR T ON 13-13 6 = FREEZING RAIN OR DRIZZLE
GRTST DEPTH: 0 7 = DUSTSTORM OR SANDSTORM:
VSBY 1/2 MILE OR LESS
8 = SMOKE OR HAZE
[NO. OF DAYS WITH] [WEATHER - DAYS WITH] 9 = BLOWING SNOW
X = TORNADO
MAX 32 OR BELOW: 0 0.01 INCH OR MORE: 7
MAX 90 OR ABOVE: 0 0.10 INCH OR MORE: 3
MIN 32 OR BELOW: 11 0.50 INCH OR MORE: 0
MIN 0 OR BELOW: 0 1.00 INCH OR MORE: 0
[HDD (BASE 65) ]
TOTAL THIS MO. 554 CLEAR (SCALE 0-3) 10
DPTR FM NORMAL 1 PTCLDY (SCALE 4-7) 11
TOTAL FM JUL 1 7303 CLOUDY (SCALE 8-10) 9
DPTR FM NORMAL -122
[CDD (BASE 65) ]
TOTAL THIS MO. 3
DPTR FM NORMAL -1 [PRESSURE DATA]
TOTAL FM JAN 1 3 HIGHEST SLP 30.64 ON 1
DPTR FM NORMAL -1 LOWEST SLP 29.45 ON 9
[REMARKS]
#FINAL-04-21#