000
CXUS53 KARX 010955
CLARST
CLIMATE REPORT
NATIONAL WEATHER SERVICE LA CROSSE WI
355 AM CST MON JAN 01 2024
...................................
...THE ROCHESTER MN CLIMATE SUMMARY FOR THE YEAR OF 2023...
CLIMATE NORMAL PERIOD 1991 TO 2020
CLIMATE RECORD PERIOD 1886 TO 2023
WEATHER OBSERVED NORMAL DEPART LAST YEAR`S
VALUE DATE(S) VALUE FROM VALUE DATE(S)
NORMAL
................................................................
TEMPERATURE (F)
RECORD
HIGH 108 07/14/1936
LOW -42 01/07/1887
HIGHEST 97 08/23 96 06/20
LOWEST -17 01/31 -21 01/26
AVG. MAXIMUM 56.9 54.0 2.9 53.1
AVG. MINIMUM 37.8 35.6 2.2 34.2
MEAN 47.4 44.8 2.6 43.7
DAYS MAX >= 90 7 5.0 2.0 6
DAYS MAX <= 32 59 78.1 -19.1 86
DAYS MIN <= 32 155 155.8 -0.8 170
DAYS MIN <= 0 11 25.5 -14.5 39
PRECIPITATION (INCHES)
RECORD
MAXIMUM 55.16 2019
MINIMUM 11.86 1910
TOTALS 30.34 34.67 -4.33 35.16
DAYS >= .01 107 123.7 -16.7 120
DAYS >= .10 54 64.9 -10.9 59
DAYS >= .50 20 21.5 -1.5 19
DAYS >= 1.00 7 7.6 -0.6 10
GREATEST
24 HR. TOTAL 2.66 09/22 TO 09/23 3.09 07/23 TO 07/23
SNOWFALL (INCHES)
RECORDS
TOTAL 92.0 2019
24 HR TOTAL 19.8 MM
TOTALS 41.3 53.1 -11.8 41.4
DAYS >= TRACE 65 38.4 26.6 76
DAYS >= 1.0 13 15.6 -2.6 13
GREATEST
SNOW DEPTH 12 02/24 12 12/26
02/25
02/26
12/27
12/28
24 HR TOTAL 4.2 0MM19 TO 01/19 0.6
DEGREE DAYS
HEATING TOTAL 6982 7856 -874 8216
COOLING TOTAL 697 533 164 586
................................................................
WIND (MPH)
AVERAGE WIND SPEED 10.7
HIGHEST GUST SPEED/DIRECTION 59/360 DATE 07/26
WEATHER CONDITIONS. NUMBER OF DAYS WITH
THUNDERSTORM 38 MIXED PRECIP 0
HEAVY RAIN 24 RAIN 34
LIGHT RAIN 103 FREEZING RAIN 3
LT FREEZING RAIN 8 HAIL 0
HEAVY SNOW 4 SNOW 15
LIGHT SNOW 63 SLEET 0
FOG 168 FOG W/VIS <= 1/4 MILE 34
HAZE 29
- INDICATES NEGATIVE NUMBERS.
R INDICATES RECORD WAS SET OR TIED.
MM INDICATES DATA IS MISSING.
T INDICATES TRACE AMOUNT.
$$