000
CXUS54 KLZK 011230
CF6RUE
PRELIMINARY LOCAL CLIMATOLOGICAL DATA (WS FORM: F-6)
STATION: RUSSELLVILLE
MONTH: JANUARY
YEAR: 2022
LATITUDE: 35 15 N
LONGITUDE: 93 6 W
TEMPERATURE IN F: :PCPN: SNOW: WIND :SUNSHINE: SKY :PK WND
================================================================================
1 2 3 4 5 6A 6B 7 8 9 10 11 12 13 14 15 16 17 18
12Z AVG MX 2MIN
DY MAX MIN AVG DEP HDD CDD WTR SNW DPTH SPD SPD DIR MIN PSBL S-S WX SPD DR
================================================================================
1 63 34 49 9 16 0 2.77 M M 6.8 25 270 M M 10 13 36 300
2 34 25 30 -10 35 0 0.00 M M 11.2 21 280 M M 7 25 280
3 43 18 31 -9 34 0 0.00 M M 2.1 9 300 M M 0 12 310
4 50 25 38 -2 27 0 0.00 M M 4.2 15 190 M M 0 21 190
5 58 28 43 3 22 0 0.00 M M 4.0 12 350 M M 1 15 340
6 40 25 33 -7 32 0 0.00 M M 7.4 14 50 M M 5 18 60
7 35 20 28 -12 37 0 0.00 M M 4.6 10 80 M M 1 18 130
8 41 29 35 -5 30 0 0.56 M M 3.7 12 100 M M 10 13 18 90
9 54 32 43 3 22 0 0.07 M M 6.3 18 20 M M 7 1 24 30
10 51 22 37 -3 28 0 0.00 M M 2.0 13 280 M M 0 24 300
11 59 23 41 1 24 0 0.00 M M 2.3 9 190 M M M 13 210
12 64 25 45 5 20 0 0.00 M M 1.2 9 320 M M 0 12 270
13 68 30 49 9 16 0 0.00 M M 3.3 15 280 M M 0 20 290
14 56 33 45 5 20 0 0.00 M M 3.5 10 100 M M 1 16 120
15 49 30 40 0 25 0 0.54 M M 8.8 18 280 M M 10 1 24 280
16 39 31 35 -5 30 0 0.00 M M 9.6 16 270 M M 4 21 270
17 53 25 39 -1 26 0 0.00 M M 2.8 16 280 M M 0 1 20 280
18 65 26 46 6 19 0 0.00 M M 3.1 15 180 M M 0 1 22 170
19 57 32 45 5 20 0 0.03 M M 6.3 18 360 M M 9 18 26 350
20 35 20 28 -12 37 0 0.00 M M 8.4 17 360 M M 1 25 30
21 34 14 24 -16 41 0 0.00 M M 2.5 9 160 M M 0 12 130
22 46 13 30 -10 35 0 0.00 M M 2.1 12 290 M M 0 15 270
23 59 19 39 -1 26 0 0.00 M M 2.9 14 310 M M 0 19 280
24 65 25 45 5 20 0 0.00 M M 2.4 16 280 M M 0 21 330
25 49 27 38 -2 27 0 0.00 M M 6.6 10 30 M M 0 M M
26 39 22 31 -9 34 0 0.00 M M 4.4 12 80 M M 1 15 80
27 45 28 37 -3 28 0 0.00 M M 2.4 13 280 M M 8 15 280
28 49 21 35 -6 30 0 0.00 M M 7.8 28 330 M M 1 1 36 340
29 55 17 36 -5 29 0 0.00 M M 3.7 13 190 M M 0 18 220
30 67 23 45 4 20 0 0.00 M M 1.5 9 290 M M 0 14 300
31 68 25 47 6 18 0 0.00 M M 2.7 9 180 M M 2 15 150
================================================================================
SM 1590 767 828 0 3.97 M 140.6 M 78
================================================================================
AV 51.3 24.7 4.5 FASTST M M 3 MAX(MPH)
MISC ----> 28 330 # 36 300
================================================================================
NOTES:
# LAST OF SEVERAL OCCURRENCES
COLUMN 17 PEAK WIND IN M.P.H.
PRELIMINARY LOCAL CLIMATOLOGICAL DATA (WS FORM: F-6) , PAGE 2
STATION: RUSSELLVILLE
MONTH: JANUARY
YEAR: 2022
LATITUDE: 35 15 N
LONGITUDE: 93 6 W
[TEMPERATURE DATA] [PRECIPITATION DATA] SYMBOLS USED IN COLUMN 16
AVERAGE MONTHLY: 38.0 TOTAL FOR MONTH: 3.97 1 = FOG OR MIST
DPTR FM NORMAL: -2.0 DPTR FM NORMAL: 0.77 2 = FOG REDUCING VISIBILITY
HIGHEST: 68 ON 13,31 GRTST 24HR 4.87 ON 31- 1 TO 1/4 MILE OR LESS
LOWEST: 13 ON 22 3 = THUNDER
SNOW, ICE PELLETS, HAIL 4 = ICE PELLETS
TOTAL MONTH: M 5 = HAIL
GRTST 24HR M ON M 6 = FREEZING RAIN OR DRIZZLE
GRTST DEPTH: M ON M 7 = DUSTSTORM OR SANDSTORM:
VSBY 1/2 MILE OR LESS
8 = SMOKE OR HAZE
[NO. OF DAYS WITH] [WEATHER - DAYS WITH] 9 = BLOWING SNOW
X = TORNADO
MAX 32 OR BELOW: 0 0.01 INCH OR MORE: 5
MAX 90 OR ABOVE: 0 0.10 INCH OR MORE: 3
MIN 32 OR BELOW: 29 0.50 INCH OR MORE: 3
MIN 0 OR BELOW: 0 1.00 INCH OR MORE: 1
[HDD (BASE 65) ]
TOTAL THIS MO. 828 CLEAR (SCALE 0-3) 21
DPTR FM NORMAL 52 PTCLDY (SCALE 4-7) 5
TOTAL FM JUL 1 1756 CLOUDY (SCALE 8-10) 5
DPTR FM NORMAL -335
[CDD (BASE 65) ]
TOTAL THIS MO. 0
DPTR FM NORMAL -1 [PRESSURE DATA]
TOTAL FM JAN 1 0 HIGHEST SLP 30.71 ON 10
DPTR FM NORMAL -1 LOWEST SLP 29.57 ON 1
[REMARKS]
#FINAL-01-22#