000
CXUS54 KLZK 111700
CF6RUE
PRELIMINARY LOCAL CLIMATOLOGICAL DATA (WS FORM: F-6)
STATION: RUSSELLVILLE
MONTH: FEBRUARY
YEAR: 2021
LATITUDE: 35 15 N
LONGITUDE: 93 6 W
TEMPERATURE IN F: :PCPN: SNOW: WIND :SUNSHINE: SKY :PK WND
================================================================================
1 2 3 4 5 6A 6B 7 8 9 10 11 12 13 14 15 16 17 18
12Z AVG MX 2MIN
DY MAX MIN AVG DEP HDD CDD WTR SNW DPTH SPD SPD DIR MIN PSBL S-S WX SPD DR
================================================================================
1 50 27 39 -2 26 0 0.00 M M 4.6 15 340 M M 2 19 340
2 50 25 38 -3 27 0 0.00 M M 1.8 7 200 M M 0 12 180
3 56 24 40 -1 25 0 0.00 M M 4.4 10 100 M M 0 1 16 120
4 59 34 47 5 18 0 T M M 8.8 28 300 M M 6 18 38 310
5 56 22 39 -3 26 0 0.00 M M 2.4 12 260 M M 2 15 270
6 50 31 41 -1 24 0 0.22 M M 3.7 16 40 M M 8 1 22 60
7 37 30 34 -8 31 0 0.00 M M 6.3 14 90 M M 10 1 24 120
8 40 30 35 -7 30 0 0.03 M M 5.0 12 110 M M 10 1 18 140
9 41 33 37 -5 28 0 0.01 M M 4.5 12 70 M M 10 1 14 70
10 36 30 33 -10 32 0 T M M 4.4 12 20 M M 10 1 14 30
11 30 25 28 -15 37 0 T M M 8.0 13 20 M M 10 16 16 340
12 29 24 27 -16 38 0 0.00 M M 8.1 14 10 M M 10 18 10
13 29 21 25 -19 40 0 0.00 M M 8.2 10 10 M M 9 M M
14 M M M M M M 0.00 M M M M M M M M M M
15 14 5 10 -34 55 0 0.00 M M 11.4 15 330 M M 10 18 M M
16 19 -9 5 -39 60 0 T M M 3.2 10 110 M M 4 15 120
17 23 14 19 -26 46 0 0.08 M M 3.9 12 60 M M 10 18 13 50
18 36 13 25 -20 40 0 T M M 5.1 15 360 M M 4 1 17 350
19 38 5 22 -23 43 0 0.00 M M 0.7 7 190 M M 0 18 9 180
20 46 10 28 -18 37 0 0.00 M M 3.9 10 110 M M 0 1 17 110
21 49 31 40 -6 25 0 0.00 M M 3.6 12 190 M M 6 16 190
22 61 25 43 -3 22 0 0.00 M M 3.2 14 300 M M 1 12 19 310
23 76 27 52 6 13 0 0.00 M M 3.1 15 170 M M 0 20 190
24 72 47 60 13 5 0 0.00 M M 6.4 16 350 M M 4 22 20
25 56 35 46 -1 19 0 0.15 M M 7.0 16 10 M M 4 1 23 360
26 47 41 44 -3 21 0 0.34 M M 2.3 13 70 M M 10 1 19 100
27 51 45 48 0 17 0 0.22 M M 4.0 10 110 M M 10 12 17 100
28 63 49 56 8 9 0 1.06 M M 3.5 15 20 M M 9 123 22 30
================================================================================
SM 1214 694 794 0 2.11 M 131.5 M 159
================================================================================
AV 45.0 25.7 4.9 FASTST M M 6 MAX(MPH)
MISC ----> 28 300 38 310
================================================================================
NOTES:
# LAST OF SEVERAL OCCURRENCES
COLUMN 17 PEAK WIND IN M.P.H.
PRELIMINARY LOCAL CLIMATOLOGICAL DATA (WS FORM: F-6) , PAGE 2
STATION: RUSSELLVILLE
MONTH: FEBRUARY
YEAR: 2021
LATITUDE: 35 15 N
LONGITUDE: 93 6 W
[TEMPERATURE DATA] [PRECIPITATION DATA] SYMBOLS USED IN COLUMN 16
AVERAGE MONTHLY: 35.3 TOTAL FOR MONTH: 2.11 1 = FOG OR MIST
DPTR FM NORMAL: -8.9 DPTR FM NORMAL: -1.61 2 = FOG REDUCING VISIBILITY
HIGHEST: 76 ON 23 GRTST 24HR 1.26 ON 27-28 TO 1/4 MILE OR LESS
LOWEST: -9 ON 16 3 = THUNDER
SNOW, ICE PELLETS, HAIL 4 = ICE PELLETS
TOTAL MONTH: M 5 = HAIL
GRTST 24HR M ON M 6 = FREEZING RAIN OR DRIZZLE
GRTST DEPTH: M ON M 7 = DUSTSTORM OR SANDSTORM:
VSBY 1/2 MILE OR LESS
8 = SMOKE OR HAZE
[NO. OF DAYS WITH] [WEATHER - DAYS WITH] 9 = BLOWING SNOW
X = TORNADO
MAX 32 OR BELOW: 6 0.01 INCH OR MORE: 8
MAX 90 OR ABOVE: 0 0.10 INCH OR MORE: 5
MIN 32 OR BELOW: 20 0.50 INCH OR MORE: 1
MIN 0 OR BELOW: 1 1.00 INCH OR MORE: 1
[HDD (BASE 65) ]
TOTAL THIS MO. 794 CLEAR (SCALE 0-3) 8
DPTR FM NORMAL 209 PTCLDY (SCALE 4-7) 6
TOTAL FM JUL 1 2827 CLOUDY (SCALE 8-10) 14
DPTR FM NORMAL 141
[CDD (BASE 65) ]
TOTAL THIS MO. 0
DPTR FM NORMAL -1 [PRESSURE DATA]
TOTAL FM JAN 1 0 HIGHEST SLP 30.51 ON 19
DPTR FM NORMAL -1 LOWEST SLP 29.57 ON 4
[REMARKS]
#FINAL-02-21#