176
CXUS54 KLZK 011130
CF6RUE
PRELIMINARY LOCAL CLIMATOLOGICAL DATA (WS FORM: F-6)
STATION: Russellville
MONTH: JULY
YEAR: 2020
LATITUDE: 35 15 N
LONGITUDE: 93 6 W
TEMPERATURE IN F: :PCPN: SNOW: WIND :SUNSHINE: SKY :PK WND
================================================================================
1 2 3 4 5 6A 6B 7 8 9 10 11 12 13 14 15 16 17 18
12Z AVG MX 2MIN
DY MAX MIN AVG DEP HDD CDD WTR SNW DPTH SPD SPD DIR MIN PSBL S-S WX SPD DR
================================================================================
1 91 74 83 2 0 18 0.00 M M 3.5 13 180 M M 4 18 170
2 95 70 83 2 0 18 0.22 M M 3.5 18 60 M M 2 13 24 60
3 95 68 82 1 0 17 0.30 M M 3.3 38 40 M M 1 138 46 40
4 87 70 79 -2 0 14 0.12 M M 2.5 14 330 M M 4 18 18 350
5 90 70 80 -1 0 15 0.00 M M 2.2 15 60 M M 1 13 23 100
6 90 70 80 -1 0 15 0.00 M M 2.9 9 80 M M 1 1 20 140
7 92 71 82 1 0 17 0.00 M M 3.0 12 190 M M 0 13 17 200
8 93 72 83 2 0 18 0.00 M M 1.7 8 10 M M 4 11 190
9 91 70 81 0 0 16 0.77 M M 2.5 33 270 M M 3 13 46 280
10 92 69 81 -1 0 16 0.00 M M 2.2 13 300 M M 3 1 17 310
11 95 74 85 3 0 20 0.00 M M 3.1 17 290 M M 2 12 24 210
12 96 70 83 1 0 18 0.00 M M 6.7 32 300 M M 1 46 320
13 87 66 77 -5 0 12 0.00 M M 1.5 8 70 M M 1 M M
14 95 73 84 2 0 19 0.00 M M 3.4 13 100 M M 2 18 100
15 94 76 85 3 0 20 0.00 M M 3.6 10 190 M M 1 17 150
16 97 77 87 5 0 22 0.00 M M 3.2 13 90 M M 2 20 130
17 94 75 85 3 0 20 T M M 2.8 10 80 M M 1 3 14 220
18 95 72 84 2 0 19 0.00 M M 3.3 12 190 M M 1 17 190
19 97 72 85 3 0 20 0.00 M M 2.2 14 350 M M 1 3 19 340
20 97 73 85 3 0 20 0.00 M M 2.5 13 180 M M 0 1 18 160
21 95 73 84 2 0 19 0.00 M M 4.3 14 190 M M 1 19 190
22 86 73 80 -2 0 15 0.40 M M 2.5 9 200 M M 4 13 12 180
23 91 73 82 0 0 17 1.41 M M 2.2 14 190 M M 4 13 19 200
24 92 74 83 1 0 18 0.00 M M 3.3 12 110 M M 1 17 100
25 90 75 83 1 0 18 0.00 M M 2.8 9 100 M M 2 15 110
26 92 74 83 1 0 18 0.00 M M 2.5 9 220 M M 3 17 180
27 89 71 80 -2 0 15 0.00 M M 2.9 10 200 M M 0 13 200
28 93 72 83 1 0 18 0.00 M M 2.0 8 190 M M 1 12 240
29 84 74 79 -3 0 14 0.86 M M 2.2 14 250 M M 5 138 19 190
30 90 70 80 -2 0 15 0.16 M M 4.8 29 280 M M 2 13 36 280
31 83 70 77 -5 0 12 0.12 M M 7.4 24 270 M M 6 18 30 270
================================================================================
SM 2848 2231 0 533 4.36 M 96.5 M 64
================================================================================
AV 91.9 72.0 3.1 FASTST M M 2 MAX(MPH)
MISC ----> # 38 40 # 46 40
================================================================================
NOTES:
# LAST OF SEVERAL OCCURRENCES
COLUMN 17 PEAK WIND IN M.P.H.
PRELIMINARY LOCAL CLIMATOLOGICAL DATA (WS FORM: F-6) , PAGE 2
STATION: Russellville
MONTH: JULY
YEAR: 2020
LATITUDE: 35 15 N
LONGITUDE: 93 6 W
[TEMPERATURE DATA] [PRECIPITATION DATA] SYMBOLS USED IN COLUMN 16
AVERAGE MONTHLY: 81.9 TOTAL FOR MONTH: 4.36 1 = FOG OR MIST
DPTR FM NORMAL: 0.3 DPTR FM NORMAL: 0.72 2 = FOG REDUCING VISIBILITY
HIGHEST: 97 ON 20,19 GRTST 24HR 1.41 ON 23-23 TO 1/4 MILE OR LESS
LOWEST: 66 ON 13 3 = THUNDER
SNOW, ICE PELLETS, HAIL 4 = ICE PELLETS
TOTAL MONTH: M 5 = HAIL
GRTST 24HR M ON M 6 = FREEZING RAIN OR DRIZZLE
GRTST DEPTH: M ON M 7 = DUSTSTORM OR SANDSTORM:
VSBY 1/2 MILE OR LESS
8 = SMOKE OR HAZE
[NO. OF DAYS WITH] [WEATHER - DAYS WITH] 9 = BLOWING SNOW
X = TORNADO
MAX 32 OR BELOW: 0 0.01 INCH OR MORE: 9
MAX 90 OR ABOVE: 25 0.10 INCH OR MORE: 9
MIN 32 OR BELOW: 0 0.50 INCH OR MORE: 3
MIN 0 OR BELOW: 0 1.00 INCH OR MORE: 1
[HDD (BASE 65) ]
TOTAL THIS MO. 0 CLEAR (SCALE 0-3) 24
DPTR FM NORMAL 0 PTCLDY (SCALE 4-7) 7
TOTAL FM JUL 1 0 CLOUDY (SCALE 8-10) 0
DPTR FM NORMAL 0
[CDD (BASE 65) ]
TOTAL THIS MO. 533
DPTR FM NORMAL 20 [PRESSURE DATA]
TOTAL FM JAN 1 1048 HIGHEST SLP 30.10 ON 26
DPTR FM NORMAL -66 LOWEST SLP 29.75 ON 31
[REMARKS]
#FINAL-07-20#