000
CXUS51 KBTV 010800
CF6RUT
PRELIMINARY LOCAL CLIMATOLOGICAL DATA (WS FORM: F-6)
STATION: RUTLAND VT
MONTH: DECEMBER
YEAR: 2022
LATITUDE: 43 31 N
LONGITUDE: 72 57 W
TEMPERATURE IN F: :PCPN: SNOW: WIND :SUNSHINE: SKY :PK WND
================================================================================
1 2 3 4 5 6A 6B 7 8 9 10 11 12 13 14 15 16 17 18
12Z AVG MX 2MIN
DY MAX MIN AVG DEP HDD CDD WTR SNW DPTH SPD SPD DIR MIN PSBL S-S WX SPD DR
================================================================================
1 36 28 32 M 33 0 0.01 M M 11.0 21 240 M M 8 1 31 270
2 39 24 32 M 33 0 0.00 M M 6.2 14 120 M M 4 21 120
3 55 36 46 M 19 0 0.30 M M 12.2 20 120 M M 9 36 250
4 37 26 32 M 33 0 T M M 8.6 17 270 M M 6 30 280
5 45 24 35 M 30 0 0.00 M M 9.4 13 120 M M 0 M M
6 49 37 43 M 22 0 0.08 M M 14.7 22 140 M M 6 29 140
7 55 46 51 M 14 0 0.20 M M 9.9 17 140 M M 10 1 26 140
8 46 25 36 M 29 0 T M M 7.6 14 330 M M 7 1 21 320
9 35 20 28 M 37 0 0.00 M M 4.9 12 360 M M 0 M M
10 29 14 22 M 43 0 T M M 4.7 9 360 M M 5 M M
11 28 15 22 M 43 0 T M M 10.3 20 120 M M 9 1 25 120
12 24 6 15 M 50 0 T M M 4.8 10 350 M M 8 M M
13 35 2 19 M 46 0 0.00 M M 3.3 17 340 M M 3 25 340
14 28 16 22 M 43 0 T M M 7.8 15 320 M M 9 1 29 320
15 38 14 26 M 39 0 0.00 M M 7.4 20 120 M M 5 29 120
16 36 32 34 M 31 0 0.36 M M 7.1 17 130 M M 10 1 30 130
17 34 28 31 M 34 0 0.25 M M 3.7 9 330 M M 10 1 M M
18 34 28 31 M 34 0 T M M 4.1 12 270 M M 10 16 270
19 34 25 30 M 35 0 T M M 7.7 15 320 M M 10 1 23 320
20 32 14 23 M 42 0 T M M 6.2 13 330 M M 8 18 310
21 35 11 23 M 42 0 0.00 M M 4.8 10 120 M M 2 M M
22 35 18 27 M 38 0 0.04 M M 12.0 22 120 M M 4 1 37 120
23 53 7 30 M 35 0 0.79 M M 19.5 33 120 M M 10 1 51 130
24 12 4 8 M 57 0 T M M 9.0 16 200 M M 8 18 31 210
25 23 8 16 M 49 0 T M M 10.7 17 200 M M 5 30 230
26 28 15 22 M 43 0 0.00 M M 6.8 12 240 M M 4 21 220
27 30 18 24 M 41 0 T M M 7.4 12 260 M M 8 17 230
28 36 20 28 M 37 0 T M M 4.9 10 120 M M 7 M M
29 51 23 37 M 28 0 0.00 M M 6.1 9 200 M M 3 M M
30 59 37 48 M 17 0 0.00 M M 4.2 9 120 M M 9 M M
31 50 37 44 M 21 0 0.05 M M 6.6 10 120 M M 8 M M
================================================================================
SM 1161 658 1098 0 2.08 M 243.6 M 205
================================================================================
AV 37.5 21.2 7.9 FASTST M M 7 MAX(MPH)
MISC ----> 33 120 51 130
================================================================================
NOTES:
# LAST OF SEVERAL OCCURRENCES
COLUMN 17 PEAK WIND IN M.P.H.
PRELIMINARY LOCAL CLIMATOLOGICAL DATA (WS FORM: F-6) , PAGE 2
STATION: RUTLAND VT
MONTH: DECEMBER
YEAR: 2022
LATITUDE: 43 31 N
LONGITUDE: 72 57 W
[TEMPERATURE DATA] [PRECIPITATION DATA] SYMBOLS USED IN COLUMN 16
AVERAGE MONTHLY: 29.3 TOTAL FOR MONTH: 2.08 1 = FOG OR MIST
DPTR FM NORMAL: 0.0 DPTR FM NORMAL: M 2 = FOG REDUCING VISIBILITY
HIGHEST: 59 ON 30 GRTST 24HR 0.79 ON 23-23 TO 1/4 MILE OR LESS
LOWEST: 2 ON 13 3 = THUNDER
SNOW, ICE PELLETS, HAIL 4 = ICE PELLETS
TOTAL MONTH: M 5 = HAIL
GRTST 24HR M ON M 6 = FREEZING RAIN OR DRIZZLE
GRTST DEPTH: M ON M 7 = DUSTSTORM OR SANDSTORM:
VSBY 1/2 MILE OR LESS
8 = SMOKE OR HAZE
[NO. OF DAYS WITH] [WEATHER - DAYS WITH] 9 = BLOWING SNOW
X = TORNADO
MAX 32 OR BELOW: 9 0.01 INCH OR MORE: 9
MAX 90 OR ABOVE: 0 0.10 INCH OR MORE: 5
MIN 32 OR BELOW: 26 0.50 INCH OR MORE: 1
MIN 0 OR BELOW: 0 1.00 INCH OR MORE: 0
[HDD (BASE 65) ]
TOTAL THIS MO. 1098 CLEAR (SCALE 0-3) 5
DPTR FM NORMAL M PTCLDY (SCALE 4-7) 12
TOTAL FM JUL 1 2438 CLOUDY (SCALE 8-10) 14
DPTR FM NORMAL M
[CDD (BASE 65) ]
TOTAL THIS MO. 0
DPTR FM NORMAL M [PRESSURE DATA]
TOTAL FM JAN 1 495 HIGHEST SLP M ON M
DPTR FM NORMAL M LOWEST SLP M ON M
[REMARKS]
#FINAL-12-22#