000
CXUS55 KCYS 011630
CLMRWL
CLIMATE REPORT
NATIONAL WEATHER SERVICE CHEYENNE WY
930 AM MST THU FEB 01 2024
...................................
...THE RAWLINS WYOMING AIRPORT CLIMATE SUMMARY FOR THE MONTH OF JANUARY 2024...
CLIMATE NORMAL PERIOD 1991 TO 2020
CLIMATE RECORD PERIOD 1951 TO 2024
WEATHER OBSERVED NORMAL DEPART LAST YEAR`S
VALUE DATE(S) VALUE FROM VALUE DATE(S)
NORMAL
................................................................
TEMPERATURE (F)
RECORD
HIGH 56 01/23/1981
01/11/1953
LOW -36 01/19/1963
HIGHEST 49 01/31 MM MM 41
LOWEST -20 01/13 11 -31 -20
AVG. MAXIMUM 31.9 31.5 0.4 26.0
AVG. MINIMUM 12.1 13.2 -1.1 13.6
MEAN 22.0 22.3 -0.3 19.8
DAYS MAX >= 90 0 0.0 0.0 0
DAYS MAX <= 32 13 14.9 -1.9 23
DAYS MIN <= 32 31 30.3 0.7 31
DAYS MIN <= 0 4 4.3 -0.3 4
PRECIPITATION (INCHES)
RECORD
MAXIMUM 3.12 2023
TOTALS 0.24 0.42 -0.18 3.12
DAYS >= .01 7 5.5 1.5 9
DAYS >= .10 1 1.3 -0.3 7
DAYS >= .50 0 0.0 0.0 2
DAYS >= 1.00 0 0.0 0.0 1
GREATEST
24 HR. TOTAL 0.11 01/13 TO 01/14 1.49 01/01 TO 01/01
DEGREE DAYS
HEATING TOTAL 1324 1322 2 1392
SINCE 7/1 4256 4659 -403 MM
COOLING TOTAL 0 0 0 0
SINCE 1/1 0 0 0 MM
................................................................
WIND (MPH)
AVERAGE WIND SPEED 10.8
HIGHEST WIND SPEED/DIRECTION 47/240 DATE 01/12
HIGHEST GUST SPEED/DIRECTION 64/260 DATE 01/18
SKY COVER
POSSIBLE SUNSHINE (PERCENT) MM
AVERAGE SKY COVER 0.46
NUMBER OF DAYS FAIR 10
NUMBER OF DAYS PC 15
NUMBER OF DAYS CLOUDY 6
AVERAGE RH (PERCENT) 67
WEATHER CONDITIONS. NUMBER OF DAYS WITH
THUNDERSTORM 0 MIXED PRECIP 0
HEAVY RAIN 0 RAIN 0
LIGHT RAIN 0 FREEZING RAIN 0
LT FREEZING RAIN 0 HAIL 0
HEAVY SNOW 3 SNOW 4
LIGHT SNOW 15 SLEET 0
FOG 5 FOG W/VIS <= 1/4 MILE 0
HAZE 7
- INDICATES NEGATIVE NUMBERS.
R INDICATES RECORD WAS SET OR TIED.
MM INDICATES DATA IS MISSING.
T INDICATES TRACE AMOUNT.
$$