000
CXUS55 KCYS 051825
CLMRWL
CLIMATE REPORT
NATIONAL WEATHER SERVICE CHEYENNE WY
1225 PM MDT FRI APR 05 2024
...................................
...THE RAWLINS WYOMING AIRPORT CLIMATE SUMMARY FOR THE MONTH OF MARCH 2024...
CLIMATE NORMAL PERIOD 1991 TO 2020
CLIMATE RECORD PERIOD 1951 TO 2024
WEATHER OBSERVED NORMAL DEPART LAST YEAR`S
VALUE DATE(S) VALUE FROM VALUE DATE(S)
NORMAL
................................................................
TEMPERATURE (F)
RECORD
HIGH 73 03/31/2012
LOW -24 03/10/2022
HIGHEST 59 03/21 MM MM 49
LOWEST 10 03/05 MM MM 0
AVG. MAXIMUM 44.3 45.1 -0.8 31.5
AVG. MINIMUM 23.8 22.0 1.8 14.4
MEAN 34.0 33.6 0.4 22.9
DAYS MAX >= 90 0 0.0 0.0 0
DAYS MAX <= 32 3 3.7 -0.7 17
DAYS MIN <= 32 30 27.3 2.7 31
DAYS MIN <= 0 0 1.7 -1.7 1
PRECIPITATION (INCHES)
RECORD
MAXIMUM 2.09 1998
TOTALS 0.90 0.66 0.24 0.50
DAYS >= .01 7 6.8 0.2 7
DAYS >= .10 2 1.8 0.2 2
DAYS >= .50 0 0.1 -0.1 0
DAYS >= 1.00 0 0.0 0.0 0
GREATEST
24 HR. TOTAL 0.42 03/30 TO 03/30 0.13 03/05 TO 03/05
DEGREE DAYS
HEATING TOTAL 953 975 -22 1296
SINCE 7/1 6274 6783 -509 MM
COOLING TOTAL 0 0 0 0
SINCE 1/1 0 0 0 MM
................................................................
WIND (MPH)
AVERAGE WIND SPEED 12.7
HIGHEST WIND SPEED/DIRECTION 43/180 DATE 03/02
HIGHEST GUST SPEED/DIRECTION 70/160 DATE 03/02
SKY COVER
POSSIBLE SUNSHINE (PERCENT) MM
AVERAGE SKY COVER 0.45
NUMBER OF DAYS FAIR 13
NUMBER OF DAYS PC 12
NUMBER OF DAYS CLOUDY 6
AVERAGE RH (PERCENT) 63
WEATHER CONDITIONS. NUMBER OF DAYS WITH
THUNDERSTORM 0 MIXED PRECIP 0
HEAVY RAIN 0 RAIN 1
LIGHT RAIN 9 FREEZING RAIN 0
LT FREEZING RAIN 0 HAIL 0
HEAVY SNOW 4 SNOW 6
LIGHT SNOW 14 SLEET 0
FOG 13 FOG W/VIS <= 1/4 MILE 6
HAZE 7
- INDICATES NEGATIVE NUMBERS.
R INDICATES RECORD WAS SET OR TIED.
MM INDICATES DATA IS MISSING.
T INDICATES TRACE AMOUNT.
$$