000
CXUS54 KEWX 011110
CF6RYW
PRELIMINARY LOCAL CLIMATOLOGICAL DATA (WS FORM: F-6)
STATION: LAGO VISTA
MONTH: JANUARY
YEAR: 2024
LATITUDE: 30 30 N
LONGITUDE: 97 58 W
TEMPERATURE IN F: :PCPN: SNOW: WIND :SUNSHINE: SKY :PK WND
================================================================================
1 2 3 4 5 6A 6B 7 8 9 10 11 12 13 14 15 16 17 18
12Z AVG MX 2MIN
DY MAX MIN AVG DEP HDD CDD WTR SNW DPTH SPD SPD DIR MIN PSBL S-S WX SPD DR
================================================================================
1 60 37 49 M 16 0 0.00 M M 9.2 16 10 M M 0 24 10
2 49 35 42 M 23 0 0.85 M M 7.3 13 20 M M 9 1 18 20
3 48 41 45 M 20 0 0.00 M M 4.4 8 350 M M 10 1 M M
4 52 40 46 M 19 0 0.09 M M 4.9 8 120 M M 10 12 17 110
5 61 46 54 M 11 0 0.15 M M 6.2 14 270 M M 3 12 20 280
6 60 38 49 M 16 0 0.00 M M 4.2 9 10 M M 0 M M
7 61 38 50 M 15 0 0.00 M M 6.7 13 140 M M 3 22 140
8 64 46 55 M 10 0 0.09 M M 16.3 32 280 M M 8 1 47 280
9 54 38 46 M 19 0 0.00 M M 12.3 23 280 M M 0 36 280
10 66 39 53 M 12 0 0.00 M M 7.6 16 220 M M 0 24 210
11 71 47 59 M 6 0 0.00 M M 7.8 14 190 M M 1 21 190
12 65 37 51 M 14 0 0.00 M M 12.3 22 290 M M 1 37 290
13 60 30 45 M 20 0 0.00 M M 8.8 18 30 M M 0 24 30
14 30 15 23 M 42 0 0.00 M M 8.8 15 20 M M 10 24 20
15 22 14 18 M 47 0 0.00 M M M M M M M 8 1 M M
16 31 15 23 M 42 0 0.00 M M 6.8 12 350 M M 0 22 350
17 45 18 32 M 33 0 0.00 M M 5.9 12 160 M M 0 21 160
18 74 37 56 M 9 0 0.00 M M 8.5 13 240 M M 0 20 200
19 53 28 41 M 24 0 0.00 M M 10.8 16 10 M M 0 29 10
20 40 22 31 M 34 0 0.00 M M 7.5 12 60 M M 4 21 30
21 39 34 37 M 28 0 0.00 M M 6.4 13 100 M M 10 1 17 100
22 55 36 46 M 19 0 2.23 M M 4.4 10 80 M M 10 12 24 100
23 58 50 54 M 11 0 0.13 M M 3.7 8 70 M M 10 2 M M
24 54 51 53 M 12 0 0.64 M M 5.4 10 30 M M 10 123 10 90
25 61 47 54 M 11 0 0.04 M M 4.0 7 80 M M 7 12 M M
26 54 47 51 M 14 0 0.00 M M 5.1 9 20 M M 10 12 M M
27 61 46 54 M 11 0 0.00 M M 7.2 10 320 M M 5 1 20 340
28 64 42 53 M 12 0 0.00 M M 4.7 8 260 M M 1 M M
29 69 43 56 M 9 0 0.00 M M 4.8 9 250 M M 0 M M
30 71 48 60 M 5 0 0.00 M M 5.5 10 260 M M 0 M M
31 73 46 60 M 5 0 0.00 M M 5.9 10 260 M M 0 M M
================================================================================
SM 1725 1151 569 0 4.22 M 213.3 M 130
================================================================================
AV 55.6 37.1 7.1 FASTST M M 4 MAX(MPH)
MISC ----> 32 280 47 280
================================================================================
NOTES:
# LAST OF SEVERAL OCCURRENCES
COLUMN 17 PEAK WIND IN M.P.H.
PRELIMINARY LOCAL CLIMATOLOGICAL DATA (WS FORM: F-6) , PAGE 2
STATION: LAGO VISTA
MONTH: JANUARY
YEAR: 2024
LATITUDE: 30 30 N
LONGITUDE: 97 58 W
[TEMPERATURE DATA] [PRECIPITATION DATA] SYMBOLS USED IN COLUMN 16
AVERAGE MONTHLY: 46.4 TOTAL FOR MONTH: 4.22 1 = FOG OR MIST
DPTR FM NORMAL: 0.0 DPTR FM NORMAL: M 2 = FOG REDUCING VISIBILITY
HIGHEST: 74 ON 18 GRTST 24HR 3.57 ON 21-22 TO 1/4 MILE OR LESS
LOWEST: 14 ON 15 3 = THUNDER
SNOW, ICE PELLETS, HAIL 4 = ICE PELLETS
TOTAL MONTH: M 5 = HAIL
GRTST 24HR M ON M 6 = FREEZING RAIN OR DRIZZLE
GRTST DEPTH: M ON M 7 = DUSTSTORM OR SANDSTORM:
VSBY 1/2 MILE OR LESS
8 = SMOKE OR HAZE
[NO. OF DAYS WITH] [WEATHER - DAYS WITH] 9 = BLOWING SNOW
X = TORNADO
MAX 32 OR BELOW: 3 0.01 INCH OR MORE: 8
MAX 90 OR ABOVE: 0 0.10 INCH OR MORE: 5
MIN 32 OR BELOW: 7 0.50 INCH OR MORE: 3
MIN 0 OR BELOW: 0 1.00 INCH OR MORE: 1
[HDD (BASE 65) ]
TOTAL THIS MO. 569 CLEAR (SCALE 0-3) 16
DPTR FM NORMAL M PTCLDY (SCALE 4-7) 5
TOTAL FM JUL 1 1154 CLOUDY (SCALE 8-10) 10
DPTR FM NORMAL M
[CDD (BASE 65) ]
TOTAL THIS MO. 0
DPTR FM NORMAL M [PRESSURE DATA]
TOTAL FM JAN 1 0 HIGHEST SLP M ON M
DPTR FM NORMAL M LOWEST SLP M ON M
[REMARKS]
#FINAL-01-24#