608
CXUS56 KSGX 011245
CF6SAN
PRELIMINARY LOCAL CLIMATOLOGICAL DATA (WS FORM: F-6)
STATION: SAN DIEGO INTL AIRPORT CA
MONTH: JULY
YEAR: 2020
LATITUDE: 32 43 N
LONGITUDE: 117 10 W
TEMPERATURE IN F: :PCPN: SNOW: WIND :SUNSHINE: SKY :PK WND
================================================================================
1 2 3 4 5 6A 6B 7 8 9 10 11 12 13 14 15 16 17 18
12Z AVG MX 2MIN
DY MAX MIN AVG DEP HDD CDD WTR SNW DPTH SPD SPD DIR MIN PSBL S-S WX SPD DR
================================================================================
1 70 65 68 0 0 3 0.00 0.0 0 6.0 13 280 M M 9 17 240
2 73 64 69 0 0 4 0.00 0.0 0 6.0 13 280 M M 5 18 260
3 76 63 70 1 0 5 0.00 0.0 0 6.6 16 290 M M 3 21 280
4 77 65 71 2 0 6 0.00 0.0 0 5.8 13 280 M M 2 18 280
5 82 64 73 4 0 8 0.00 0.0 0 4.1 13 290 M M 2 15 280
6 78 66 72 3 0 7 0.00 0.0 0 5.3 12 220 M M 4 18 20 200
7 74 67 71 2 0 6 0.00 0.0 0 5.2 12 230 M M 5 1 24 210
8 74 65 70 1 0 5 0.00 0.0 0 5.7 13 210 M M 5 24 210
9 75 64 70 0 0 5 0.00 0.0 0 5.0 10 270 M M 5 18 210
10 80 66 73 3 0 8 0.00 0.0 0 5.3 13 290 M M 5 17 290
11 81 69 75 5 0 10 0.00 0.0 0 6.3 17 300 M M 4 8 21 310
12 84 69 77 7 0 12 0.00 0.0 0 4.8 14 280 M M 4 17 290
13 78 69 74 4 0 9 0.00 0.0 0 6.0 12 210 M M 6 8 21 190
14 75 67 71 1 0 6 0.00 0.0 0 5.5 13 270 M M 6 21 210
15 75 67 71 1 0 6 0.00 0.0 0 6.7 15 280 M M 6 20 290
16 76 68 72 2 0 7 0.00 0.0 0 6.6 15 280 M M 7 21 270
17 77 69 73 3 0 8 0.00 0.0 0 6.6 16 280 M M 6 21 290
18 77 68 73 3 0 8 0.00 0.0 0 8.2 16 290 M M 6 21 300
19 76 67 72 2 0 7 0.00 0.0 0 8.7 18 300 M M 5 24 300
20 74 66 70 0 0 5 0.00 0.0 0 6.1 13 280 M M 6 20 270
21 74 66 70 0 0 5 0.00 0.0 0 5.5 14 280 M M 7 20 280
22 73 66 70 -1 0 5 0.00 0.0 0 6.3 15 280 M M 9 8 21 240
23 73 65 69 -2 0 4 0.00 0.0 0 6.1 14 280 M M 5 19 200
24 75 66 71 0 0 6 0.00 0.0 0 5.3 12 280 M M 7 22 210
25 75 68 72 1 0 7 0.00 0.0 0 5.9 14 270 M M 5 19 280
26 76 66 71 0 0 6 0.00 0.0 0 7.0 16 280 M M 6 21 270
27 75 66 71 0 0 6 0.00 0.0 0 6.8 16 290 M M 7 21 290
28 73 65 69 -2 0 4 0.00 0.0 0 6.9 15 280 M M 7 20 290
29 73 64 69 -2 0 4 0.00 0.0 0 7.1 16 280 M M 6 20 280
30 74 65 70 -1 0 5 0.00 0.0 0 8.1 17 310 M M 6 1 22 320
31 78 66 72 1 0 7 0.00 0.0 0 8.0 17 290 M M 3 21 290
================================================================================
SM 2351 2051 0 194 0.00 0.0 193.5 M 169
================================================================================
AV 75.8 66.2 6.2 FASTST M M 5 MAX(MPH)
MISC ----> # 18 300 # 24 210
================================================================================
NOTES:
# LAST OF SEVERAL OCCURRENCES
COLUMN 17 PEAK WIND IN M.P.H.
PRELIMINARY LOCAL CLIMATOLOGICAL DATA (WS FORM: F-6) , PAGE 2
STATION: SAN DIEGO INTL AIRPORT CA
MONTH: JULY
YEAR: 2020
LATITUDE: 32 43 N
LONGITUDE: 117 10 W
[TEMPERATURE DATA] [PRECIPITATION DATA] SYMBOLS USED IN COLUMN 16
AVERAGE MONTHLY: 71.0 TOTAL FOR MONTH: 0.00 1 = FOG OR MIST
DPTR FM NORMAL: 1.0 DPTR FM NORMAL: -0.03 2 = FOG REDUCING VISIBILITY
HIGHEST: 84 ON 12 GRTST 24HR 0.00 ON 31-31 TO 1/4 MILE OR LESS
LOWEST: 63 ON 3 3 = THUNDER
SNOW, ICE PELLETS, HAIL 4 = ICE PELLETS
TOTAL MONTH: 0.0 INCH 5 = HAIL
GRTST 24HR 0.0 6 = FREEZING RAIN OR DRIZZLE
GRTST DEPTH: 0 7 = DUSTSTORM OR SANDSTORM:
VSBY 1/2 MILE OR LESS
8 = SMOKE OR HAZE
[NO. OF DAYS WITH] [WEATHER - DAYS WITH] 9 = BLOWING SNOW
X = TORNADO
MAX 32 OR BELOW: 0 0.01 INCH OR MORE: 0
MAX 90 OR ABOVE: 0 0.10 INCH OR MORE: 0
MIN 32 OR BELOW: 0 0.50 INCH OR MORE: 0
MIN 0 OR BELOW: 0 1.00 INCH OR MORE: 0
[HDD (BASE 65) ]
TOTAL THIS MO. 0 CLEAR (SCALE 0-3) 4
DPTR FM NORMAL -1 PTCLDY (SCALE 4-7) 25
TOTAL FM JUL 1 0 CLOUDY (SCALE 8-10) 2
DPTR FM NORMAL -1
[CDD (BASE 65) ]
TOTAL THIS MO. 194
DPTR FM NORMAL 38 [PRESSURE DATA]
TOTAL FM JAN 1 494 HIGHEST SLP M ON M
DPTR FM NORMAL 229 LOWEST SLP 29.74 ON 21
[REMARKS]
#FINAL-07-20#