000
CXUS53 KMKX 010910
CF6SBM
PRELIMINARY LOCAL CLIMATOLOGICAL DATA (WS FORM: F-6)
STATION: SHEBOYGAN WI
MONTH: JANUARY
YEAR: 2024
LATITUDE: 43 46 N
LONGITUDE: 87 51 W
TEMPERATURE IN F: :PCPN: SNOW: WIND :SUNSHINE: SKY :PK WND
================================================================================
1 2 3 4 5 6A 6B 7 8 9 10 11 12 13 14 15 16 17 18
12Z AVG MX 2MIN
DY MAX MIN AVG DEP HDD CDD WTR SNW DPTH SPD SPD DIR MIN PSBL S-S WX SPD DR
================================================================================
1 29 26 28 7 37 0 0.00 M M 11.1 22 250 M M 10 27 240
2 32 25 29 8 36 0 0.00 M M 11.5 20 260 M M 7 27 270
3 35 28 32 11 33 0 0.00 M M 8.3 14 20 M M 10 20 290
4 28 20 24 3 41 0 0.00 M M 6.0 13 270 M M 10 8 18 270
5 32 17 25 5 40 0 0.00 M M 4.7 13 260 M M 9 17 240
6 33 30 32 12 33 0 0.20 M M 5.3 10 110 M M 10 1 17 150
7 32 28 30 10 35 0 0.04 M M 7.5 14 280 M M 10 168 18 290
8 34 28 31 11 34 0 0.00 M M 5.3 14 170 M M 10 20 130
9 33 30 32 12 33 0 0.35 M M 17.6 30 40 M M 10 12 39 30
10 31 26 29 9 36 0 T M M 8.5 25 340 M M 10 1 33 320
11 30 26 28 8 37 0 0.07 M M 6.2 15 330 M M 10 1 19 340
12 33 26 30 11 35 0 0.25 M M 21.4 39 30 M M 10 12 54 60
13 27 11 19 0 46 0 T M M 17.2 24 330 M M 9 18 39 350
14 11 -3 4 -15 61 0 T M M 16.6 26 280 M M 5 18 35 280
15 2 -8 -3 -22 68 0 0.00 M M 11.9 18 260 M M 2 28 280
16 -2 -10 -6 -25 71 0 0.00 M M 15.7 22 260 M M 0 30 260
17 9 -8 1 -18 64 0 0.00 M M 10.5 20 250 M M 0 25 240
18 10 0 5 -14 60 0 T M M 7.0 15 340 M M 2 1 19 320
19 11 6 9 -10 56 0 T M M 12.2 18 310 M M 8 18 24 310
20 15 3 9 -10 56 0 0.00 M M 12.1 20 340 M M 0 28 330
21 19 -4 8 -11 57 0 0.00 M M 11.8 22 200 M M 4 28 200
22 30 19 25 6 40 0 T M M 11.2 20 220 M M 8 26 230
23 33 27 30 11 35 0 0.12 M M 4.8 10 50 M M 10 1 14 80
24 35 31 33 14 32 0 0.00 M M 1.5 7 360 M M 10 1 9 360
25 34 30 32 13 33 0 0.03 M M 3.3 12 20 M M 10 12 17 20
26 36 32 34 15 31 0 0.12 M M 5.1 10 360 M M 10 1 15 10
27 37 32 35 16 30 0 0.00 M M 3.5 10 350 M M 10 1 14 350
28 34 30 32 13 33 0 T M M 9.2 15 340 M M 10 1 20 350
29 37 27 32 13 33 0 0.00 M M 10.3 17 230 M M 7 1 27 220
30 36 33 35 16 30 0 0.00 M M 6.9 13 350 M M 10 1 18 360
31 37 32 35 16 30 0 0.00 M M 12.0 18 250 M M 5 24 250
================================================================================
SM 833 590 1296 0 1.18 M 296.2 M 236
================================================================================
AV 26.9 19.0 9.6 FASTST M M 8 MAX(MPH)
MISC ----> 39 30 54 60
================================================================================
NOTES:
# LAST OF SEVERAL OCCURRENCES
COLUMN 17 PEAK WIND IN M.P.H.
PRELIMINARY LOCAL CLIMATOLOGICAL DATA (WS FORM: F-6) , PAGE 2
STATION: SHEBOYGAN WI
MONTH: JANUARY
YEAR: 2024
LATITUDE: 43 46 N
LONGITUDE: 87 51 W
[TEMPERATURE DATA] [PRECIPITATION DATA] SYMBOLS USED IN COLUMN 16
AVERAGE MONTHLY: 23.0 TOTAL FOR MONTH: 1.18 1 = FOG OR MIST
DPTR FM NORMAL: 3.6 DPTR FM NORMAL: 0.08 2 = FOG REDUCING VISIBILITY
HIGHEST: 37 ON 31,29 GRTST 24HR 0.82 ON 12-12 TO 1/4 MILE OR LESS
LOWEST: -10 ON 16 3 = THUNDER
SNOW, ICE PELLETS, HAIL 4 = ICE PELLETS
TOTAL MONTH: M 5 = HAIL
GRTST 24HR M ON M 6 = FREEZING RAIN OR DRIZZLE
GRTST DEPTH: M ON M 7 = DUSTSTORM OR SANDSTORM:
VSBY 1/2 MILE OR LESS
8 = SMOKE OR HAZE
[NO. OF DAYS WITH] [WEATHER - DAYS WITH] 9 = BLOWING SNOW
X = TORNADO
MAX 32 OR BELOW: 17 0.01 INCH OR MORE: 8
MAX 90 OR ABOVE: 0 0.10 INCH OR MORE: 5
MIN 32 OR BELOW: 30 0.50 INCH OR MORE: 0
MIN 0 OR BELOW: 6 1.00 INCH OR MORE: 0
[HDD (BASE 65) ]
TOTAL THIS MO. 1296 CLEAR (SCALE 0-3) 5
DPTR FM NORMAL -119 PTCLDY (SCALE 4-7) 5
TOTAL FM JUL 1 3465 CLOUDY (SCALE 8-10) 21
DPTR FM NORMAL -783
[CDD (BASE 65) ]
TOTAL THIS MO. 0
DPTR FM NORMAL 0 [PRESSURE DATA]
TOTAL FM JAN 1 0 HIGHEST SLP 30.59 ON 21
DPTR FM NORMAL 0 LOWEST SLP 29.08 ON 9
[REMARKS]
#FINAL-01-24#