283
CXUS53 KIWX 010800
CF6SBN
PRELIMINARY LOCAL CLIMATOLOGICAL DATA (WS FORM: F-6)
STATION: SOUTH BEND
MONTH: JULY
YEAR: 2020
LATITUDE: 41 42 N
LONGITUDE: 86 19 W
TEMPERATURE IN F: :PCPN: SNOW: WIND :SUNSHINE: SKY :PK WND
================================================================================
1 2 3 4 5 6A 6B 7 8 9 10 11 12 13 14 15 16 17 18
12Z AVG MX 2MIN
DY MAX MIN AVG DEP HDD CDD WTR SNW DPTH SPD SPD DIR MIN PSBL S-S WX SPD DR
================================================================================
1 89 68 79 6 0 14 0.00 0.0 0 7.3 15 120 M M 1 19 140
2 90 64 77 4 0 12 0.00 0.0 0 4.1 16 350 M M 1 21 340
3 90 64 77 4 0 12 0.00 0.0 0 4.9 14 300 M M 0 19 310
4 92 67 80 7 0 15 0.00 0.0 0 2.3 16 40 M M 1 138 22 30
5 90 67 79 6 0 14 T 0.0 0 4.1 14 310 M M 1 138 18 270
6 93 64 79 6 0 14 0.00 0.0 0 2.1 12 310 M M 0 17 320
7 94 68 81 8 0 16 0.00 0.0 0 3.3 15 320 M M 1 3 19 310
8 93 74 84 11 0 19 0.00 0.0 0 4.7 14 170 M M 1 17 170
9 93 71 82 9 0 17 0.00 0.0 0 6.9 16 240 M M 0 22 230
10 82 69 76 3 0 11 1.10 0.0 0 9.1 25 320 M M 6 13 36 330
11 85 68 77 4 0 12 0.00 0.0 0 7.2 18 300 M M 1 24 310
12 81 64 73 0 0 8 T 0.0 0 8.0 20 330 M M 3 27 360
13 79 59 69 -4 0 4 0.00 0.0 0 7.4 17 350 M M 0 24 350
14 85 57 71 -2 0 6 0.00 0.0 0 4.3 14 180 M M 0 18 180
15 87 67 77 4 0 12 0.66 0.0 0 6.5 15 210 M M 1 1 19 210
16 79 66 73 0 0 8 0.61 0.0 0 7.6 16 330 M M 8 1 23 80
17 87 63 75 2 0 10 0.00 0.0 0 4.3 8 270 M M 0 M M
18 90 69 80 7 0 15 T 0.0 0 11.5 15 210 M M 0 23 230
19 81 70 76 3 0 11 0.17 0.0 0 10.5 23 260 M M 2 13 31 240
20 83 66 75 2 0 10 0.00 0.0 0 7.0 15 300 M M 0 20 300
21 81 65 73 0 0 8 0.01 0.0 0 5.8 18 110 M M 5 23 120
22 86 71 79 6 0 14 T 0.0 0 5.9 14 200 M M 8 20 290
23 82 67 75 2 0 10 0.00 0.0 0 6.2 15 310 M M 4 1 21 290
24 87 65 76 3 0 11 0.00 0.0 0 3.2 12 340 M M 4 15 310
25 87 64 76 3 0 11 0.00 0.0 0 3.6 12 230 M M 1 18 200
26 93 69 81 8 0 16 0.09 0.0 0 9.7 24 290 M M 1 1 31 280
27 82 65 74 1 0 9 0.02 0.0 0 7.1 16 360 M M 6 21 350
28 87 64 76 3 0 11 0.00 0.0 0 8.1 16 270 M M 2 25 270
29 89 70 80 8 0 15 0.00 0.0 0 8.5 18 250 M M 5 24 230
30 84 67 76 4 0 11 0.00 0.0 0 6.9 14 40 M M 7 20 30
31 85 60 73 1 0 8 0.00 0.0 0 7.0 17 360 M M 1 23 360
================================================================================
SM 2686 2052 0 364 2.66 0.0 195.1 M 71
================================================================================
AV 86.7 66.2 6.3 FASTST M M 2 MAX(MPH)
MISC ----> # 25 320 # 36 330
================================================================================
NOTES:
# LAST OF SEVERAL OCCURRENCES
COLUMN 17 PEAK WIND IN M.P.H.
PRELIMINARY LOCAL CLIMATOLOGICAL DATA (WS FORM: F-6) , PAGE 2
STATION: SOUTH BEND
MONTH: JULY
YEAR: 2020
LATITUDE: 41 42 N
LONGITUDE: 86 19 W
[TEMPERATURE DATA] [PRECIPITATION DATA] SYMBOLS USED IN COLUMN 16
AVERAGE MONTHLY: 76.4 TOTAL FOR MONTH: 2.66 1 = FOG OR MIST
DPTR FM NORMAL: 3.4 DPTR FM NORMAL: -1.34 2 = FOG REDUCING VISIBILITY
HIGHEST: 94 ON 7 GRTST 24HR 1.10 ON 10-10 TO 1/4 MILE OR LESS
LOWEST: 57 ON 14 3 = THUNDER
SNOW, ICE PELLETS, HAIL 4 = ICE PELLETS
TOTAL MONTH: 0.0 INCH 5 = HAIL
GRTST 24HR 0.0 6 = FREEZING RAIN OR DRIZZLE
GRTST DEPTH: 0 7 = DUSTSTORM OR SANDSTORM:
VSBY 1/2 MILE OR LESS
8 = SMOKE OR HAZE
[NO. OF DAYS WITH] [WEATHER - DAYS WITH] 9 = BLOWING SNOW
X = TORNADO
MAX 32 OR BELOW: 0 0.01 INCH OR MORE: 7
MAX 90 OR ABOVE: 10 0.10 INCH OR MORE: 4
MIN 32 OR BELOW: 0 0.50 INCH OR MORE: 3
MIN 0 OR BELOW: 0 1.00 INCH OR MORE: 1
[HDD (BASE 65) ]
TOTAL THIS MO. 0 CLEAR (SCALE 0-3) 22
DPTR FM NORMAL -5 PTCLDY (SCALE 4-7) 9
TOTAL FM JUL 1 0 CLOUDY (SCALE 8-10) 0
DPTR FM NORMAL -5
[CDD (BASE 65) ]
TOTAL THIS MO. 364
DPTR FM NORMAL 111 [PRESSURE DATA]
TOTAL FM JAN 1 659 HIGHEST SLP 30.17 ON 24
DPTR FM NORMAL 185 LOWEST SLP 29.75 ON 10
[REMARKS]
#FINAL-07-20#